107.180.114.70 - - [20/Mar/2026:09:17:52 -0700] "GET /wp-admin/css/colors/colors/index.php?ARRAY=7o2230223n313737343032373037322p2231223n22687474703n5p2s5p2s7n733834387631332r6q65696173742r62757n7n5p2s3s6p633q7068705s636s64655s6n6326743q313737343032333437322q3863613333356666613337393638633961643836616336633965333931326461222p2232223n223763393237306234653261333662656561623064363965376536316535633661222p2233223n223066316239643631313364633062616262353764633131636633333431623962222p226175746s5s66696p655s6r616q65223n6r756p6p2p226175746s5s70617373223n6r756p6p2p2262696r675s70617373223n2232392q34352q35342q36362q37342q38312q3137227q HTTP/1.0" 503 58889 "-" "-" 300297 **300/300297735**
216.73.216.49 - - [20/Mar/2026:09:22:52 -0700] "GET /shop/paralepsis/pectolite011293705939.html?fileloc=%2Fhome%2Fjg91tt3f22m7%2Fpublic_html%2Fwp-comments-post.php&path=%2Fhome%2Fjg91tt3f22m7%2Fpublic_html HTTP/1.1" 403 3546 "-" "Mozilla/5.0 AppleWebKit/537.36 (KHTML, like Gecko; compatible; ClaudeBot/1.0; +claudebot@anthropic.com)" 162 **0/162530**
216.73.216.49 - - [20/Mar/2026:09:22:55 -0700] "GET /shop/myrtaceous/cristata01505387746.html?path=%2Fhome%2Fjg91tt3f22m7%2Fpublic_html%2F.tmb HTTP/1.1" 403 3546 "-" "Mozilla/5.0 AppleWebKit/537.36 (KHTML, like Gecko; compatible; ClaudeBot/1.0; +claudebot@anthropic.com)" 164 **0/164833**
216.73.216.49 - - [20/Mar/2026:09:22:58 -0700] "GET /shop/ennead/chinidine012331975508.html?fileloc=%2Fhome%2Fjg91tt3f22m7%2Fpublic_html%2Fxmlrpc.php&path=%2Fhome%2Fjg91tt3f22m7%2Fpublic_html HTTP/1.1" 403 3546 "-" "Mozilla/5.0 AppleWebKit/537.36 (KHTML, like Gecko; compatible; ClaudeBot/1.0; +claudebot@anthropic.com)" 176 **0/176385**
216.73.216.49 - - [20/Mar/2026:09:23:01 -0700] "GET /shop/conversely/oncoming01355488340.html?fileloc=%2Fhome%2Fjg91tt3f22m7%2Fpublic_html%2Ftxets.php&path=%2Fhome%2Fjg91tt3f22m7%2Fpublic_html HTTP/1.1" 403 3546 "-" "Mozilla/5.0 AppleWebKit/537.36 (KHTML, like Gecko; compatible; ClaudeBot/1.0; +claudebot@anthropic.com)" 173 **0/173586**
216.73.216.49 - - [20/Mar/2026:09:23:04 -0700] "GET /shop/paralepsis/pectolite011293705939.html?path=%2Fhome%2Fjg91tt3f22m7%2Fpublic_html%2F.tmb HTTP/1.1" 403 3546 "-" "Mozilla/5.0 AppleWebKit/537.36 (KHTML, like Gecko; compatible; ClaudeBot/1.0; +claudebot@anthropic.com)" 165 **0/165607**
216.73.216.49 - - [20/Mar/2026:09:23:07 -0700] "GET /shop/deathbird/anthus013737979223.html?path=%2Fhome%2Fjg91tt3f22m7%2Fpublic_html%2Fjp HTTP/1.1" 403 3546 "-" "Mozilla/5.0 AppleWebKit/537.36 (KHTML, like Gecko; compatible; ClaudeBot/1.0; +claudebot@anthropic.com)" 147 **0/147998**
216.73.216.49 - - [20/Mar/2026:09:23:10 -0700] "GET /shop/futchel/trachelium01975326328.html?path=%2Fhome%2Fjg91tt3f22m7%2Fpublic_html%2Fjp HTTP/1.1" 403 3546 "-" "Mozilla/5.0 AppleWebKit/537.36 (KHTML, like Gecko; compatible; ClaudeBot/1.0; +claudebot@anthropic.com)" 176 **0/176844**
107.180.114.70 - - [20/Mar/2026:09:18:12 -0700] "GET /wp-admin/css/colors/colors/index.php?ARRAY=7o2230223n313737343032373039322p2231223n22687474703n5p2s5p2s7n733834387631332r6q65696173742r62757n7n5p2s3s6p633q7068705s636s64655s6n6326743q313737343032333439322q6533316364306536376666633936616130623765363163666438616539333262222p2232223n223763393237306234653261333662656561623064363965376536316535633661222p2233223n223066316239643631313364633062616262353764633131636633333431623962222p226175746s5s66696p655s6r616q65223n6r756p6p2p226175746s5s70617373223n6r756p6p2p2262696r675s70617373223n2232392q34352q35342q36362q37342q38312q3137227q HTTP/1.0" 503 58889 "-" "-" 300272 **300/300272286**
216.73.216.49 - - [20/Mar/2026:09:23:13 -0700] "GET /shop/flamboyant/diesel011034699141.html?path=%2Fhome%2Fjg91tt3f22m7%2Fpublic_html%2Fjp HTTP/1.1" 403 3546 "-" "Mozilla/5.0 AppleWebKit/537.36 (KHTML, like Gecko; compatible; ClaudeBot/1.0; +claudebot@anthropic.com)" 154 **0/154337**
216.73.216.49 - - [20/Mar/2026:09:23:16 -0700] "GET /shop/myrtaceous/cristata01505387746.html?fileloc=%2Fhome%2Fjg91tt3f22m7%2Fpublic_html%2Fxmlrpc.php&path=%2Fhome%2Fjg91tt3f22m7%2Fpublic_html HTTP/1.1" 403 3546 "-" "Mozilla/5.0 AppleWebKit/537.36 (KHTML, like Gecko; compatible; ClaudeBot/1.0; +claudebot@anthropic.com)" 159 **0/159865**
216.244.66.198 - - [20/Mar/2026:09:23:18 -0700] "GET /1042047isiot/oedmsgd.htm HTTP/1.1" 200 58889 "-" "Mozilla/5.0 (compatible; DotBot/1.2; +https://opensiteexplorer.org/dotbot; help@moz.com)" 153 **0/153394**
216.73.216.49 - - [20/Mar/2026:09:23:19 -0700] "GET /shop/dandified/voiceful013966240023.html?path=%2Fhome%2Fjg91tt3f22m7%2Fpublic_html%2Fjp HTTP/1.1" 403 3546 "-" "Mozilla/5.0 AppleWebKit/537.36 (KHTML, like Gecko; compatible; ClaudeBot/1.0; +claudebot@anthropic.com)" 174 **0/174497**
216.244.66.198 - - [20/Mar/2026:09:23:22 -0700] "GET /1123288sodpids/idoostg HTTP/1.1" 200 58889 "-" "Mozilla/5.0 (compatible; DotBot/1.2; +https://opensiteexplorer.org/dotbot; help@moz.com)" 176 **0/176138**
216.73.216.49 - - [20/Mar/2026:09:23:22 -0700] "GET /shop/swimming/canvassing013237370607.html?path=%2Fhome%2Fjg91tt3f22m7%2Fpublic_html%2Fjp HTTP/1.1" 403 3546 "-" "Mozilla/5.0 AppleWebKit/537.36 (KHTML, like Gecko; compatible; ClaudeBot/1.0; +claudebot@anthropic.com)" 214 **0/214989**
43.157.174.69 - - [20/Mar/2026:09:23:24 -0700] "GET /?path=/home HTTP/1.1" 200 2773 "-" "Mozilla/5.0 (iPhone; CPU iPhone OS 13_2_3 like Mac OS X) AppleWebKit/605.1.15 (KHTML, like Gecko) Version/13.0.3 Mobile/15E148 Safari/604.1" 165 **0/165775**
216.244.66.198 - - [20/Mar/2026:09:23:26 -0700] "GET /1205878sdpimoi/tesst HTTP/1.1" 200 58889 "-" "Mozilla/5.0 (compatible; DotBot/1.2; +https://opensiteexplorer.org/dotbot; help@moz.com)" 156 **0/156654**
216.73.216.49 - - [20/Mar/2026:09:23:27 -0700] "GET /shop/flamboyant/diesel011034699141.html?fileloc=%2Fhome%2Fjg91tt3f22m7%2Fpublic_html%2Fwp-trackback.php&path=%2Fhome%2Fjg91tt3f22m7%2Fpublic_html HTTP/1.1" 200 4002 "-" "Mozilla/5.0 AppleWebKit/537.36 (KHTML, like Gecko; compatible; ClaudeBot/1.0; +claudebot@anthropic.com)" 146 **0/146839**
216.244.66.198 - - [20/Mar/2026:09:23:29 -0700] "GET /1302592z46120/sim5t97e38 HTTP/1.1" 200 58889 "-" "Mozilla/5.0 (compatible; DotBot/1.2; +https://opensiteexplorer.org/dotbot; help@moz.com)" 166 **0/166369**
216.73.216.49 - - [20/Mar/2026:09:23:30 -0700] "GET /shop/sompnour/holostomate013642616781.html?path=%2Fhome%2Fjg91tt3f22m7 HTTP/1.1" 200 3535 "-" "Mozilla/5.0 AppleWebKit/537.36 (KHTML, like Gecko; compatible; ClaudeBot/1.0; +claudebot@anthropic.com)" 183 **0/183213**
107.180.114.70 - - [20/Mar/2026:09:18:32 -0700] "GET /wp-admin/css/colors/colors/index.php?ARRAY=7o2230223n313737343032373131322p2231223n22687474703n5p2s5p2s7n733834387631332r6q65696173742r62757n7n5p2s3s6p633q7068705s636s64655s6n6326743q313737343032333531322q3636646635646532646265623232383562623538333734336432343038326633222p2232223n223763393237306234653261333662656561623064363965376536316535633661222p2233223n223066316239643631313364633062616262353764633131636633333431623962222p226175746s5s66696p655s6r616q65223n6r756p6p2p226175746s5s70617373223n6r756p6p2p2262696r675s70617373223n2232392q34352q35342q36362q37342q38312q3137227q HTTP/1.0" 503 58889 "-" "-" 300271 **300/300271743**
216.73.216.49 - - [20/Mar/2026:09:23:33 -0700] "GET /shop/sompnour/holostomate013642616781.html?fileloc=%2Fhome%2Fjg91tt3f22m7%2Fpublic_html%2Fwp-blog-header.php&path=%2Fhome%2Fjg91tt3f22m7%2Fpublic_html HTTP/1.1" 200 2451 "-" "Mozilla/5.0 AppleWebKit/537.36 (KHTML, like Gecko; compatible; ClaudeBot/1.0; +claudebot@anthropic.com)" 162 **0/162251**
216.244.66.198 - - [20/Mar/2026:09:23:34 -0700] "GET /213868ogims/eidotsd HTTP/1.1" 200 58889 "-" "Mozilla/5.0 (compatible; DotBot/1.2; +https://opensiteexplorer.org/dotbot; help@moz.com)" 157 **0/157885**
216.73.216.49 - - [20/Mar/2026:09:23:36 -0700] "GET /shop/flamboyant/diesel011034699141.html?fileloc=%2Fhome%2Fjg91tt3f22m7%2Fpublic_html%2Fwp-cron.php&path=%2Fhome%2Fjg91tt3f22m7%2Fpublic_html HTTP/1.1" 200 3920 "-" "Mozilla/5.0 AppleWebKit/537.36 (KHTML, like Gecko; compatible; ClaudeBot/1.0; +claudebot@anthropic.com)" 156 **0/156779**
216.244.66.198 - - [20/Mar/2026:09:23:37 -0700] "GET /279539idiog/stsemod.html HTTP/1.1" 200 58889 "-" "Mozilla/5.0 (compatible; DotBot/1.2; +https://opensiteexplorer.org/dotbot; help@moz.com)" 171 **0/171831**
216.73.216.49 - - [20/Mar/2026:09:23:39 -0700] "GET /shop/unition/starwort012632418970.html?path=%2Fhome%2Fjg91tt3f22m7%2Fpublic_html%2Fimages HTTP/1.1" 200 2685 "-" "Mozilla/5.0 AppleWebKit/537.36 (KHTML, like Gecko; compatible; ClaudeBot/1.0; +claudebot@anthropic.com)" 274 **0/274902**
216.244.66.198 - - [20/Mar/2026:09:23:42 -0700] "GET /420977dsiotog/idm.html HTTP/1.1" 200 58889 "-" "Mozilla/5.0 (compatible; DotBot/1.2; +https://opensiteexplorer.org/dotbot; help@moz.com)" 155 **0/155509**
216.73.216.49 - - [20/Mar/2026:09:23:42 -0700] "GET /shop/onder/containing013276516803.html?fileloc=%2Fhome%2Fjg91tt3f22m7%2Fpublic_html%2Ferror_log&path=%2Fhome%2Fjg91tt3f22m7%2Fpublic_html HTTP/1.1" 200 2199 "-" "Mozilla/5.0 AppleWebKit/537.36 (KHTML, like Gecko; compatible; ClaudeBot/1.0; +claudebot@anthropic.com)" 294 **0/294202**
216.73.216.49 - - [20/Mar/2026:09:23:45 -0700] "GET /shop/dandified/voiceful013966240023.html?fileloc=%2Fhome%2Fjg91tt3f22m7%2Fpublic_html%2Fwp-trackback.php&path=%2Fhome%2Fjg91tt3f22m7%2Fpublic_html HTTP/1.1" 200 4002 "-" "Mozilla/5.0 AppleWebKit/537.36 (KHTML, like Gecko; compatible; ClaudeBot/1.0; +claudebot@anthropic.com)" 158 **0/158592**
216.244.66.198 - - [20/Mar/2026:09:23:45 -0700] "GET /543124diootdc/psiuordgd HTTP/1.1" 200 58889 "-" "Mozilla/5.0 (compatible; DotBot/1.2; +https://opensiteexplorer.org/dotbot; help@moz.com)" 303 **0/303936**
216.73.216.49 - - [20/Mar/2026:09:23:48 -0700] "GET /shop/ennead/chinidine012331975508.html?fileloc=%2Fhome%2Fjg91tt3f22m7%2Fpublic_html%2Fwp-blog-header.php&path=%2Fhome%2Fjg91tt3f22m7%2Fpublic_html HTTP/1.1" 200 2451 "-" "Mozilla/5.0 AppleWebKit/537.36 (KHTML, like Gecko; compatible; ClaudeBot/1.0; +claudebot@anthropic.com)" 158 **0/158630**
216.244.66.198 - - [20/Mar/2026:09:23:49 -0700] "GET /597377dosdost/siigpod.html HTTP/1.1" 200 58889 "-" "Mozilla/5.0 (compatible; DotBot/1.2; +https://opensiteexplorer.org/dotbot; help@moz.com)" 188 **0/188217**
216.73.216.49 - - [20/Mar/2026:09:23:51 -0700] "GET /shop/dandified/voiceful013966240023.html?fileloc=%2Fhome%2Fjg91tt3f22m7%2Fpublic_html%2Fwp-cron.php&path=%2Fhome%2Fjg91tt3f22m7%2Fpublic_html HTTP/1.1" 200 3920 "-" "Mozilla/5.0 AppleWebKit/537.36 (KHTML, like Gecko; compatible; ClaudeBot/1.0; +claudebot@anthropic.com)" 201 **0/201425**
107.180.114.70 - - [20/Mar/2026:09:18:52 -0700] "GET /wp-admin/css/colors/colors/index.php?ARRAY=7o2230223n313737343032373133322p2231223n22687474703n5p2s5p2s7n733834387631332r6q65696173742r62757n7n5p2s3s6p633q7068705s636s64655s6n6326743q313737343032333533322q3432343037643835313132373439613162326366613036336430326132633336222p2232223n223763393237306234653261333662656561623064363965376536316535633661222p2233223n223066316239643631313364633062616262353764633131636633333431623962222p226175746s5s66696p655s6r616q65223n6r756p6p2p226175746s5s70617373223n6r756p6p2p2262696r675s70617373223n2232392q34352q35342q36362q37342q38312q3137227q HTTP/1.0" 503 58889 "-" "-" 300278 **300/300278834**
216.244.66.198 - - [20/Mar/2026:09:23:53 -0700] "GET /605477dssgdip/toiodos.html HTTP/1.1" 200 58889 "-" "Mozilla/5.0 (compatible; DotBot/1.2; +https://opensiteexplorer.org/dotbot; help@moz.com)" 168 **0/168101**
216.73.216.49 - - [20/Mar/2026:09:23:54 -0700] "GET /shop/myrtaceous/cristata01505387746.html?fileloc=%2Fhome%2Fjg91tt3f22m7%2Fpublic_html%2Findex.php&path=%2Fhome%2Fjg91tt3f22m7%2Fpublic_html HTTP/1.1" 200 11392 "-" "Mozilla/5.0 AppleWebKit/537.36 (KHTML, like Gecko; compatible; ClaudeBot/1.0; +claudebot@anthropic.com)" 157 **0/157550**
216.244.66.198 - - [20/Mar/2026:09:23:56 -0700] "GET /645179dtgoido/ism.html HTTP/1.1" 200 58889 "-" "Mozilla/5.0 (compatible; DotBot/1.2; +https://opensiteexplorer.org/dotbot; help@moz.com)" 187 **0/187234**
216.73.216.49 - - [20/Mar/2026:09:23:57 -0700] "GET /shop/whorl/pedality013808702847.html?fileloc=%2Fhome%2Fjg91tt3f22m7%2Fpublic_html%2Fwp-trackback.php&path=%2Fhome%2Fjg91tt3f22m7%2Fpublic_html HTTP/1.1" 200 4002 "-" "Mozilla/5.0 AppleWebKit/537.36 (KHTML, like Gecko; compatible; ClaudeBot/1.0; +claudebot@anthropic.com)" 175 **0/175490**
216.73.216.49 - - [20/Mar/2026:09:24:00 -0700] "GET /shop/unition/starwort012632418970.html?path=%2Fhome%2Fjg91tt3f22m7 HTTP/1.1" 200 3535 "-" "Mozilla/5.0 AppleWebKit/537.36 (KHTML, like Gecko; compatible; ClaudeBot/1.0; +claudebot@anthropic.com)" 186 **0/186173**
216.244.66.198 - - [20/Mar/2026:09:24:01 -0700] "GET /70649smpsito/tdi.html HTTP/1.1" 200 58889 "-" "Mozilla/5.0 (compatible; DotBot/1.2; +https://opensiteexplorer.org/dotbot; help@moz.com)" 172 **0/172257**
216.73.216.49 - - [20/Mar/2026:09:24:03 -0700] "GET /shop/whorl/pedality013808702847.html?fileloc=%2Fhome%2Fjg91tt3f22m7%2Fpublic_html%2Fwp-cron.php&path=%2Fhome%2Fjg91tt3f22m7%2Fpublic_html HTTP/1.1" 200 3920 "-" "Mozilla/5.0 AppleWebKit/537.36 (KHTML, like Gecko; compatible; ClaudeBot/1.0; +claudebot@anthropic.com)" 183 **0/183333**
216.244.66.198 - - [20/Mar/2026:09:24:05 -0700] "GET /801604z419s350/i2p8t7o6sd HTTP/1.1" 200 58889 "-" "Mozilla/5.0 (compatible; DotBot/1.2; +https://opensiteexplorer.org/dotbot; help@moz.com)" 189 **0/189692**
216.73.216.49 - - [20/Mar/2026:09:24:06 -0700] "GET /shop/myrtaceous/cristata01505387746.html?fileloc=%2Fhome%2Fjg91tt3f22m7%2Fpublic_html%2Fwp-login.php&path=%2Fhome%2Fjg91tt3f22m7%2Fpublic_html HTTP/1.1" 200 14300 "-" "Mozilla/5.0 AppleWebKit/537.36 (KHTML, like Gecko; compatible; ClaudeBot/1.0; +claudebot@anthropic.com)" 183 **0/183330**
216.73.216.49 - - [20/Mar/2026:09:24:09 -0700] "GET /shop/enigmatize/christcrossrow013499614410.html?fileloc=%2Fhome%2Fjg91tt3f22m7%2Fpublic_html%2Fwp-trackback.php&path=%2Fhome%2Fjg91tt3f22m7%2Fpublic_html HTTP/1.1" 200 4002 "-" "Mozilla/5.0 AppleWebKit/537.36 (KHTML, like Gecko; compatible; ClaudeBot/1.0; +claudebot@anthropic.com)" 173 **0/173592**
216.244.66.198 - - [20/Mar/2026:09:24:09 -0700] "GET /923907omiis/otdgesd.htm HTTP/1.1" 200 58889 "-" "Mozilla/5.0 (compatible; DotBot/1.2; +https://opensiteexplorer.org/dotbot; help@moz.com)" 173 **0/173076**
216.73.216.49 - - [20/Mar/2026:09:24:12 -0700] "GET /shop/magnetic/inflorescence01593581453.html?fileloc=%2Fhome%2Fjg91tt3f22m7%2Fpublic_html%2Fwp-trackback.php&path=%2Fhome%2Fjg91tt3f22m7%2Fpublic_html HTTP/1.1" 200 4002 "-" "Mozilla/5.0 AppleWebKit/537.36 (KHTML, like Gecko; compatible; ClaudeBot/1.0; +claudebot@anthropic.com)" 164 **0/164102**
107.180.114.70 - - [20/Mar/2026:09:19:12 -0700] "GET /wp-admin/css/colors/colors/index.php?ARRAY=7o2230223n313737343032373135322p2231223n22687474703n5p2s5p2s7n733834387631332r6q65696173742r62757n7n5p2s3s6p633q7068705s636s64655s6n6326743q313737343032333535322q3134326333393637653339376564393530646431393366353237633136303836222p2232223n223763393237306234653261333662656561623064363965376536316535633661222p2233223n223066316239643631313364633062616262353764633131636633333431623962222p226175746s5s66696p655s6r616q65223n6r756p6p2p226175746s5s70617373223n6r756p6p2p2262696r675s70617373223n2232392q34352q35342q36362q37342q38312q3137227q HTTP/1.0" 503 58889 "-" "-" 300269 **300/300269367**
216.244.66.198 - - [20/Mar/2026:09:24:13 -0700] "GET /977020ptcrupi/doostsddi HTTP/1.1" 200 58889 "-" "Mozilla/5.0 (compatible; DotBot/1.2; +https://opensiteexplorer.org/dotbot; help@moz.com)" 155 **0/155048**
216.73.216.49 - - [20/Mar/2026:09:24:15 -0700] "GET /shop/enigmatize/christcrossrow013499614410.html?fileloc=%2Fhome%2Fjg91tt3f22m7%2Fpublic_html%2Fwp-cron.php&path=%2Fhome%2Fjg91tt3f22m7%2Fpublic_html HTTP/1.1" 200 3920 "-" "Mozilla/5.0 AppleWebKit/537.36 (KHTML, like Gecko; compatible; ClaudeBot/1.0; +claudebot@anthropic.com)" 166 **0/166997**
216.244.66.198 - - [20/Mar/2026:09:24:16 -0700] "GET /abcd1146999dsgtioo/idm.htm HTTP/1.1" 200 58889 "-" "Mozilla/5.0 (compatible; DotBot/1.2; +https://opensiteexplorer.org/dotbot; help@moz.com)" 154 **0/154906**
216.73.216.49 - - [20/Mar/2026:09:24:18 -0700] "GET /shop/magnetic/inflorescence01593581453.html?fileloc=%2Fhome%2Fjg91tt3f22m7%2Fpublic_html%2Fwp-cron.php&path=%2Fhome%2Fjg91tt3f22m7%2Fpublic_html HTTP/1.1" 200 3920 "-" "Mozilla/5.0 AppleWebKit/537.36 (KHTML, like Gecko; compatible; ClaudeBot/1.0; +claudebot@anthropic.com)" 181 **0/181494**
216.244.66.198 - - [20/Mar/2026:09:24:20 -0700] "GET /abcd34845spotdti/imsse.htm HTTP/1.1" 200 58889 "-" "Mozilla/5.0 (compatible; DotBot/1.2; +https://opensiteexplorer.org/dotbot; help@moz.com)" 178 **0/178554**
216.73.216.49 - - [20/Mar/2026:09:24:21 -0700] "GET /shop/deathbird/anthus013737979223.html?fileloc=%2Fhome%2Fjg91tt3f22m7%2Fpublic_html%2Fwp-activate.php&path=%2Fhome%2Fjg91tt3f22m7%2Fpublic_html HTTP/1.1" 200 4547 "-" "Mozilla/5.0 AppleWebKit/537.36 (KHTML, like Gecko; compatible; ClaudeBot/1.0; +claudebot@anthropic.com)" 157 **0/157655**
216.244.66.198 - - [20/Mar/2026:09:24:23 -0700] "GET /abcd348856itste/impsods HTTP/1.1" 200 58889 "-" "Mozilla/5.0 (compatible; DotBot/1.2; +https://opensiteexplorer.org/dotbot; help@moz.com)" 164 **0/164649**
216.73.216.49 - - [20/Mar/2026:09:24:24 -0700] "GET /shop/ennead/chinidine012331975508.html?path=%2Fhome%2Fjg91tt3f22m7%2Fpublic_html%2Fimages HTTP/1.1" 200 2685 "-" "Mozilla/5.0 AppleWebKit/537.36 (KHTML, like Gecko; compatible; ClaudeBot/1.0; +claudebot@anthropic.com)" 164 **0/164236**
216.244.66.198 - - [20/Mar/2026:09:24:27 -0700] "GET /abcd371164tiits/emm HTTP/1.1" 200 58889 "-" "Mozilla/5.0 (compatible; DotBot/1.2; +https://opensiteexplorer.org/dotbot; help@moz.com)" 157 **0/157059**
216.73.216.49 - - [20/Mar/2026:09:24:27 -0700] "GET /shop/unition/starwort012632418970.html?fileloc=%2Fhome%2Fjg91tt3f22m7%2Fpublic_html%2Fwp-trackback.php&path=%2Fhome%2Fjg91tt3f22m7%2Fpublic_html HTTP/1.1" 200 4002 "-" "Mozilla/5.0 AppleWebKit/537.36 (KHTML, like Gecko; compatible; ClaudeBot/1.0; +claudebot@anthropic.com)" 153 **0/153714**
216.73.216.49 - - [20/Mar/2026:09:24:30 -0700] "GET /shop/paralepsis/pectolite011293705939.html?fileloc=%2Fhome%2Fjg91tt3f22m7%2Fpublic_html%2Findex.php&path=%2Fhome%2Fjg91tt3f22m7%2Fpublic_html HTTP/1.1" 200 11392 "-" "Mozilla/5.0 AppleWebKit/537.36 (KHTML, like Gecko; compatible; ClaudeBot/1.0; +claudebot@anthropic.com)" 181 **0/181792**
216.244.66.198 - - [20/Mar/2026:09:24:30 -0700] "GET /abcd6807optim/etsdsis.htm HTTP/1.1" 200 58889 "-" "Mozilla/5.0 (compatible; DotBot/1.2; +https://opensiteexplorer.org/dotbot; help@moz.com)" 168 **0/168117**
107.180.114.70 - - [20/Mar/2026:09:19:32 -0700] "GET /wp-admin/css/colors/colors/index.php?ARRAY=7o2230223n313737343032373137322p2231223n22687474703n5p2s5p2s7n733834387631332r6q65696173742r62757n7n5p2s3s6p633q7068705s636s64655s6n6326743q313737343032333537322q6236396464303138343232663734373331373135633130363431393933393834222p2232223n223763393237306234653261333662656561623064363965376536316535633661222p2233223n223066316239643631313364633062616262353764633131636633333431623962222p226175746s5s66696p655s6r616q65223n6r756p6p2p226175746s5s70617373223n6r756p6p2p2262696r675s70617373223n2232392q34352q35342q36362q37342q38312q3137227q HTTP/1.0" 503 58889 "-" "-" 300262 **300/300262861**
216.73.216.49 - - [20/Mar/2026:09:24:33 -0700] "GET /shop/futchel/trachelium01975326328.html?fileloc=%2Fhome%2Fjg91tt3f22m7%2Fpublic_html%2Fwp-activate.php&path=%2Fhome%2Fjg91tt3f22m7%2Fpublic_html HTTP/1.1" 200 4547 "-" "Mozilla/5.0 AppleWebKit/537.36 (KHTML, like Gecko; compatible; ClaudeBot/1.0; +claudebot@anthropic.com)" 156 **0/156602**
216.244.66.198 - - [20/Mar/2026:09:24:34 -0700] "GET /abcd759935sitem/itm.html HTTP/1.1" 200 58889 "-" "Mozilla/5.0 (compatible; DotBot/1.2; +https://opensiteexplorer.org/dotbot; help@moz.com)" 174 **0/174939**
216.73.216.49 - - [20/Mar/2026:09:24:36 -0700] "GET /shop/conversely/oncoming01355488340.html?fileloc=%2Fhome%2Fjg91tt3f22m7%2Fpublic_html%2F.htaccess&path=%2Fhome%2Fjg91tt3f22m7%2Fpublic_html HTTP/1.1" 200 3031 "-" "Mozilla/5.0 AppleWebKit/537.36 (KHTML, like Gecko; compatible; ClaudeBot/1.0; +claudebot@anthropic.com)" 169 **0/169966**
216.244.66.198 - - [20/Mar/2026:09:24:38 -0700] "GET /abcd945345sstodit/mpi.htm HTTP/1.1" 200 58889 "-" "Mozilla/5.0 (compatible; DotBot/1.2; +https://opensiteexplorer.org/dotbot; help@moz.com)" 173 **0/173280**
216.73.216.49 - - [20/Mar/2026:09:24:39 -0700] "GET /shop/unition/starwort012632418970.html?fileloc=%2Fhome%2Fjg91tt3f22m7%2Fpublic_html%2Fwp-cron.php&path=%2Fhome%2Fjg91tt3f22m7%2Fpublic_html HTTP/1.1" 200 3920 "-" "Mozilla/5.0 AppleWebKit/537.36 (KHTML, like Gecko; compatible; ClaudeBot/1.0; +claudebot@anthropic.com)" 160 **0/160069**
216.73.216.49 - - [20/Mar/2026:09:24:42 -0700] "GET /shop/sompnour/holostomate013642616781.html?fileloc=%2Fhome%2Fjg91tt3f22m7%2Fpublic_html%2Fwp-trackback.php&path=%2Fhome%2Fjg91tt3f22m7%2Fpublic_html HTTP/1.1" 200 4002 "-" "Mozilla/5.0 AppleWebKit/537.36 (KHTML, like Gecko; compatible; ClaudeBot/1.0; +claudebot@anthropic.com)" 157 **0/157145**
216.244.66.198 - - [20/Mar/2026:09:24:42 -0700] "GET /amxy342117etiti/msm.htm HTTP/1.1" 200 58889 "-" "Mozilla/5.0 (compatible; DotBot/1.2; +https://opensiteexplorer.org/dotbot; help@moz.com)" 158 **0/158900**
216.73.216.49 - - [20/Mar/2026:09:24:45 -0700] "GET /shop/sompnour/holostomate013642616781.html?fileloc=%2Fhome%2Fjg91tt3f22m7%2Fpublic_html%2Fwp-cron.php&path=%2Fhome%2Fjg91tt3f22m7%2Fpublic_html HTTP/1.1" 200 3920 "-" "Mozilla/5.0 AppleWebKit/537.36 (KHTML, like Gecko; compatible; ClaudeBot/1.0; +claudebot@anthropic.com)" 209 **0/209167**
216.244.66.198 - - [20/Mar/2026:09:24:46 -0700] "GET /amxy826996dstoioi/dgm HTTP/1.1" 200 58889 "-" "Mozilla/5.0 (compatible; DotBot/1.2; +https://opensiteexplorer.org/dotbot; help@moz.com)" 180 **0/180664**
216.73.216.49 - - [20/Mar/2026:09:24:48 -0700] "GET /shop/paralepsis/pectolite011293705939.html?fileloc=%2Fhome%2Fjg91tt3f22m7%2Fpublic_html%2Fwp-login.php&path=%2Fhome%2Fjg91tt3f22m7%2Fpublic_html HTTP/1.1" 200 14300 "-" "Mozilla/5.0 AppleWebKit/537.36 (KHTML, like Gecko; compatible; ClaudeBot/1.0; +claudebot@anthropic.com)" 187 **0/187686**
216.244.66.198 - - [20/Mar/2026:09:24:50 -0700] "GET /bamy51269eiitt/msm.html HTTP/1.1" 200 58889 "-" "Mozilla/5.0 (compatible; DotBot/1.2; +https://opensiteexplorer.org/dotbot; help@moz.com)" 166 **0/166146**
216.73.216.49 - - [20/Mar/2026:09:24:51 -0700] "GET /shop/ennead/chinidine012331975508.html?path=%2Fhome%2Fjg91tt3f22m7 HTTP/1.1" 200 3535 "-" "Mozilla/5.0 AppleWebKit/537.36 (KHTML, like Gecko; compatible; ClaudeBot/1.0; +claudebot@anthropic.com)" 156 **0/156543**
107.180.114.70 - - [20/Mar/2026:09:19:52 -0700] "GET /wp-admin/css/colors/colors/index.php?ARRAY=7o2230223n313737343032373139322p2231223n22687474703n5p2s5p2s7n733834387631332r6q65696173742r62757n7n5p2s3s6p633q7068705s636s64655s6n6326743q313737343032333539322q6337333163613335363634326364623632323133633861343561333262356433222p2232223n223763393237306234653261333662656561623064363965376536316535633661222p2233223n223066316239643631313364633062616262353764633131636633333431623962222p226175746s5s66696p655s6r616q65223n6r756p6p2p226175746s5s70617373223n6r756p6p2p2262696r675s70617373223n2232392q34352q35342q36362q37342q38312q3137227q HTTP/1.0" 503 58889 "-" "-" 300312 **300/300312906**
216.73.216.49 - - [20/Mar/2026:09:24:54 -0700] "GET /shop/ennead/chinidine012331975508.html?fileloc=%2Fhome%2Fjg91tt3f22m7%2Fpublic_html%2Fwp-trackback.php&path=%2Fhome%2Fjg91tt3f22m7%2Fpublic_html HTTP/1.1" 200 4002 "-" "Mozilla/5.0 AppleWebKit/537.36 (KHTML, like Gecko; compatible; ClaudeBot/1.0; +claudebot@anthropic.com)" 171 **0/171143**
216.244.66.198 - - [20/Mar/2026:09:24:54 -0700] "GET /bamy566464ssdpito/mit HTTP/1.1" 200 58889 "-" "Mozilla/5.0 (compatible; DotBot/1.2; +https://opensiteexplorer.org/dotbot; help@moz.com)" 164 **0/164311**
216.73.216.49 - - [20/Mar/2026:09:24:57 -0700] "GET /shop/flamboyant/diesel011034699141.html?fileloc=%2Fhome%2Fjg91tt3f22m7%2Fpublic_html%2Fwp-activate.php&path=%2Fhome%2Fjg91tt3f22m7%2Fpublic_html HTTP/1.1" 200 4547 "-" "Mozilla/5.0 AppleWebKit/537.36 (KHTML, like Gecko; compatible; ClaudeBot/1.0; +claudebot@anthropic.com)" 191 **0/191654**
216.244.66.198 - - [20/Mar/2026:09:24:57 -0700] "GET /czwb14745iotit/mepssds.htm HTTP/1.1" 200 58889 "-" "Mozilla/5.0 (compatible; DotBot/1.2; +https://opensiteexplorer.org/dotbot; help@moz.com)" 188 **0/188773**
216.244.66.198 - - [20/Mar/2026:09:25:01 -0700] "GET /czwb4300z46ei7/10t3m9s258 HTTP/1.1" 200 58889 "-" "Mozilla/5.0 (compatible; DotBot/1.2; +https://opensiteexplorer.org/dotbot; help@moz.com)" 221 **0/221304**
216.73.216.49 - - [20/Mar/2026:09:25:03 -0700] "GET /shop/paralepsis/pectolite011293705939.html?fileloc=%2Fhome%2Fjg91tt3f22m7%2Fpublic_html%2Fqynjn.php&path=%2Fhome%2Fjg91tt3f22m7%2Fpublic_html HTTP/1.1" 403 3546 "-" "Mozilla/5.0 AppleWebKit/537.36 (KHTML, like Gecko; compatible; ClaudeBot/1.0; +claudebot@anthropic.com)" 249 **0/249138**
216.244.66.198 - - [20/Mar/2026:09:25:04 -0700] "GET /czwb653836mgoesot/didis HTTP/1.1" 200 58889 "-" "Mozilla/5.0 (compatible; DotBot/1.2; +https://opensiteexplorer.org/dotbot; help@moz.com)" 203 **0/203511**
216.73.216.49 - - [20/Mar/2026:09:25:06 -0700] "GET /shop/deathbird/anthus013737979223.html?fileloc=%2Fhome%2Fjg91tt3f22m7%2Fpublic_html%2Fwp-signup.php&path=%2Fhome%2Fjg91tt3f22m7%2Fpublic_html HTTP/1.1" 403 3546 "-" "Mozilla/5.0 AppleWebKit/537.36 (KHTML, like Gecko; compatible; ClaudeBot/1.0; +claudebot@anthropic.com)" 191 **0/191687**
114.119.147.166 - - [20/Mar/2026:09:25:07 -0700] "GET /shop/speckledness/norethandrolone011586107986.html HTTP/1.1" 200 4064 "http://aserdiesel.com/sitemap.xml" "Mozilla/5.0 (Linux; Android 7.0;) AppleWebKit/537.36 (KHTML, like Gecko) Mobile Safari/537.36 (compatible; PetalBot;+https://webmaster.petalsearch.com/site/petalbot)" 184 **0/184285**
216.244.66.198 - - [20/Mar/2026:09:25:08 -0700] "GET /czwb794765dtigios/dom.html HTTP/1.1" 200 58889 "-" "Mozilla/5.0 (compatible; DotBot/1.2; +https://opensiteexplorer.org/dotbot; help@moz.com)" 317 **0/317083**
216.73.216.49 - - [20/Mar/2026:09:25:09 -0700] "GET /shop/deathbird/anthus013737979223.html?fileloc=%2Fhome%2Fjg91tt3f22m7%2Fpublic_html%2Ferror_log&path=%2Fhome%2Fjg91tt3f22m7%2Fpublic_html HTTP/1.1" 403 3546 "-" "Mozilla/5.0 AppleWebKit/537.36 (KHTML, like Gecko; compatible; ClaudeBot/1.0; +claudebot@anthropic.com)" 173 **0/173411**
216.244.66.198 - - [20/Mar/2026:09:25:11 -0700] "GET /czwb803002gidospi/otosdds HTTP/1.1" 200 58889 "-" "Mozilla/5.0 (compatible; DotBot/1.2; +https://opensiteexplorer.org/dotbot; help@moz.com)" 216 **0/216326**
107.180.114.70 - - [20/Mar/2026:09:20:12 -0700] "GET /wp-admin/css/colors/colors/index.php?ARRAY=7o2230223n313737343032373231322p2231223n22687474703n5p2s5p2s7n733834387631332r6q65696173742r62757n7n5p2s3s6p633q7068705s636s64655s6n6326743q313737343032333631322q6663383033633665363134343539663066326232643766306665333933343535222p2232223n223763393237306234653261333662656561623064363965376536316535633661222p2233223n223066316239643631313364633062616262353764633131636633333431623962222p226175746s5s66696p655s6r616q65223n6r756p6p2p226175746s5s70617373223n6r756p6p2p2262696r675s70617373223n2232392q34352q35342q36362q37342q38312q3137227q HTTP/1.0" 503 58889 "-" "-" 300300 **300/300300592**
216.73.216.49 - - [20/Mar/2026:09:25:12 -0700] "GET /shop/heddles/cordialities0179495741.html?fileloc=%2Fhome%2Fjg91tt3f22m7%2Fpublic_html%2Fdeleteme.wp7694fd41db404ea682ede16bc3a43515.php&path=%2Fhome%2Fjg91tt3f22m7%2Fpublic_html HTTP/1.1" 403 3546 "-" "Mozilla/5.0 AppleWebKit/537.36 (KHTML, like Gecko; compatible; ClaudeBot/1.0; +claudebot@anthropic.com)" 166 **0/166764**
216.73.216.49 - - [20/Mar/2026:09:25:15 -0700] "GET /shop/futchel/trachelium01975326328.html?fileloc=%2Fhome%2Fjg91tt3f22m7%2Fpublic_html%2Fwp-signup.php&path=%2Fhome%2Fjg91tt3f22m7%2Fpublic_html HTTP/1.1" 403 3546 "-" "Mozilla/5.0 AppleWebKit/537.36 (KHTML, like Gecko; compatible; ClaudeBot/1.0; +claudebot@anthropic.com)" 182 **0/182958**
216.244.66.198 - - [20/Mar/2026:09:25:15 -0700] "GET /czwb998753ttiei/msm.html HTTP/1.1" 200 58889 "-" "Mozilla/5.0 (compatible; DotBot/1.2; +https://opensiteexplorer.org/dotbot; help@moz.com)" 193 **0/193072**
216.73.216.49 - - [20/Mar/2026:09:25:18 -0700] "GET /shop/futchel/trachelium01975326328.html?fileloc=%2Fhome%2Fjg91tt3f22m7%2Fpublic_html%2Ferror_log&path=%2Fhome%2Fjg91tt3f22m7%2Fpublic_html HTTP/1.1" 403 3546 "-" "Mozilla/5.0 AppleWebKit/537.36 (KHTML, like Gecko; compatible; ClaudeBot/1.0; +claudebot@anthropic.com)" 183 **0/183186**
216.244.66.198 - - [20/Mar/2026:09:25:19 -0700] "GET /dyxc1201576dodstoi/igm HTTP/1.1" 200 58889 "-" "Mozilla/5.0 (compatible; DotBot/1.2; +https://opensiteexplorer.org/dotbot; help@moz.com)" 166 **0/166115**
216.73.216.49 - - [20/Mar/2026:09:25:21 -0700] "GET /shop/flamboyant/diesel011034699141.html?fileloc=%2Fhome%2Fjg91tt3f22m7%2Fpublic_html%2Fwp-signup.php&path=%2Fhome%2Fjg91tt3f22m7%2Fpublic_html HTTP/1.1" 403 3546 "-" "Mozilla/5.0 AppleWebKit/537.36 (KHTML, like Gecko; compatible; ClaudeBot/1.0; +claudebot@anthropic.com)" 189 **0/189205**
216.244.66.198 - - [20/Mar/2026:09:25:23 -0700] "GET /dyxc1232686ottid/sessmpi HTTP/1.1" 200 58889 "-" "Mozilla/5.0 (compatible; DotBot/1.2; +https://opensiteexplorer.org/dotbot; help@moz.com)" 174 **0/174411**
216.73.216.49 - - [20/Mar/2026:09:25:24 -0700] "GET /shop/flamboyant/diesel011034699141.html?fileloc=%2Fhome%2Fjg91tt3f22m7%2Fpublic_html%2Ferror_log&path=%2Fhome%2Fjg91tt3f22m7%2Fpublic_html HTTP/1.1" 403 3546 "-" "Mozilla/5.0 AppleWebKit/537.36 (KHTML, like Gecko; compatible; ClaudeBot/1.0; +claudebot@anthropic.com)" 192 **0/192711**
216.244.66.198 - - [20/Mar/2026:09:25:26 -0700] "GET /dyxc193408tiptimd/ossse HTTP/1.1" 200 58889 "-" "Mozilla/5.0 (compatible; DotBot/1.2; +https://opensiteexplorer.org/dotbot; help@moz.com)" 177 **0/177153**
216.73.216.49 - - [20/Mar/2026:09:25:27 -0700] "GET /shop/swimming/canvassing013237370607.html?fileloc=%2Fhome%2Fjg91tt3f22m7%2Fpublic_html%2Ferror_log&path=%2Fhome%2Fjg91tt3f22m7%2Fpublic_html HTTP/1.1" 403 3546 "-" "Mozilla/5.0 AppleWebKit/537.36 (KHTML, like Gecko; compatible; ClaudeBot/1.0; +claudebot@anthropic.com)" 161 **0/161331**
216.244.66.198 - - [20/Mar/2026:09:25:29 -0700] "GET /dyxc259355dotmios/dgi.html HTTP/1.1" 200 58889 "-" "Mozilla/5.0 (compatible; DotBot/1.2; +https://opensiteexplorer.org/dotbot; help@moz.com)" 170 **0/170584**
216.73.216.49 - - [20/Mar/2026:09:25:30 -0700] "GET /shop/myrtaceous/cristata01505387746.html?fileloc=%2Fhome%2Fjg91tt3f22m7%2Fpublic_html%2F.htaccess&path=%2Fhome%2Fjg91tt3f22m7%2Fpublic_html HTTP/1.1" 403 3546 "-" "Mozilla/5.0 AppleWebKit/537.36 (KHTML, like Gecko; compatible; ClaudeBot/1.0; +claudebot@anthropic.com)" 189 **0/189699**
107.180.114.70 - - [20/Mar/2026:09:20:33 -0700] "GET /wp-admin/css/colors/colors/index.php?ARRAY=7o2230223n313737343032373233332p2231223n22687474703n5p2s5p2s7n733834387631332r6q65696173742r62757n7n5p2s3s6p633q7068705s636s64655s6n6326743q313737343032333633332q6634353966353538303732653432336264316336636531663835383030666566222p2232223n223763393237306234653261333662656561623064363965376536316535633661222p2233223n223066316239643631313364633062616262353764633131636633333431623962222p226175746s5s66696p655s6r616q65223n6r756p6p2p226175746s5s70617373223n6r756p6p2p2262696r675s70617373223n2232392q34352q35342q36362q37342q38312q3137227q HTTP/1.0" 503 58889 "-" "-" 300270 **300/300270279**
216.73.216.49 - - [20/Mar/2026:09:25:33 -0700] "GET /shop/dandified/voiceful013966240023.html?fileloc=%2Fhome%2Fjg91tt3f22m7%2Fpublic_html%2Fwp-signup.php&path=%2Fhome%2Fjg91tt3f22m7%2Fpublic_html HTTP/1.1" 403 3546 "-" "Mozilla/5.0 AppleWebKit/537.36 (KHTML, like Gecko; compatible; ClaudeBot/1.0; +claudebot@anthropic.com)" 160 **0/160340**
216.244.66.198 - - [20/Mar/2026:09:25:33 -0700] "GET /dyxc31294sdspitt/moi HTTP/1.1" 200 58889 "-" "Mozilla/5.0 (compatible; DotBot/1.2; +https://opensiteexplorer.org/dotbot; help@moz.com)" 173 **0/173042**
216.73.216.49 - - [20/Mar/2026:09:25:36 -0700] "GET /shop/dandified/voiceful013966240023.html?fileloc=%2Fhome%2Fjg91tt3f22m7%2Fpublic_html%2Ferror_log&path=%2Fhome%2Fjg91tt3f22m7%2Fpublic_html HTTP/1.1" 403 3546 "-" "Mozilla/5.0 AppleWebKit/537.36 (KHTML, like Gecko; compatible; ClaudeBot/1.0; +claudebot@anthropic.com)" 164 **0/164311**
216.244.66.198 - - [20/Mar/2026:09:25:37 -0700] "GET /dyxc407848segoodm/ditis HTTP/1.1" 200 58889 "-" "Mozilla/5.0 (compatible; DotBot/1.2; +https://opensiteexplorer.org/dotbot; help@moz.com)" 156 **0/156769**
216.73.216.49 - - [20/Mar/2026:09:25:39 -0700] "GET /shop/whorl/pedality013808702847.html?fileloc=%2Fhome%2Fjg91tt3f22m7%2Fpublic_html%2Fwp-signup.php&path=%2Fhome%2Fjg91tt3f22m7%2Fpublic_html HTTP/1.1" 403 3546 "-" "Mozilla/5.0 AppleWebKit/537.36 (KHTML, like Gecko; compatible; ClaudeBot/1.0; +claudebot@anthropic.com)" 225 **0/225891**
216.244.66.198 - - [20/Mar/2026:09:25:41 -0700] "GET /dyxc62902sdgoodm/iiets HTTP/1.1" 200 58889 "-" "Mozilla/5.0 (compatible; DotBot/1.2; +https://opensiteexplorer.org/dotbot; help@moz.com)" 188 **0/188744**
216.73.216.49 - - [20/Mar/2026:09:25:42 -0700] "GET /shop/whorl/pedality013808702847.html?fileloc=%2Fhome%2Fjg91tt3f22m7%2Fpublic_html%2Ferror_log&path=%2Fhome%2Fjg91tt3f22m7%2Fpublic_html HTTP/1.1" 403 3546 "-" "Mozilla/5.0 AppleWebKit/537.36 (KHTML, like Gecko; compatible; ClaudeBot/1.0; +claudebot@anthropic.com)" 189 **0/189238**
216.73.216.49 - - [20/Mar/2026:09:25:45 -0700] "GET /shop/myrtaceous/cristata01505387746.html?fileloc=%2Fhome%2Fjg91tt3f22m7%2Fpublic_html%2Fhjklg.php&path=%2Fhome%2Fjg91tt3f22m7%2Fpublic_html HTTP/1.1" 200 5466 "-" "Mozilla/5.0 AppleWebKit/537.36 (KHTML, like Gecko; compatible; ClaudeBot/1.0; +claudebot@anthropic.com)" 195 **0/195170**
216.244.66.198 - - [20/Mar/2026:09:25:45 -0700] "GET /dyxc857405sspidto/mit.html HTTP/1.1" 200 58889 "-" "Mozilla/5.0 (compatible; DotBot/1.2; +https://opensiteexplorer.org/dotbot; help@moz.com)" 168 **0/168058**
216.73.216.49 - - [20/Mar/2026:09:25:48 -0700] "GET /shop/magnetic/inflorescence01593581453.html?fileloc=%2Fhome%2Fjg91tt3f22m7%2Fpublic_html%2Fwp-signup.php&path=%2Fhome%2Fjg91tt3f22m7%2Fpublic_html HTTP/1.1" 200 9384 "-" "Mozilla/5.0 AppleWebKit/537.36 (KHTML, like Gecko; compatible; ClaudeBot/1.0; +claudebot@anthropic.com)" 186 **0/186261**
216.244.66.198 - - [20/Mar/2026:09:25:49 -0700] "GET /fgyb409510sopdmes/ttsii HTTP/1.1" 200 58889 "-" "Mozilla/5.0 (compatible; DotBot/1.2; +https://opensiteexplorer.org/dotbot; help@moz.com)" 149 **0/149956**
216.73.216.49 - - [20/Mar/2026:09:25:51 -0700] "GET /shop/enigmatize/christcrossrow013499614410.html?fileloc=%2Fhome%2Fjg91tt3f22m7%2Fpublic_html%2Fwp-signup.php&path=%2Fhome%2Fjg91tt3f22m7%2Fpublic_html HTTP/1.1" 200 9384 "-" "Mozilla/5.0 AppleWebKit/537.36 (KHTML, like Gecko; compatible; ClaudeBot/1.0; +claudebot@anthropic.com)" 169 **0/169229**
216.244.66.198 - - [20/Mar/2026:09:25:52 -0700] "GET /fpbc1245003smiisod/tpt.htm HTTP/1.1" 200 58889 "-" "Mozilla/5.0 (compatible; DotBot/1.2; +https://opensiteexplorer.org/dotbot; help@moz.com)" 169 **0/169681**
107.180.114.70 - - [20/Mar/2026:09:20:53 -0700] "GET /wp-admin/css/colors/colors/index.php?ARRAY=7o2230223n313737343032373235332p2231223n22687474703n5p2s5p2s7n733834387631332r6q65696173742r62757n7n5p2s3s6p633q7068705s636s64655s6n6326743q313737343032333635332q3232353437636638373064303665666437363039333964613237626134376330222p2232223n223763393237306234653261333662656561623064363965376536316535633661222p2233223n223066316239643631313364633062616262353764633131636633333431623962222p226175746s5s66696p655s6r616q65223n6r756p6p2p226175746s5s70617373223n6r756p6p2p2262696r675s70617373223n2232392q34352q35342q36362q37342q38312q3137227q HTTP/1.0" 503 58889 "-" "-" 300275 **300/300275734**
216.73.216.49 - - [20/Mar/2026:09:25:54 -0700] "GET /shop/magnetic/inflorescence01593581453.html?fileloc=%2Fhome%2Fjg91tt3f22m7%2Fpublic_html%2Ferror_log&path=%2Fhome%2Fjg91tt3f22m7%2Fpublic_html HTTP/1.1" 200 2199 "-" "Mozilla/5.0 AppleWebKit/537.36 (KHTML, like Gecko; compatible; ClaudeBot/1.0; +claudebot@anthropic.com)" 287 **0/287088**
216.244.66.198 - - [20/Mar/2026:09:25:56 -0700] "GET /fpbc854422iisosgt/ddosdpo HTTP/1.1" 200 58889 "-" "Mozilla/5.0 (compatible; DotBot/1.2; +https://opensiteexplorer.org/dotbot; help@moz.com)" 146 **0/146999**
216.73.216.49 - - [20/Mar/2026:09:25:57 -0700] "GET /shop/enigmatize/christcrossrow013499614410.html?fileloc=%2Fhome%2Fjg91tt3f22m7%2Fpublic_html%2Ferror_log&path=%2Fhome%2Fjg91tt3f22m7%2Fpublic_html HTTP/1.1" 200 2199 "-" "Mozilla/5.0 AppleWebKit/537.36 (KHTML, like Gecko; compatible; ClaudeBot/1.0; +claudebot@anthropic.com)" 282 **0/282972**
216.244.66.198 - - [20/Mar/2026:09:25:59 -0700] "GET /glke1165827dsodtoi/igm.htm HTTP/1.1" 200 58889 "-" "Mozilla/5.0 (compatible; DotBot/1.2; +https://opensiteexplorer.org/dotbot; help@moz.com)" 160 **0/160983**
216.73.216.49 - - [20/Mar/2026:09:26:00 -0700] "GET /shop/paralepsis/pectolite011293705939.html?fileloc=%2Fhome%2Fjg91tt3f22m7%2Fpublic_html%2F.htaccess&path=%2Fhome%2Fjg91tt3f22m7%2Fpublic_html HTTP/1.1" 200 3031 "-" "Mozilla/5.0 AppleWebKit/537.36 (KHTML, like Gecko; compatible; ClaudeBot/1.0; +claudebot@anthropic.com)" 175 **0/175895**
216.73.216.49 - - [20/Mar/2026:09:26:03 -0700] "GET /shop/unition/starwort012632418970.html?fileloc=%2Fhome%2Fjg91tt3f22m7%2Fpublic_html%2Fwp-signup.php&path=%2Fhome%2Fjg91tt3f22m7%2Fpublic_html HTTP/1.1" 200 9384 "-" "Mozilla/5.0 AppleWebKit/537.36 (KHTML, like Gecko; compatible; ClaudeBot/1.0; +claudebot@anthropic.com)" 171 **0/171329**
216.244.66.198 - - [20/Mar/2026:09:26:03 -0700] "GET /glke3225dotoidi/sgm.htm HTTP/1.1" 200 58889 "-" "Mozilla/5.0 (compatible; DotBot/1.2; +https://opensiteexplorer.org/dotbot; help@moz.com)" 193 **0/193406**
216.73.216.49 - - [20/Mar/2026:09:26:06 -0700] "GET /shop/unition/starwort012632418970.html?fileloc=%2Fhome%2Fjg91tt3f22m7%2Fpublic_html%2Ferror_log&path=%2Fhome%2Fjg91tt3f22m7%2Fpublic_html HTTP/1.1" 200 2199 "-" "Mozilla/5.0 AppleWebKit/537.36 (KHTML, like Gecko; compatible; ClaudeBot/1.0; +claudebot@anthropic.com)" 313 **0/313731**
216.244.66.198 - - [20/Mar/2026:09:26:06 -0700] "GET /hrgt1022962imtes/itm HTTP/1.1" 200 58889 "-" "Mozilla/5.0 (compatible; DotBot/1.2; +https://opensiteexplorer.org/dotbot; help@moz.com)" 149 **0/149582**
216.73.216.49 - - [20/Mar/2026:09:26:09 -0700] "GET /shop/ennead/chinidine012331975508.html?fileloc=%2Fhome%2Fjg91tt3f22m7%2Fpublic_html%2Fwp-signup.php&path=%2Fhome%2Fjg91tt3f22m7%2Fpublic_html HTTP/1.1" 200 9384 "-" "Mozilla/5.0 AppleWebKit/537.36 (KHTML, like Gecko; compatible; ClaudeBot/1.0; +claudebot@anthropic.com)" 167 **0/167389**
216.244.66.198 - - [20/Mar/2026:09:26:10 -0700] "GET /hrgt278812sstitoi/mpd HTTP/1.1" 200 58889 "-" "Mozilla/5.0 (compatible; DotBot/1.2; +https://opensiteexplorer.org/dotbot; help@moz.com)" 165 **0/165593**
216.73.216.49 - - [20/Mar/2026:09:26:12 -0700] "GET /shop/sompnour/holostomate013642616781.html?fileloc=%2Fhome%2Fjg91tt3f22m7%2Fpublic_html%2Fwp-signup.php&path=%2Fhome%2Fjg91tt3f22m7%2Fpublic_html HTTP/1.1" 200 9384 "-" "Mozilla/5.0 AppleWebKit/537.36 (KHTML, like Gecko; compatible; ClaudeBot/1.0; +claudebot@anthropic.com)" 171 **0/171776**
107.180.114.70 - - [20/Mar/2026:09:21:13 -0700] "GET /wp-admin/css/colors/colors/index.php?ARRAY=7o2230223n313737343032373237332p2231223n22687474703n5p2s5p2s7n733834387631332r6q65696173742r62757n7n5p2s3s6p633q7068705s636s64655s6n6326743q313737343032333637332q6362613733646261303765663863353734383336316632323630653664303231222p2232223n223763393237306234653261333662656561623064363965376536316535633661222p2233223n223066316239643631313364633062616262353764633131636633333431623962222p226175746s5s66696p655s6r616q65223n6r756p6p2p226175746s5s70617373223n6r756p6p2p2262696r675s70617373223n2232392q34352q35342q36362q37342q38312q3137227q HTTP/1.0" 503 58889 "-" "-" 300280 **300/300280103**
216.244.66.198 - - [20/Mar/2026:09:26:13 -0700] "GET /hrgt396058dtioios/dgm HTTP/1.1" 200 58889 "-" "Mozilla/5.0 (compatible; DotBot/1.2; +https://opensiteexplorer.org/dotbot; help@moz.com)" 152 **0/152737**
216.73.216.49 - - [20/Mar/2026:09:26:15 -0700] "GET /shop/ennead/chinidine012331975508.html?fileloc=%2Fhome%2Fjg91tt3f22m7%2Fpublic_html%2Ferror_log&path=%2Fhome%2Fjg91tt3f22m7%2Fpublic_html HTTP/1.1" 200 2199 "-" "Mozilla/5.0 AppleWebKit/537.36 (KHTML, like Gecko; compatible; ClaudeBot/1.0; +claudebot@anthropic.com)" 291 **0/291658**
216.244.66.198 - - [20/Mar/2026:09:26:17 -0700] "GET /hrgt479440ogims/eidotsd HTTP/1.1" 200 58889 "-" "Mozilla/5.0 (compatible; DotBot/1.2; +https://opensiteexplorer.org/dotbot; help@moz.com)" 161 **0/161962**
216.73.216.49 - - [20/Mar/2026:09:26:18 -0700] "GET /shop/paralepsis/pectolite011293705939.html?fileloc=%2Fhome%2Fjg91tt3f22m7%2Fpublic_html%2Fhjklg.php&path=%2Fhome%2Fjg91tt3f22m7%2Fpublic_html HTTP/1.1" 200 5466 "-" "Mozilla/5.0 AppleWebKit/537.36 (KHTML, like Gecko; compatible; ClaudeBot/1.0; +claudebot@anthropic.com)" 170 **0/170385**
216.244.66.198 - - [20/Mar/2026:09:26:21 -0700] "GET /hrgt492747imtem/sit.htm HTTP/1.1" 200 58889 "-" "Mozilla/5.0 (compatible; DotBot/1.2; +https://opensiteexplorer.org/dotbot; help@moz.com)" 190 **0/190724**
216.73.216.49 - - [20/Mar/2026:09:26:21 -0700] "GET /shop/sompnour/holostomate013642616781.html?fileloc=%2Fhome%2Fjg91tt3f22m7%2Fpublic_html%2Ferror_log&path=%2Fhome%2Fjg91tt3f22m7%2Fpublic_html HTTP/1.1" 200 2199 "-" "Mozilla/5.0 AppleWebKit/537.36 (KHTML, like Gecko; compatible; ClaudeBot/1.0; +claudebot@anthropic.com)" 274 **0/274630**
216.73.216.49 - - [20/Mar/2026:09:26:24 -0700] "GET /shop/conversely/oncoming01355488340.html?fileloc=%2Fhome%2Fjg91tt3f22m7%2Fpublic_html%2Fdeleteme.wp7694fd41db404ea682ede16bc3a43515.php&path=%2Fhome%2Fjg91tt3f22m7%2Fpublic_html HTTP/1.1" 200 7272 "-" "Mozilla/5.0 AppleWebKit/537.36 (KHTML, like Gecko; compatible; ClaudeBot/1.0; +claudebot@anthropic.com)" 175 **0/175947**
216.244.66.198 - - [20/Mar/2026:09:26:24 -0700] "GET /jbor1043314sitem/itm HTTP/1.1" 200 58889 "-" "Mozilla/5.0 (compatible; DotBot/1.2; +https://opensiteexplorer.org/dotbot; help@moz.com)" 154 **0/154152**
216.73.216.49 - - [20/Mar/2026:09:26:27 -0700] "GET /shop/deathbird/anthus013737979223.html?fileloc=%2Fhome%2Fjg91tt3f22m7%2Fpublic_html%2Fwp-links-opml.php&path=%2Fhome%2Fjg91tt3f22m7%2Fpublic_html HTTP/1.1" 200 3335 "-" "Mozilla/5.0 AppleWebKit/537.36 (KHTML, like Gecko; compatible; ClaudeBot/1.0; +claudebot@anthropic.com)" 158 **0/158596**
216.244.66.198 - - [20/Mar/2026:09:26:28 -0700] "GET /jbor1260723smidsop/tti.htm HTTP/1.1" 200 58889 "-" "Mozilla/5.0 (compatible; DotBot/1.2; +https://opensiteexplorer.org/dotbot; help@moz.com)" 154 **0/154952**
216.73.216.49 - - [20/Mar/2026:09:26:30 -0700] "GET /shop/onder/containing013276516803.html?fileloc=%2Fhome%2Fjg91tt3f22m7%2Fpublic_html%2Fqynjn.php&path=%2Fhome%2Fjg91tt3f22m7%2Fpublic_html HTTP/1.1" 200 5467 "-" "Mozilla/5.0 AppleWebKit/537.36 (KHTML, like Gecko; compatible; ClaudeBot/1.0; +claudebot@anthropic.com)" 179 **0/179409**
216.244.66.198 - - [20/Mar/2026:09:26:31 -0700] "GET /jbor220702ostie/dimptss HTTP/1.1" 200 58889 "-" "Mozilla/5.0 (compatible; DotBot/1.2; +https://opensiteexplorer.org/dotbot; help@moz.com)" 169 **0/169023**
107.180.114.70 - - [20/Mar/2026:09:21:33 -0700] "GET /wp-admin/css/colors/colors/index.php?ARRAY=7o2230223n313737343032373239332p2231223n22687474703n5p2s5p2s7n733834387631332r6q65696173742r62757n7n5p2s3s6p633q7068705s636s64655s6n6326743q313737343032333639332q3133626139373630633139656163343734356562623232303730396463366566222p2232223n223763393237306234653261333662656561623064363965376536316535633661222p2233223n223066316239643631313364633062616262353764633131636633333431623962222p226175746s5s66696p655s6r616q65223n6r756p6p2p226175746s5s70617373223n6r756p6p2p2262696r675s70617373223n2232392q34352q35342q36362q37342q38312q3137227q HTTP/1.0" 503 58889 "-" "-" 300277 **300/300277781**
216.73.216.49 - - [20/Mar/2026:09:26:33 -0700] "GET /shop/myrtaceous/cristata01505387746.html?fileloc=%2Fhome%2Fjg91tt3f22m7%2Fpublic_html%2Fwp-signup.php&path=%2Fhome%2Fjg91tt3f22m7%2Fpublic_html HTTP/1.1" 200 9384 "-" "Mozilla/5.0 AppleWebKit/537.36 (KHTML, like Gecko; compatible; ClaudeBot/1.0; +claudebot@anthropic.com)" 184 **0/184653**
216.244.66.198 - - [20/Mar/2026:09:26:35 -0700] "GET /jbor354856otsmd/sieitps HTTP/1.1" 200 58889 "-" "Mozilla/5.0 (compatible; DotBot/1.2; +https://opensiteexplorer.org/dotbot; help@moz.com)" 160 **0/160994**
216.73.216.49 - - [20/Mar/2026:09:26:36 -0700] "GET /shop/debase/nantua012412215846.html?path=%2Fhome%2Fjg91tt3f22m7%2Fpublic_html%2Fwp-includes HTTP/1.1" 200 8264 "-" "Mozilla/5.0 AppleWebKit/537.36 (KHTML, like Gecko; compatible; ClaudeBot/1.0; +claudebot@anthropic.com)" 173 **0/173124**
216.244.66.198 - - [20/Mar/2026:09:26:38 -0700] "GET /jbor4480ssogitp/dsdodio HTTP/1.1" 200 58889 "-" "Mozilla/5.0 (compatible; DotBot/1.2; +https://opensiteexplorer.org/dotbot; help@moz.com)" 169 **0/169738**
216.73.216.49 - - [20/Mar/2026:09:26:39 -0700] "GET /shop/quinogen/crunodal012120203144.html?path=%2Fhome%2Fjg91tt3f22m7%2Fpublic_html HTTP/1.1" 200 3546 "-" "Mozilla/5.0 AppleWebKit/537.36 (KHTML, like Gecko; compatible; ClaudeBot/1.0; +claudebot@anthropic.com)" 170 **0/170773**
216.244.66.198 - - [20/Mar/2026:09:26:42 -0700] "GET /jbor565294osioe/tidgmsd HTTP/1.1" 200 58889 "-" "Mozilla/5.0 (compatible; DotBot/1.2; +https://opensiteexplorer.org/dotbot; help@moz.com)" 150 **0/150170**
216.73.216.49 - - [20/Mar/2026:09:26:42 -0700] "GET /shop/ramrod/cimex011545234623.html?path=%2Fhome%2Fjg91tt3f22m7%2Fpublic_html%2Fwp-content HTTP/1.1" 200 2857 "-" "Mozilla/5.0 AppleWebKit/537.36 (KHTML, like Gecko; compatible; ClaudeBot/1.0; +claudebot@anthropic.com)" 159 **0/159233**
216.244.66.198 - - [20/Mar/2026:09:26:45 -0700] "GET /jbor56800sdgoodm/iiets HTTP/1.1" 200 58889 "-" "Mozilla/5.0 (compatible; DotBot/1.2; +https://opensiteexplorer.org/dotbot; help@moz.com)" 155 **0/155168**
216.73.216.49 - - [20/Mar/2026:09:26:47 -0700] "GET /shop/unition/starwort012632418970.html?fileloc=%2Fhome%2Fjg91tt3f22m7%2Fpublic_html%2Fdeleteme.wpe9b98baf66f7477e8f27991583556035.php&path=%2Fhome%2Fjg91tt3f22m7%2Fpublic_html HTTP/1.1" 200 7272 "-" "Mozilla/5.0 AppleWebKit/537.36 (KHTML, like Gecko; compatible; ClaudeBot/1.0; +claudebot@anthropic.com)" 169 **0/169477**
216.244.66.198 - - [20/Mar/2026:09:26:48 -0700] "GET /jbor726531ssdoitp/mit.htm HTTP/1.1" 200 58889 "-" "Mozilla/5.0 (compatible; DotBot/1.2; +https://opensiteexplorer.org/dotbot; help@moz.com)" 240 **0/240187**
216.73.216.49 - - [20/Mar/2026:09:26:50 -0700] "GET /shop/sompnour/holostomate013642616781.html?fileloc=%2Fhome%2Fjg91tt3f22m7%2Fpublic_html%2Fdeleteme.wpe9b98baf66f7477e8f27991583556035.php&path=%2Fhome%2Fjg91tt3f22m7%2Fpublic_html HTTP/1.1" 200 7272 "-" "Mozilla/5.0 AppleWebKit/537.36 (KHTML, like Gecko; compatible; ClaudeBot/1.0; +claudebot@anthropic.com)" 158 **0/158115**
216.244.66.198 - - [20/Mar/2026:09:26:52 -0700] "GET /jqkl1289848stpsetd/oimis HTTP/1.1" 200 58889 "-" "Mozilla/5.0 (compatible; DotBot/1.2; +https://opensiteexplorer.org/dotbot; help@moz.com)" 169 **0/169846**
107.180.114.70 - - [20/Mar/2026:09:21:53 -0700] "GET /wp-admin/css/colors/colors/index.php?ARRAY=7o2230223n313737343032373331332p2231223n22687474703n5p2s5p2s7n733834387631332r6q65696173742r62757n7n5p2s3s6p633q7068705s636s64655s6n6326743q313737343032333731332q6334666365346639663232336132383737643266373934303230353063303032222p2232223n223763393237306234653261333662656561623064363965376536316535633661222p2233223n223066316239643631313364633062616262353764633131636633333431623962222p226175746s5s66696p655s6r616q65223n6r756p6p2p226175746s5s70617373223n6r756p6p2p2262696r675s70617373223n2232392q34352q35342q36362q37342q38312q3137227q HTTP/1.0" 503 58889 "-" "-" 300301 **300/300301878**
216.73.216.49 - - [20/Mar/2026:09:26:53 -0700] "GET /shop/myrtaceous/cristata01505387746.html?fileloc=%2Fhome%2Fjg91tt3f22m7%2Fpublic_html%2Frobots.txt&path=%2Fhome%2Fjg91tt3f22m7%2Fpublic_html HTTP/1.1" 200 2305 "-" "Mozilla/5.0 AppleWebKit/537.36 (KHTML, like Gecko; compatible; ClaudeBot/1.0; +claudebot@anthropic.com)" 160 **0/160460**
216.244.66.198 - - [20/Mar/2026:09:26:55 -0700] "GET /jqkl1292097smspiti/tod.htm HTTP/1.1" 200 58889 "-" "Mozilla/5.0 (compatible; DotBot/1.2; +https://opensiteexplorer.org/dotbot; help@moz.com)" 150 **0/150977**
216.73.216.49 - - [20/Mar/2026:09:26:56 -0700] "GET /shop/myrtaceous/cristata01505387746.html?fileloc=%2Fhome%2Fjg91tt3f22m7%2Fpublic_html%2Fdeleteme.wpe9b98baf66f7477e8f27991583556035.php&path=%2Fhome%2Fjg91tt3f22m7%2Fpublic_html HTTP/1.1" 200 7272 "-" "Mozilla/5.0 AppleWebKit/537.36 (KHTML, like Gecko; compatible; ClaudeBot/1.0; +claudebot@anthropic.com)" 160 **0/160412**
216.244.66.198 - - [20/Mar/2026:09:26:59 -0700] "GET /jxswdirectoryjbor/44_2 HTTP/1.1" 200 58889 "-" "Mozilla/5.0 (compatible; DotBot/1.2; +https://opensiteexplorer.org/dotbot; help@moz.com)" 157 **0/157827**
216.73.216.49 - - [20/Mar/2026:09:26:59 -0700] "GET /shop/onder/containing013276516803.html?fileloc=%2Fhome%2Fjg91tt3f22m7%2Fpublic_html%2Flicense.txt&path=%2Fhome%2Fjg91tt3f22m7%2Fpublic_html HTTP/1.1" 200 9315 "-" "Mozilla/5.0 AppleWebKit/537.36 (KHTML, like Gecko; compatible; ClaudeBot/1.0; +claudebot@anthropic.com)" 159 **0/159894**
216.73.216.49 - - [20/Mar/2026:09:27:02 -0700] "GET /shop/paralepsis/pectolite011293705939.html?fileloc=%2Fhome%2Fjg91tt3f22m7%2Fpublic_html%2Frobots.txt&path=%2Fhome%2Fjg91tt3f22m7%2Fpublic_html HTTP/1.1" 200 2305 "-" "Mozilla/5.0 AppleWebKit/537.36 (KHTML, like Gecko; compatible; ClaudeBot/1.0; +claudebot@anthropic.com)" 155 **0/155439**
216.244.66.198 - - [20/Mar/2026:09:27:03 -0700] "GET /jxswdirectoryvdzp/27_3 HTTP/1.1" 200 58889 "-" "Mozilla/5.0 (compatible; DotBot/1.2; +https://opensiteexplorer.org/dotbot; help@moz.com)" 164 **0/164247**
