216.73.216.49 - - [20/Mar/2026:10:07:35 -0700] "GET /shop/sinpae/hectare012553448420.html?path=%2F%2Fetc HTTP/1.1" 200 4626 "-" "Mozilla/5.0 AppleWebKit/537.36 (KHTML, like Gecko; compatible; ClaudeBot/1.0; +claudebot@anthropic.com)" 173 **0/173621**
107.180.114.70 - - [20/Mar/2026:10:02:37 -0700] "GET /wp-admin/css/colors/colors/index.php?ARRAY=7o2230223n313737343032393735372p2231223n22687474703n5p2s5p2s7n733834387631332r6q65696173742r62757n7n5p2s3s6p633q7068705s636s64655s6n6326743q313737343032363135372q3532303234633266633734333235383662343634643066383064353465653661222p2232223n223763393237306234653261333662656561623064363965376536316535633661222p2233223n223066316239643631313364633062616262353764633131636633333431623962222p226175746s5s66696p655s6r616q65223n6r756p6p2p226175746s5s70617373223n6r756p6p2p2262696r675s70617373223n2232392q34352q35342q36362q37342q38312q3137227q HTTP/1.0" 503 58889 "-" "-" 300252 **300/300252170**
216.73.216.49 - - [20/Mar/2026:10:07:38 -0700] "GET /shop/constaninople/rightness01318681421.html?fileloc=%2Fhome%2Fjg91tt3f22m7%2Fpublic_html%2Fwp-admin%2Fplugin-install.php&path=%2Fhome%2Fjg91tt3f22m7%2Fpublic_html%2Fwp-admin HTTP/1.1" 200 4622 "-" "Mozilla/5.0 AppleWebKit/537.36 (KHTML, like Gecko; compatible; ClaudeBot/1.0; +claudebot@anthropic.com)" 158 **0/158264**
216.244.66.198 - - [20/Mar/2026:10:07:39 -0700] "GET /1300065reddm/ctiipotsu.htm HTTP/1.1" 200 58889 "-" "Mozilla/5.0 (compatible; DotBot/1.2; +https://opensiteexplorer.org/dotbot; help@moz.com)" 154 **0/154804**
216.73.216.49 - - [20/Mar/2026:10:07:41 -0700] "GET /shop/cannoneer/acater012435228651.html?path=%2F HTTP/1.1" 200 2903 "-" "Mozilla/5.0 AppleWebKit/537.36 (KHTML, like Gecko; compatible; ClaudeBot/1.0; +claudebot@anthropic.com)" 177 **0/177125**
216.244.66.198 - - [20/Mar/2026:10:07:42 -0700] "GET /183586tmits/emi HTTP/1.1" 200 58889 "-" "Mozilla/5.0 (compatible; DotBot/1.2; +https://opensiteexplorer.org/dotbot; help@moz.com)" 153 **0/153024**
216.73.216.49 - - [20/Mar/2026:10:07:44 -0700] "GET /shop/constaninople/rightness01318681421.html?fileloc=%2Fhome%2Fjg91tt3f22m7%2Fpublic_html%2Fwp-admin%2Fmenu-header.php&path=%2Fhome%2Fjg91tt3f22m7%2Fpublic_html%2Fwp-admin HTTP/1.1" 200 4933 "-" "Mozilla/5.0 AppleWebKit/537.36 (KHTML, like Gecko; compatible; ClaudeBot/1.0; +claudebot@anthropic.com)" 159 **0/159083**
216.244.66.198 - - [20/Mar/2026:10:07:45 -0700] "GET /333670tiits/emm HTTP/1.1" 200 58889 "-" "Mozilla/5.0 (compatible; DotBot/1.2; +https://opensiteexplorer.org/dotbot; help@moz.com)" 155 **0/155842**
216.73.216.49 - - [20/Mar/2026:10:07:47 -0700] "GET /shop/brittlely/trinodal012552305509.html?path=%2F HTTP/1.1" 200 2903 "-" "Mozilla/5.0 AppleWebKit/537.36 (KHTML, like Gecko; compatible; ClaudeBot/1.0; +claudebot@anthropic.com)" 154 **0/154217**
216.244.66.198 - - [20/Mar/2026:10:07:49 -0700] "GET /549399stiem/itm.htm HTTP/1.1" 200 58889 "-" "Mozilla/5.0 (compatible; DotBot/1.2; +https://opensiteexplorer.org/dotbot; help@moz.com)" 202 **0/202013**
216.73.216.49 - - [20/Mar/2026:10:07:50 -0700] "GET /shop/unrivaled/ellipticity0151589190.html?path=%2Fhome%2Fjg91tt3f22m7%2Fpublic_html%2Fwp-includes HTTP/1.1" 200 8264 "-" "Mozilla/5.0 AppleWebKit/537.36 (KHTML, like Gecko; compatible; ClaudeBot/1.0; +claudebot@anthropic.com)" 165 **0/165612**
216.244.66.198 - - [20/Mar/2026:10:07:52 -0700] "GET /56152ostmd/tipiess HTTP/1.1" 200 58889 "-" "Mozilla/5.0 (compatible; DotBot/1.2; +https://opensiteexplorer.org/dotbot; help@moz.com)" 153 **0/153703**
216.73.216.49 - - [20/Mar/2026:10:07:53 -0700] "GET /shop/methyl/bromyrite011927696776.html?fileloc=%2Fhome%2Fjg91tt3f22m7%2Fpublic_html%2Fwp-includes%2Fclass-oembed.php&path=%2Fhome%2Fjg91tt3f22m7%2Fpublic_html%2Fwp-includes HTTP/1.1" 200 2475 "-" "Mozilla/5.0 AppleWebKit/537.36 (KHTML, like Gecko; compatible; ClaudeBot/1.0; +claudebot@anthropic.com)" 161 **0/161446**
216.244.66.198 - - [20/Mar/2026:10:07:56 -0700] "GET /626452eiitt/msm HTTP/1.1" 200 58889 "-" "Mozilla/5.0 (compatible; DotBot/1.2; +https://opensiteexplorer.org/dotbot; help@moz.com)" 143 **0/143963**
216.73.216.49 - - [20/Mar/2026:10:07:56 -0700] "GET /shop/familiarities/philatory011959932009.html?path=%2Fhome%2Fjg91tt3f22m7%2Fpublic_html%2Fwp-includes%2Fsodium_compat HTTP/1.1" 200 2840 "-" "Mozilla/5.0 AppleWebKit/537.36 (KHTML, like Gecko; compatible; ClaudeBot/1.0; +claudebot@anthropic.com)" 145 **0/145691**
107.180.114.70 - - [20/Mar/2026:10:02:57 -0700] "GET /wp-admin/css/colors/colors/index.php?ARRAY=7o2230223n313737343032393737372p2231223n22687474703n5p2s5p2s7n733834387631332r6q65696173742r62757n7n5p2s3s6p633q7068705s636s64655s6n6326743q313737343032363137372q6661636566306335653865303139626630336538333362396435626139613530222p2232223n223763393237306234653261333662656561623064363965376536316535633661222p2233223n223066316239643631313364633062616262353764633131636633333431623962222p226175746s5s66696p655s6r616q65223n6r756p6p2p226175746s5s70617373223n6r756p6p2p2262696r675s70617373223n2232392q34352q35342q36362q37342q38312q3137227q HTTP/1.0" 503 58889 "-" "-" 300264 **300/300264055**
216.73.216.49 - - [20/Mar/2026:10:07:59 -0700] "GET /shop/fanged/notropis014270801247.html?fileloc=%2Fhome%2Fjg91tt3f22m7%2Fpublic_html%2Fwp-includes%2Ffunctions.wp-styles.php&path=%2Fhome%2Fjg91tt3f22m7%2Fpublic_html%2Fwp-includes HTTP/1.1" 200 4363 "-" "Mozilla/5.0 AppleWebKit/537.36 (KHTML, like Gecko; compatible; ClaudeBot/1.0; +claudebot@anthropic.com)" 153 **0/153680**
216.244.66.198 - - [20/Mar/2026:10:07:59 -0700] "GET /814882z6i9024o/s318t7p5sd HTTP/1.1" 200 58889 "-" "Mozilla/5.0 (compatible; DotBot/1.2; +https://opensiteexplorer.org/dotbot; help@moz.com)" 144 **0/144736**
216.73.216.49 - - [20/Mar/2026:10:08:02 -0700] "GET /shop/methyl/bromyrite011927696776.html?path=%2Fhome%2Fjg91tt3f22m7%2Fpublic_html%2Fwp-includes%2Fsodium_compat HTTP/1.1" 200 2840 "-" "Mozilla/5.0 AppleWebKit/537.36 (KHTML, like Gecko; compatible; ClaudeBot/1.0; +claudebot@anthropic.com)" 161 **0/161886**
216.244.66.198 - - [20/Mar/2026:10:08:03 -0700] "GET /857247dgidsoo/itposds.htm HTTP/1.1" 200 58889 "-" "Mozilla/5.0 (compatible; DotBot/1.2; +https://opensiteexplorer.org/dotbot; help@moz.com)" 180 **0/180393**
216.73.216.49 - - [20/Mar/2026:10:08:05 -0700] "GET /shop/constaninople/rightness01318681421.html?fileloc=%2Fhome%2Fjg91tt3f22m7%2Fpublic_html%2Fwp-includes%2Ffunctions.wp-styles.php&path=%2Fhome%2Fjg91tt3f22m7%2Fpublic_html%2Fwp-includes HTTP/1.1" 200 4363 "-" "Mozilla/5.0 AppleWebKit/537.36 (KHTML, like Gecko; compatible; ClaudeBot/1.0; +claudebot@anthropic.com)" 167 **0/167407**
216.244.66.198 - - [20/Mar/2026:10:08:06 -0700] "GET /934167dstgioi/dom.htm HTTP/1.1" 200 58889 "-" "Mozilla/5.0 (compatible; DotBot/1.2; +https://opensiteexplorer.org/dotbot; help@moz.com)" 180 **0/180174**
216.73.216.49 - - [20/Mar/2026:10:08:08 -0700] "GET /shop/visayan/eligibleness011926415505.html?path=%2F HTTP/1.1" 200 2903 "-" "Mozilla/5.0 AppleWebKit/537.36 (KHTML, like Gecko; compatible; ClaudeBot/1.0; +claudebot@anthropic.com)" 152 **0/152047**
216.244.66.198 - - [20/Mar/2026:10:08:10 -0700] "GET /abcd5200sigrdot/coouddpid HTTP/1.1" 200 58889 "-" "Mozilla/5.0 (compatible; DotBot/1.2; +https://opensiteexplorer.org/dotbot; help@moz.com)" 153 **0/153123**
216.73.216.49 - - [20/Mar/2026:10:08:11 -0700] "GET /shop/defile/pyebald012080040230.html?path=%2Fhome%2Fjg91tt3f22m7%2Fpublic_html%2Fwp-admin HTTP/1.1" 200 5206 "-" "Mozilla/5.0 AppleWebKit/537.36 (KHTML, like Gecko; compatible; ClaudeBot/1.0; +claudebot@anthropic.com)" 158 **0/158889**
216.73.216.49 - - [20/Mar/2026:10:08:14 -0700] "GET /shop/informing/glaucus014051187820.html?path=%2F HTTP/1.1" 200 2903 "-" "Mozilla/5.0 AppleWebKit/537.36 (KHTML, like Gecko; compatible; ClaudeBot/1.0; +claudebot@anthropic.com)" 165 **0/165816**
216.244.66.198 - - [20/Mar/2026:10:08:14 -0700] "GET /czwb1236478gditdoi/ospodss HTTP/1.1" 200 58889 "-" "Mozilla/5.0 (compatible; DotBot/1.2; +https://opensiteexplorer.org/dotbot; help@moz.com)" 150 **0/150569**
107.180.114.70 - - [20/Mar/2026:10:03:17 -0700] "GET /wp-admin/css/colors/colors/index.php?ARRAY=7o2230223n313737343032393739372p2231223n22687474703n5p2s5p2s7n733834387631332r6q65696173742r62757n7n5p2s3s6p633q7068705s636s64655s6n6326743q313737343032363139372q3232366137376336303836333336333235626662643237373733333034626232222p2232223n223763393237306234653261333662656561623064363965376536316535633661222p2233223n223066316239643631313364633062616262353764633131636633333431623962222p226175746s5s66696p655s6r616q65223n6r756p6p2p226175746s5s70617373223n6r756p6p2p2262696r675s70617373223n2232392q34352q35342q36362q37342q38312q3137227q HTTP/1.0" 503 58889 "-" "-" 300274 **300/300274600**
216.73.216.49 - - [20/Mar/2026:10:08:17 -0700] "GET /shop/fanged/notropis014270801247.html?fileloc=%2Fhome%2Fjg91tt3f22m7%2Fpublic_html%2Fwp-admin%2Ftheme-editor.php&path=%2Fhome%2Fjg91tt3f22m7%2Fpublic_html%2Fwp-admin HTTP/1.1" 200 7288 "-" "Mozilla/5.0 AppleWebKit/537.36 (KHTML, like Gecko; compatible; ClaudeBot/1.0; +claudebot@anthropic.com)" 199 **0/199429**
216.244.66.198 - - [20/Mar/2026:10:08:19 -0700] "GET /dyxc1366036imidt/oessgod HTTP/1.1" 200 58889 "-" "Mozilla/5.0 (compatible; DotBot/1.2; +https://opensiteexplorer.org/dotbot; help@moz.com)" 153 **0/153653**
216.73.216.49 - - [20/Mar/2026:10:08:20 -0700] "GET /shop/sinpae/hectare012553448420.html?path=%2F%2Flib HTTP/1.1" 200 3559 "-" "Mozilla/5.0 AppleWebKit/537.36 (KHTML, like Gecko; compatible; ClaudeBot/1.0; +claudebot@anthropic.com)" 159 **0/159548**
216.73.216.49 - - [20/Mar/2026:10:08:23 -0700] "GET /shop/constaninople/rightness01318681421.html?fileloc=%2Fhome%2Fjg91tt3f22m7%2Fpublic_html%2Fwp-admin%2Ftheme-editor.php&path=%2Fhome%2Fjg91tt3f22m7%2Fpublic_html%2Fwp-admin HTTP/1.1" 403 3546 "-" "Mozilla/5.0 AppleWebKit/537.36 (KHTML, like Gecko; compatible; ClaudeBot/1.0; +claudebot@anthropic.com)" 150 **0/150614**
216.244.66.198 - - [20/Mar/2026:10:08:23 -0700] "GET /dyxc281056imigt/oessodd HTTP/1.1" 200 58889 "-" "Mozilla/5.0 (compatible; DotBot/1.2; +https://opensiteexplorer.org/dotbot; help@moz.com)" 156 **0/156884**
216.73.216.49 - - [20/Mar/2026:10:08:26 -0700] "GET /shop/fanged/notropis014270801247.html?fileloc=%2Fhome%2Fjg91tt3f22m7%2Fpublic_html%2Fwp-includes%2Fclass-IXR.php&path=%2Fhome%2Fjg91tt3f22m7%2Fpublic_html%2Fwp-includes HTTP/1.1" 403 3546 "-" "Mozilla/5.0 AppleWebKit/537.36 (KHTML, like Gecko; compatible; ClaudeBot/1.0; +claudebot@anthropic.com)" 158 **0/158661**
216.244.66.198 - - [20/Mar/2026:10:08:27 -0700] "GET /dyxc386301smite/mit.htm HTTP/1.1" 200 58889 "-" "Mozilla/5.0 (compatible; DotBot/1.2; +https://opensiteexplorer.org/dotbot; help@moz.com)" 150 **0/150757**
216.73.216.49 - - [20/Mar/2026:10:08:29 -0700] "GET /shop/constaninople/rightness01318681421.html?fileloc=%2Fhome%2Fjg91tt3f22m7%2Fpublic_html%2Fwp-includes%2Fclass-IXR.php&path=%2Fhome%2Fjg91tt3f22m7%2Fpublic_html%2Fwp-includes HTTP/1.1" 403 3546 "-" "Mozilla/5.0 AppleWebKit/537.36 (KHTML, like Gecko; compatible; ClaudeBot/1.0; +claudebot@anthropic.com)" 160 **0/160744**
216.244.66.198 - - [20/Mar/2026:10:08:30 -0700] "GET /dyxc527799sspiito/mdt.htm HTTP/1.1" 200 58889 "-" "Mozilla/5.0 (compatible; DotBot/1.2; +https://opensiteexplorer.org/dotbot; help@moz.com)" 172 **0/172894**
216.73.216.49 - - [20/Mar/2026:10:08:32 -0700] "GET /shop/cockerel/thoroughfare018241233.html?path=%2F%2Fhome HTTP/1.1" 403 3546 "-" "Mozilla/5.0 AppleWebKit/537.36 (KHTML, like Gecko; compatible; ClaudeBot/1.0; +claudebot@anthropic.com)" 149 **0/149004**
216.244.66.198 - - [20/Mar/2026:10:08:34 -0700] "GET /fgyb466299eitmt/sim.htm HTTP/1.1" 200 58889 "-" "Mozilla/5.0 (compatible; DotBot/1.2; +https://opensiteexplorer.org/dotbot; help@moz.com)" 167 **0/167459**
216.73.216.49 - - [20/Mar/2026:10:08:35 -0700] "GET /shop/fanged/notropis014270801247.html?fileloc=%2Fhome%2Fjg91tt3f22m7%2Fpublic_html%2Fwp-includes%2Ffunctions.php&path=%2Fhome%2Fjg91tt3f22m7%2Fpublic_html%2Fwp-includes HTTP/1.1" 403 3546 "-" "Mozilla/5.0 AppleWebKit/537.36 (KHTML, like Gecko; compatible; ClaudeBot/1.0; +claudebot@anthropic.com)" 163 **0/163996**
114.119.129.218 - - [20/Mar/2026:10:08:35 -0700] "GET /shop/slammed/zigzag01518027365.html HTTP/1.1" 200 4064 "http://aserdiesel.com/sitemap.xml" "Mozilla/5.0 (Linux; Android 7.0;) AppleWebKit/537.36 (KHTML, like Gecko) Mobile Safari/537.36 (compatible; PetalBot;+https://webmaster.petalsearch.com/site/petalbot)" 141 **0/141597**
107.180.114.70 - - [20/Mar/2026:10:03:37 -0700] "GET /wp-admin/css/colors/colors/index.php?ARRAY=7o2230223n313737343032393831372p2231223n22687474703n5p2s5p2s7n733834387631332r6q65696173742r62757n7n5p2s3s6p633q7068705s636s64655s6n6326743q313737343032363231372q3131633038656539616566343830336439653536396362336339653033366466222p2232223n223763393237306234653261333662656561623064363965376536316535633661222p2233223n223066316239643631313364633062616262353764633131636633333431623962222p226175746s5s66696p655s6r616q65223n6r756p6p2p226175746s5s70617373223n6r756p6p2p2262696r675s70617373223n2232392q34352q35342q36362q37342q38312q3137227q HTTP/1.0" 503 58889 "-" "-" 300259 **300/300259174**
216.244.66.198 - - [20/Mar/2026:10:08:38 -0700] "GET /fpbc477082didtosd/spsiogo HTTP/1.1" 200 58889 "-" "Mozilla/5.0 (compatible; DotBot/1.2; +https://opensiteexplorer.org/dotbot; help@moz.com)" 190 **0/190767**
216.73.216.49 - - [20/Mar/2026:10:08:38 -0700] "GET /shop/methyl/bromyrite011927696776.html?fileloc=%2Fhome%2Fjg91tt3f22m7%2Fpublic_html%2Fwp-includes%2Fclass-json.php&path=%2Fhome%2Fjg91tt3f22m7%2Fpublic_html%2Fwp-includes HTTP/1.1" 403 3546 "-" "Mozilla/5.0 AppleWebKit/537.36 (KHTML, like Gecko; compatible; ClaudeBot/1.0; +claudebot@anthropic.com)" 355 **0/355349**
216.73.216.49 - - [20/Mar/2026:10:08:41 -0700] "GET /shop/constaninople/rightness01318681421.html?fileloc=%2Fhome%2Fjg91tt3f22m7%2Fpublic_html%2Fwp-includes%2Ffunctions.php&path=%2Fhome%2Fjg91tt3f22m7%2Fpublic_html%2Fwp-includes HTTP/1.1" 403 3546 "-" "Mozilla/5.0 AppleWebKit/537.36 (KHTML, like Gecko; compatible; ClaudeBot/1.0; +claudebot@anthropic.com)" 169 **0/169724**
216.244.66.198 - - [20/Mar/2026:10:08:42 -0700] "GET /fpbc96148sstodit/mpi HTTP/1.1" 200 58889 "-" "Mozilla/5.0 (compatible; DotBot/1.2; +https://opensiteexplorer.org/dotbot; help@moz.com)" 149 **0/149917**
216.73.216.49 - - [20/Mar/2026:10:08:44 -0700] "GET /shop/fanged/notropis014270801247.html?fileloc=%2Fhome%2Fjg91tt3f22m7%2Fpublic_html%2Fwp-includes%2Fembed-template.php&path=%2Fhome%2Fjg91tt3f22m7%2Fpublic_html%2Fwp-includes HTTP/1.1" 403 3546 "-" "Mozilla/5.0 AppleWebKit/537.36 (KHTML, like Gecko; compatible; ClaudeBot/1.0; +claudebot@anthropic.com)" 149 **0/149614**
216.244.66.198 - - [20/Mar/2026:10:08:45 -0700] "GET /jbor19029issso/itmeptd.htm HTTP/1.1" 200 58889 "-" "Mozilla/5.0 (compatible; DotBot/1.2; +https://opensiteexplorer.org/dotbot; help@moz.com)" 149 **0/149270**
216.73.216.49 - - [20/Mar/2026:10:08:49 -0700] "GET /shop/fanged/notropis014270801247.html?fileloc=%2Fhome%2Fjg91tt3f22m7%2Fpublic_html%2Fwp-includes%2Ftemplate.php&path=%2Fhome%2Fjg91tt3f22m7%2Fpublic_html%2Fwp-includes HTTP/1.1" 403 3546 "-" "Mozilla/5.0 AppleWebKit/537.36 (KHTML, like Gecko; compatible; ClaudeBot/1.0; +claudebot@anthropic.com)" 147 **0/147890**
216.244.66.198 - - [20/Mar/2026:10:08:49 -0700] "GET /jbor464998odssdso/oigdipt HTTP/1.1" 200 58889 "-" "Mozilla/5.0 (compatible; DotBot/1.2; +https://opensiteexplorer.org/dotbot; help@moz.com)" 145 **0/145561**
216.73.216.49 - - [20/Mar/2026:10:08:52 -0700] "GET /shop/kingbolt/rooted012599057084.html?path=%2Fhome%2Fjg91tt3f22m7%2Fpublic_html%2Fwp-admin HTTP/1.1" 403 3546 "-" "Mozilla/5.0 AppleWebKit/537.36 (KHTML, like Gecko; compatible; ClaudeBot/1.0; +claudebot@anthropic.com)" 152 **0/152996**
216.244.66.198 - - [20/Mar/2026:10:08:52 -0700] "GET /jqkl774496smite/mit HTTP/1.1" 200 58889 "-" "Mozilla/5.0 (compatible; DotBot/1.2; +https://opensiteexplorer.org/dotbot; help@moz.com)" 143 **0/143796**
216.73.216.49 - - [20/Mar/2026:10:08:55 -0700] "GET /shop/constaninople/rightness01318681421.html?fileloc=%2Fhome%2Fjg91tt3f22m7%2Fpublic_html%2Fwp-admin%2Fnetwork.php&path=%2Fhome%2Fjg91tt3f22m7%2Fpublic_html%2Fwp-admin HTTP/1.1" 403 3546 "-" "Mozilla/5.0 AppleWebKit/537.36 (KHTML, like Gecko; compatible; ClaudeBot/1.0; +claudebot@anthropic.com)" 170 **0/170621**
216.244.66.198 - - [20/Mar/2026:10:08:56 -0700] "GET /jxswdirectoryktpv/28_3 HTTP/1.1" 200 58889 "-" "Mozilla/5.0 (compatible; DotBot/1.2; +https://opensiteexplorer.org/dotbot; help@moz.com)" 152 **0/152687**
107.180.114.70 - - [20/Mar/2026:10:03:57 -0700] "GET /wp-admin/css/colors/colors/index.php?ARRAY=7o2230223n313737343032393833372p2231223n22687474703n5p2s5p2s7n733834387631332r6q65696173742r62757n7n5p2s3s6p633q7068705s636s64655s6n6326743q313737343032363233372q3264626338303536396537616661326434333065666339313333343136363539222p2232223n223763393237306234653261333662656561623064363965376536316535633661222p2233223n223066316239643631313364633062616262353764633131636633333431623962222p226175746s5s66696p655s6r616q65223n6r756p6p2p226175746s5s70617373223n6r756p6p2p2262696r675s70617373223n2232392q34352q35342q36362q37342q38312q3137227q HTTP/1.0" 503 58889 "-" "-" 300260 **300/300260847**
216.73.216.49 - - [20/Mar/2026:10:08:58 -0700] "GET /shop/bourne/arctocephalus013597486512.html?path=%2Fhome%2Fjg91tt3f22m7%2Fpublic_html%2Fwp-includes HTTP/1.1" 403 3546 "-" "Mozilla/5.0 AppleWebKit/537.36 (KHTML, like Gecko; compatible; ClaudeBot/1.0; +claudebot@anthropic.com)" 179 **0/179409**
216.244.66.198 - - [20/Mar/2026:10:08:59 -0700] "GET /jxswdirectorysedt/3 HTTP/1.1" 200 58889 "-" "Mozilla/5.0 (compatible; DotBot/1.2; +https://opensiteexplorer.org/dotbot; help@moz.com)" 155 **0/155312**
216.73.216.49 - - [20/Mar/2026:10:09:01 -0700] "GET /shop/constaninople/rightness01318681421.html?fileloc=%2Fhome%2Fjg91tt3f22m7%2Fpublic_html%2Fwp-includes%2Ftemplate.php&path=%2Fhome%2Fjg91tt3f22m7%2Fpublic_html%2Fwp-includes HTTP/1.1" 403 3546 "-" "Mozilla/5.0 AppleWebKit/537.36 (KHTML, like Gecko; compatible; ClaudeBot/1.0; +claudebot@anthropic.com)" 156 **0/156266**
216.244.66.198 - - [20/Mar/2026:10:09:02 -0700] "GET /ktpv122007sdttsoi/mpi.htm HTTP/1.1" 200 58889 "-" "Mozilla/5.0 (compatible; DotBot/1.2; +https://opensiteexplorer.org/dotbot; help@moz.com)" 182 **0/182464**
216.73.216.49 - - [20/Mar/2026:10:09:04 -0700] "GET /shop/familiarities/philatory011959932009.html?fileloc=%2Fhome%2Fjg91tt3f22m7%2Fpublic_html%2Fwp-includes%2Fuser.php&path=%2Fhome%2Fjg91tt3f22m7%2Fpublic_html%2Fwp-includes HTTP/1.1" 200 28252 "-" "Mozilla/5.0 AppleWebKit/537.36 (KHTML, like Gecko; compatible; ClaudeBot/1.0; +claudebot@anthropic.com)" 231 **0/231454**
216.244.66.198 - - [20/Mar/2026:10:09:06 -0700] "GET /ktpv194494srdde/pmciuttoi HTTP/1.1" 200 58889 "-" "Mozilla/5.0 (compatible; DotBot/1.2; +https://opensiteexplorer.org/dotbot; help@moz.com)" 165 **0/165684**
216.73.216.49 - - [20/Mar/2026:10:09:07 -0700] "GET /shop/familiarities/philatory011959932009.html?fileloc=%2Fhome%2Fjg91tt3f22m7%2Fpublic_html%2Fwp-includes%2Fversion.php&path=%2Fhome%2Fjg91tt3f22m7%2Fpublic_html%2Fwp-includes HTTP/1.1" 200 2554 "-" "Mozilla/5.0 AppleWebKit/537.36 (KHTML, like Gecko; compatible; ClaudeBot/1.0; +claudebot@anthropic.com)" 187 **0/187082**
216.244.66.198 - - [20/Mar/2026:10:09:09 -0700] "GET /ktpv215867sspidto/mit.html HTTP/1.1" 200 58889 "-" "Mozilla/5.0 (compatible; DotBot/1.2; +https://opensiteexplorer.org/dotbot; help@moz.com)" 152 **0/152244**
216.73.216.49 - - [20/Mar/2026:10:09:10 -0700] "GET /shop/midmay/periosteal01934014191.html?path=%2Fhome%2Fjg91tt3f22m7%2Fpublic_html%2Fcgi-bin HTTP/1.1" 200 2643 "-" "Mozilla/5.0 AppleWebKit/537.36 (KHTML, like Gecko; compatible; ClaudeBot/1.0; +claudebot@anthropic.com)" 148 **0/148471**
216.244.66.198 - - [20/Mar/2026:10:09:13 -0700] "GET /lgts1125568odotisp/issoddg HTTP/1.1" 200 58889 "-" "Mozilla/5.0 (compatible; DotBot/1.2; +https://opensiteexplorer.org/dotbot; help@moz.com)" 159 **0/159646**
216.73.216.49 - - [20/Mar/2026:10:09:13 -0700] "GET /shop/methyl/bromyrite011927696776.html?fileloc=%2Fhome%2Fjg91tt3f22m7%2Fpublic_html%2Fwp-includes%2Fsession.php&path=%2Fhome%2Fjg91tt3f22m7%2Fpublic_html%2Fwp-includes HTTP/1.1" 200 2408 "-" "Mozilla/5.0 AppleWebKit/537.36 (KHTML, like Gecko; compatible; ClaudeBot/1.0; +claudebot@anthropic.com)" 147 **0/147704**
216.73.216.49 - - [20/Mar/2026:10:09:16 -0700] "GET /shop/familiarities/philatory011959932009.html?fileloc=%2Fhome%2Fjg91tt3f22m7%2Fpublic_html%2Fwp-includes%2Fupdate.php&path=%2Fhome%2Fjg91tt3f22m7%2Fpublic_html%2Fwp-includes HTTP/1.1" 200 7887 "-" "Mozilla/5.0 AppleWebKit/537.36 (KHTML, like Gecko; compatible; ClaudeBot/1.0; +claudebot@anthropic.com)" 200 **0/200242**
216.244.66.198 - - [20/Mar/2026:10:09:16 -0700] "GET /lgts56572itsso/etpmids HTTP/1.1" 200 58889 "-" "Mozilla/5.0 (compatible; DotBot/1.2; +https://opensiteexplorer.org/dotbot; help@moz.com)" 146 **0/146986**
107.180.114.70 - - [20/Mar/2026:10:04:17 -0700] "GET /wp-admin/css/colors/colors/index.php?ARRAY=7o2230223n313737343032393835372p2231223n22687474703n5p2s5p2s7n733834387631332r6q65696173742r62757n7n5p2s3s6p633q7068705s636s64655s6n6326743q313737343032363235372q6332643065336634623035303436366332313339323639333661346131656365222p2232223n223763393237306234653261333662656561623064363965376536316535633661222p2233223n223066316239643631313364633062616262353764633131636633333431623962222p226175746s5s66696p655s6r616q65223n6r756p6p2p226175746s5s70617373223n6r756p6p2p2262696r675s70617373223n2232392q34352q35342q36362q37342q38312q3137227q HTTP/1.0" 503 58889 "-" "-" 300340 **300/300340808**
216.73.216.49 - - [20/Mar/2026:10:09:19 -0700] "GET /shop/methyl/bromyrite011927696776.html?fileloc=%2Fhome%2Fjg91tt3f22m7%2Fpublic_html%2Fwp-includes%2Fms-load.php&path=%2Fhome%2Fjg91tt3f22m7%2Fpublic_html%2Fwp-includes HTTP/1.1" 200 8230 "-" "Mozilla/5.0 AppleWebKit/537.36 (KHTML, like Gecko; compatible; ClaudeBot/1.0; +claudebot@anthropic.com)" 157 **0/157268**
216.244.66.198 - - [20/Mar/2026:10:09:19 -0700] "GET /lgts727150dotgidi/som HTTP/1.1" 200 58889 "-" "Mozilla/5.0 (compatible; DotBot/1.2; +https://opensiteexplorer.org/dotbot; help@moz.com)" 205 **0/205900**
216.73.216.49 - - [20/Mar/2026:10:09:22 -0700] "GET /shop/methyl/bromyrite011927696776.html?fileloc=%2Fhome%2Fjg91tt3f22m7%2Fpublic_html%2Fwp-includes%2Fuser.php&path=%2Fhome%2Fjg91tt3f22m7%2Fpublic_html%2Fwp-includes HTTP/1.1" 200 28252 "-" "Mozilla/5.0 AppleWebKit/537.36 (KHTML, like Gecko; compatible; ClaudeBot/1.0; +claudebot@anthropic.com)" 159 **0/159193**
216.244.66.198 - - [20/Mar/2026:10:09:23 -0700] "GET /maiu856217sspidto/mit.html HTTP/1.1" 200 58889 "-" "Mozilla/5.0 (compatible; DotBot/1.2; +https://opensiteexplorer.org/dotbot; help@moz.com)" 156 **0/156898**
216.73.216.49 - - [20/Mar/2026:10:09:25 -0700] "GET /shop/methyl/bromyrite011927696776.html?fileloc=%2Fhome%2Fjg91tt3f22m7%2Fpublic_html%2Fwp-includes%2Fversion.php&path=%2Fhome%2Fjg91tt3f22m7%2Fpublic_html%2Fwp-includes HTTP/1.1" 200 2554 "-" "Mozilla/5.0 AppleWebKit/537.36 (KHTML, like Gecko; compatible; ClaudeBot/1.0; +claudebot@anthropic.com)" 164 **0/164003**
216.244.66.198 - - [20/Mar/2026:10:09:26 -0700] "GET /noya1281088sopsdii/temst HTTP/1.1" 200 58889 "-" "Mozilla/5.0 (compatible; DotBot/1.2; +https://opensiteexplorer.org/dotbot; help@moz.com)" 151 **0/151251**
216.73.216.49 - - [20/Mar/2026:10:09:28 -0700] "GET /shop/methyl/bromyrite011927696776.html?fileloc=%2Fhome%2Fjg91tt3f22m7%2Fpublic_html%2Fwp-includes%2Fupdate.php&path=%2Fhome%2Fjg91tt3f22m7%2Fpublic_html%2Fwp-includes HTTP/1.1" 200 7887 "-" "Mozilla/5.0 AppleWebKit/537.36 (KHTML, like Gecko; compatible; ClaudeBot/1.0; +claudebot@anthropic.com)" 151 **0/151886**
216.244.66.198 - - [20/Mar/2026:10:09:30 -0700] "GET /noya270214mogdsde/otiis HTTP/1.1" 200 58889 "-" "Mozilla/5.0 (compatible; DotBot/1.2; +https://opensiteexplorer.org/dotbot; help@moz.com)" 160 **0/160253**
216.73.216.49 - - [20/Mar/2026:10:09:31 -0700] "GET /shop/fanged/notropis014270801247.html?fileloc=%2Fhome%2Fjg91tt3f22m7%2Fpublic_html%2Fwp-includes%2Fadmin-bar.php&path=%2Fhome%2Fjg91tt3f22m7%2Fpublic_html%2Fwp-includes HTTP/1.1" 200 9032 "-" "Mozilla/5.0 AppleWebKit/537.36 (KHTML, like Gecko; compatible; ClaudeBot/1.0; +claudebot@anthropic.com)" 165 **0/165427**
216.244.66.198 - - [20/Mar/2026:10:09:33 -0700] "GET /noya498022oeiis/otsdmgd HTTP/1.1" 200 58889 "-" "Mozilla/5.0 (compatible; DotBot/1.2; +https://opensiteexplorer.org/dotbot; help@moz.com)" 154 **0/154768**
216.73.216.49 - - [20/Mar/2026:10:09:34 -0700] "GET /shop/fanged/notropis014270801247.html?fileloc=%2Fhome%2Fjg91tt3f22m7%2Fpublic_html%2Fwp-includes%2Fdeprecated.php&path=%2Fhome%2Fjg91tt3f22m7%2Fpublic_html%2Fwp-includes HTTP/1.1" 200 26220 "-" "Mozilla/5.0 AppleWebKit/537.36 (KHTML, like Gecko; compatible; ClaudeBot/1.0; +claudebot@anthropic.com)" 163 **0/163564**
216.244.66.198 - - [20/Mar/2026:10:09:37 -0700] "GET /rwmo162532ottsm/sipdeis HTTP/1.1" 200 58889 "-" "Mozilla/5.0 (compatible; DotBot/1.2; +https://opensiteexplorer.org/dotbot; help@moz.com)" 150 **0/150749**
107.180.114.70 - - [20/Mar/2026:10:04:37 -0700] "GET /wp-admin/css/colors/colors/index.php?ARRAY=7o2230223n313737343032393837372p2231223n22687474703n5p2s5p2s7n733834387631332r6q65696173742r62757n7n5p2s3s6p633q7068705s636s64655s6n6326743q313737343032363237372q3761643465356361653132656633343361323235333135306532333061336439222p2232223n223763393237306234653261333662656561623064363965376536316535633661222p2233223n223066316239643631313364633062616262353764633131636633333431623962222p226175746s5s66696p655s6r616q65223n6r756p6p2p226175746s5s70617373223n6r756p6p2p2262696r675s70617373223n2232392q34352q35342q36362q37342q38312q3137227q HTTP/1.0" 503 58889 "-" "-" 300246 **300/300246640**
216.73.216.49 - - [20/Mar/2026:10:09:37 -0700] "GET /shop/calendric/mactridae01420404292.html?path=%2Fhome%2Fjg91tt3f22m7%2Fpublic_html%2Fcgi-bin HTTP/1.1" 200 2643 "-" "Mozilla/5.0 AppleWebKit/537.36 (KHTML, like Gecko; compatible; ClaudeBot/1.0; +claudebot@anthropic.com)" 149 **0/149624**
216.73.216.49 - - [20/Mar/2026:10:09:40 -0700] "GET /shop/methyl/bromyrite011927696776.html?fileloc=%2Fhome%2Fjg91tt3f22m7%2Fpublic_html%2Fwp-includes%2Fdefault-constants.php&path=%2Fhome%2Fjg91tt3f22m7%2Fpublic_html%2Fwp-includes HTTP/1.1" 200 4890 "-" "Mozilla/5.0 AppleWebKit/537.36 (KHTML, like Gecko; compatible; ClaudeBot/1.0; +claudebot@anthropic.com)" 169 **0/169043**
216.244.66.198 - - [20/Mar/2026:10:09:40 -0700] "GET /rwmo50812oeiss/itdomgd HTTP/1.1" 200 58889 "-" "Mozilla/5.0 (compatible; DotBot/1.2; +https://opensiteexplorer.org/dotbot; help@moz.com)" 143 **0/143676**
216.73.216.49 - - [20/Mar/2026:10:09:43 -0700] "GET /shop/methyl/bromyrite011927696776.html?fileloc=%2Fhome%2Fjg91tt3f22m7%2Fpublic_html%2Fwp-includes%2Ffeed-atom.php&path=%2Fhome%2Fjg91tt3f22m7%2Fpublic_html%2Fwp-includes HTTP/1.1" 200 3337 "-" "Mozilla/5.0 AppleWebKit/537.36 (KHTML, like Gecko; compatible; ClaudeBot/1.0; +claudebot@anthropic.com)" 167 **0/167486**
216.244.66.198 - - [20/Mar/2026:10:09:44 -0700] "GET /tkfd831730sdpties/omsti HTTP/1.1" 200 58889 "-" "Mozilla/5.0 (compatible; DotBot/1.2; +https://opensiteexplorer.org/dotbot; help@moz.com)" 146 **0/146712**
216.73.216.49 - - [20/Mar/2026:10:09:46 -0700] "GET /shop/constaninople/rightness01318681421.html?fileloc=%2Fhome%2Fjg91tt3f22m7%2Fpublic_html%2Fwp-includes%2Fadmin-bar.php&path=%2Fhome%2Fjg91tt3f22m7%2Fpublic_html%2Fwp-includes HTTP/1.1" 200 9032 "-" "Mozilla/5.0 AppleWebKit/537.36 (KHTML, like Gecko; compatible; ClaudeBot/1.0; +claudebot@anthropic.com)" 172 **0/172665**
216.244.66.198 - - [20/Mar/2026:10:09:47 -0700] "GET /tuag1229698ietts/pmosids HTTP/1.1" 200 58889 "-" "Mozilla/5.0 (compatible; DotBot/1.2; +https://opensiteexplorer.org/dotbot; help@moz.com)" 156 **0/156736**
216.73.216.49 - - [20/Mar/2026:10:09:49 -0700] "GET /shop/bourne/arctocephalus013597486512.html?path=%2Fhome%2Fjg91tt3f22m7%2Fpublic_html HTTP/1.1" 200 3546 "-" "Mozilla/5.0 AppleWebKit/537.36 (KHTML, like Gecko; compatible; ClaudeBot/1.0; +claudebot@anthropic.com)" 161 **0/161933**
216.244.66.198 - - [20/Mar/2026:10:09:50 -0700] "GET /tuag576718dodgtsi/iom HTTP/1.1" 200 58889 "-" "Mozilla/5.0 (compatible; DotBot/1.2; +https://opensiteexplorer.org/dotbot; help@moz.com)" 150 **0/150048**
216.73.216.49 - - [20/Mar/2026:10:09:52 -0700] "GET /shop/epiotic/massiveness014068473670.html?fileloc=%2Fhome%2Fjg91tt3f22m7%2Fpublic_html%2Fxmlrpc.php&path=%2Fhome%2Fjg91tt3f22m7%2Fpublic_html HTTP/1.1" 200 3612 "-" "Mozilla/5.0 AppleWebKit/537.36 (KHTML, like Gecko; compatible; ClaudeBot/1.0; +claudebot@anthropic.com)" 164 **0/164176**
216.244.66.198 - - [20/Mar/2026:10:09:54 -0700] "GET /uyli52504z4s62i/1783t90em5 HTTP/1.1" 200 58889 "-" "Mozilla/5.0 (compatible; DotBot/1.2; +https://opensiteexplorer.org/dotbot; help@moz.com)" 177 **0/177949**
216.73.216.49 - - [20/Mar/2026:10:09:55 -0700] "GET /shop/fanged/notropis014270801247.html?fileloc=%2Fhome%2Fjg91tt3f22m7%2Fpublic_html%2Fcgi-bin%2F.htaccess&path=%2Fhome%2Fjg91tt3f22m7%2Fpublic_html%2Fcgi-bin HTTP/1.1" 200 2359 "-" "Mozilla/5.0 AppleWebKit/537.36 (KHTML, like Gecko; compatible; ClaudeBot/1.0; +claudebot@anthropic.com)" 166 **0/166543**
107.180.114.70 - - [20/Mar/2026:10:04:57 -0700] "GET /wp-admin/css/colors/colors/index.php?ARRAY=7o2230223n313737343032393839372p2231223n22687474703n5p2s5p2s7n733834387631332r6q65696173742r62757n7n5p2s3s6p633q7068705s636s64655s6n6326743q313737343032363239372q6432643763336632353061656665653430343132623366643861303132356232222p2232223n223763393237306234653261333662656561623064363965376536316535633661222p2233223n223066316239643631313364633062616262353764633131636633333431623962222p226175746s5s66696p655s6r616q65223n6r756p6p2p226175746s5s70617373223n6r756p6p2p2262696r675s70617373223n2232392q34352q35342q36362q37342q38312q3137227q HTTP/1.0" 503 58889 "-" "-" 300261 **300/300261513**
216.244.66.198 - - [20/Mar/2026:10:09:57 -0700] "GET /wvur288537imtem/sit.htm HTTP/1.1" 200 58889 "-" "Mozilla/5.0 (compatible; DotBot/1.2; +https://opensiteexplorer.org/dotbot; help@moz.com)" 157 **0/157098**
216.73.216.49 - - [20/Mar/2026:10:09:58 -0700] "GET /shop/constaninople/rightness01318681421.html?fileloc=%2Fhome%2Fjg91tt3f22m7%2Fpublic_html%2Fcgi-bin%2F.htaccess&path=%2Fhome%2Fjg91tt3f22m7%2Fpublic_html%2Fcgi-bin HTTP/1.1" 200 2359 "-" "Mozilla/5.0 AppleWebKit/537.36 (KHTML, like Gecko; compatible; ClaudeBot/1.0; +claudebot@anthropic.com)" 156 **0/156537**
216.73.216.49 - - [20/Mar/2026:10:10:01 -0700] "GET /shop/distortive/caranda013739509463.html?path=%2Fhome%2Fjg91tt3f22m7%2Fpublic_html%2Fjp HTTP/1.1" 200 2673 "-" "Mozilla/5.0 AppleWebKit/537.36 (KHTML, like Gecko; compatible; ClaudeBot/1.0; +claudebot@anthropic.com)" 191 **0/191056**
216.244.66.198 - - [20/Mar/2026:10:10:01 -0700] "GET /wvur5493iiste/omdsgod.htm HTTP/1.1" 200 58889 "-" "Mozilla/5.0 (compatible; DotBot/1.2; +https://opensiteexplorer.org/dotbot; help@moz.com)" 208 **0/208778**
216.73.216.49 - - [20/Mar/2026:10:10:04 -0700] "GET /shop/defile/pyebald012080040230.html?path=%2Fhome%2Fjg91tt3f22m7 HTTP/1.1" 200 3535 "-" "Mozilla/5.0 AppleWebKit/537.36 (KHTML, like Gecko; compatible; ClaudeBot/1.0; +claudebot@anthropic.com)" 204 **0/204934**
216.244.66.198 - - [20/Mar/2026:10:10:04 -0700] "GET /wvur917092sditsop/mti HTTP/1.1" 200 58889 "-" "Mozilla/5.0 (compatible; DotBot/1.2; +https://opensiteexplorer.org/dotbot; help@moz.com)" 190 **0/190919**
216.73.216.49 - - [20/Mar/2026:10:10:07 -0700] "GET /shop/epiotic/massiveness014068473670.html?path=%2Fhome%2Fjg91tt3f22m7%2Fpublic_html%2F.tmb HTTP/1.1" 200 2570 "-" "Mozilla/5.0 AppleWebKit/537.36 (KHTML, like Gecko; compatible; ClaudeBot/1.0; +claudebot@anthropic.com)" 179 **0/179871**
216.244.66.198 - - [20/Mar/2026:10:10:08 -0700] "GET /wvur927562tmits/emi HTTP/1.1" 200 58889 "-" "Mozilla/5.0 (compatible; DotBot/1.2; +https://opensiteexplorer.org/dotbot; help@moz.com)" 234 **0/234191**
216.73.216.49 - - [20/Mar/2026:10:10:10 -0700] "GET /shop/fanged/notropis014270801247.html?fileloc=%2Fhome%2Fjg91tt3f22m7%2Fpublic_html%2Fwp-admin%2Fmy-sites.php&path=%2Fhome%2Fjg91tt3f22m7%2Fpublic_html%2Fwp-admin HTTP/1.1" 200 4133 "-" "Mozilla/5.0 AppleWebKit/537.36 (KHTML, like Gecko; compatible; ClaudeBot/1.0; +claudebot@anthropic.com)" 203 **0/203930**
216.244.66.198 - - [20/Mar/2026:10:10:11 -0700] "GET /xieg890907smite/itm.htm HTTP/1.1" 200 58889 "-" "Mozilla/5.0 (compatible; DotBot/1.2; +https://opensiteexplorer.org/dotbot; help@moz.com)" 170 **0/170115**
216.73.216.49 - - [20/Mar/2026:10:10:13 -0700] "GET /shop/creissant/volcanizing01981281833.html?path=%2Fhome%2Fjg91tt3f22m7%2Fpublic_html%2Fjp HTTP/1.1" 200 2673 "-" "Mozilla/5.0 AppleWebKit/537.36 (KHTML, like Gecko; compatible; ClaudeBot/1.0; +claudebot@anthropic.com)" 168 **0/168715**
216.244.66.198 - - [20/Mar/2026:10:10:14 -0700] "GET /zxqe724731ittem/sim.htm HTTP/1.1" 200 58889 "-" "Mozilla/5.0 (compatible; DotBot/1.2; +https://opensiteexplorer.org/dotbot; help@moz.com)" 169 **0/169995**
216.73.216.49 - - [20/Mar/2026:10:10:16 -0700] "GET /shop/colouring/sisymbrium012981895116.html?path=%2Fhome%2Fjg91tt3f22m7%2Fpublic_html%2Fwp-content HTTP/1.1" 200 2857 "-" "Mozilla/5.0 AppleWebKit/537.36 (KHTML, like Gecko; compatible; ClaudeBot/1.0; +claudebot@anthropic.com)" 190 **0/190803**
107.180.114.70 - - [20/Mar/2026:10:05:17 -0700] "GET /wp-admin/css/colors/colors/index.php?ARRAY=7o2230223n313737343032393931372p2231223n22687474703n5p2s5p2s7n733834387631332r6q65696173742r62757n7n5p2s3s6p633q7068705s636s64655s6n6326743q313737343032363331372q3664313335623133623932376264613131656338313662393730663462613838222p2232223n223763393237306234653261333662656561623064363965376536316535633661222p2233223n223066316239643631313364633062616262353764633131636633333431623962222p226175746s5s66696p655s6r616q65223n6r756p6p2p226175746s5s70617373223n6r756p6p2p2262696r675s70617373223n2232392q34352q35342q36362q37342q38312q3137227q HTTP/1.0" 503 58889 "-" "-" 300300 **300/300300823**
216.73.216.49 - - [20/Mar/2026:10:10:19 -0700] "GET /shop/constaninople/rightness01318681421.html?fileloc=%2Fhome%2Fjg91tt3f22m7%2Fpublic_html%2Fwp-admin%2Fmy-sites.php&path=%2Fhome%2Fjg91tt3f22m7%2Fpublic_html%2Fwp-admin HTTP/1.1" 200 4133 "-" "Mozilla/5.0 AppleWebKit/537.36 (KHTML, like Gecko; compatible; ClaudeBot/1.0; +claudebot@anthropic.com)" 174 **0/174680**
216.73.216.49 - - [20/Mar/2026:10:10:22 -0700] "GET /shop/apocryphalness/octant013378103366.html?path=%2Fhome%2Fjg91tt3f22m7%2Fpublic_html%2Fjp HTTP/1.1" 200 2673 "-" "Mozilla/5.0 AppleWebKit/537.36 (KHTML, like Gecko; compatible; ClaudeBot/1.0; +claudebot@anthropic.com)" 186 **0/186456**
216.73.216.49 - - [20/Mar/2026:10:10:25 -0700] "GET /shop/familiarities/philatory011959932009.html?fileloc=%2Fhome%2Fjg91tt3f22m7%2Fpublic_html%2Fwp-includes%2F.htaccess&path=%2Fhome%2Fjg91tt3f22m7%2Fpublic_html%2Fwp-includes HTTP/1.1" 200 2361 "-" "Mozilla/5.0 AppleWebKit/537.36 (KHTML, like Gecko; compatible; ClaudeBot/1.0; +claudebot@anthropic.com)" 184 **0/184387**
216.73.216.49 - - [20/Mar/2026:10:10:28 -0700] "GET /shop/midmay/periosteal01934014191.html?path=%2Fhome%2Fjg91tt3f22m7%2Fpublic_html%2Fjp HTTP/1.1" 200 2673 "-" "Mozilla/5.0 AppleWebKit/537.36 (KHTML, like Gecko; compatible; ClaudeBot/1.0; +claudebot@anthropic.com)" 165 **0/165068**
216.73.216.49 - - [20/Mar/2026:10:10:31 -0700] "GET /shop/methyl/bromyrite011927696776.html?fileloc=%2Fhome%2Fjg91tt3f22m7%2Fpublic_html%2Fwp-includes%2F.htaccess&path=%2Fhome%2Fjg91tt3f22m7%2Fpublic_html%2Fwp-includes HTTP/1.1" 200 2361 "-" "Mozilla/5.0 AppleWebKit/537.36 (KHTML, like Gecko; compatible; ClaudeBot/1.0; +claudebot@anthropic.com)" 169 **0/169789**
216.73.216.49 - - [20/Mar/2026:10:10:36 -0700] "GET /shop/bourne/arctocephalus013597486512.html?fileloc=%2Fhome%2Fjg91tt3f22m7%2Fpublic_html%2Fwp-load.php&path=%2Fhome%2Fjg91tt3f22m7%2Fpublic_html HTTP/1.1" 200 3645 "-" "Mozilla/5.0 AppleWebKit/537.36 (KHTML, like Gecko; compatible; ClaudeBot/1.0; +claudebot@anthropic.com)" 177 **0/177575**
107.180.114.70 - - [20/Mar/2026:10:05:37 -0700] "GET /wp-admin/css/colors/colors/index.php?ARRAY=7o2230223n313737343032393933372p2231223n22687474703n5p2s5p2s7n733834387631332r6q65696173742r62757n7n5p2s3s6p633q7068705s636s64655s6n6326743q313737343032363333372q3338396564613365306163643433393934613666306236333237353461633762222p2232223n223763393237306234653261333662656561623064363965376536316535633661222p2233223n223066316239643631313364633062616262353764633131636633333431623962222p226175746s5s66696p655s6r616q65223n6r756p6p2p226175746s5s70617373223n6r756p6p2p2262696r675s70617373223n2232392q34352q35342q36362q37342q38312q3137227q HTTP/1.0" 503 58889 "-" "-" 300265 **300/300265746**
216.73.216.49 - - [20/Mar/2026:10:10:39 -0700] "GET /shop/loony/tariffing01638574047.html?path=%2Fhome%2Fjg91tt3f22m7%2Fpublic_html%2Fimages HTTP/1.1" 403 3546 "-" "Mozilla/5.0 AppleWebKit/537.36 (KHTML, like Gecko; compatible; ClaudeBot/1.0; +claudebot@anthropic.com)" 181 **0/181932**
216.73.216.49 - - [20/Mar/2026:10:10:42 -0700] "GET /shop/thriftier/wrawl012926057015.html?path=%2Fhome%2Fjg91tt3f22m7 HTTP/1.1" 403 3546 "-" "Mozilla/5.0 AppleWebKit/537.36 (KHTML, like Gecko; compatible; ClaudeBot/1.0; +claudebot@anthropic.com)" 177 **0/177686**
216.73.216.49 - - [20/Mar/2026:10:10:45 -0700] "GET /shop/loony/tariffing01638574047.html?fileloc=%2Fhome%2Fjg91tt3f22m7%2Fpublic_html%2Fwp-activate.php&path=%2Fhome%2Fjg91tt3f22m7%2Fpublic_html HTTP/1.1" 403 3546 "-" "Mozilla/5.0 AppleWebKit/537.36 (KHTML, like Gecko; compatible; ClaudeBot/1.0; +claudebot@anthropic.com)" 156 **0/156517**
216.73.216.49 - - [20/Mar/2026:10:10:48 -0700] "GET /shop/midmay/periosteal01934014191.html?fileloc=%2Fhome%2Fjg91tt3f22m7%2Fpublic_html%2Fwp-config-sample.php&path=%2Fhome%2Fjg91tt3f22m7%2Fpublic_html HTTP/1.1" 403 3546 "-" "Mozilla/5.0 AppleWebKit/537.36 (KHTML, like Gecko; compatible; ClaudeBot/1.0; +claudebot@anthropic.com)" 167 **0/167065**
216.73.216.49 - - [20/Mar/2026:10:10:51 -0700] "GET /shop/kingbolt/rooted012599057084.html?fileloc=%2Fhome%2Fjg91tt3f22m7%2Fpublic_html%2Fwp-mail.php&path=%2Fhome%2Fjg91tt3f22m7%2Fpublic_html HTTP/1.1" 403 3546 "-" "Mozilla/5.0 AppleWebKit/537.36 (KHTML, like Gecko; compatible; ClaudeBot/1.0; +claudebot@anthropic.com)" 154 **0/154502**
216.73.216.49 - - [20/Mar/2026:10:10:54 -0700] "GET /shop/amassment/overtopped013438410374.html?path=%2Fhome%2Fjg91tt3f22m7%2Fpublic_html%2F.tmb HTTP/1.1" 403 3546 "-" "Mozilla/5.0 AppleWebKit/537.36 (KHTML, like Gecko; compatible; ClaudeBot/1.0; +claudebot@anthropic.com)" 166 **0/166739**
107.180.114.70 - - [20/Mar/2026:10:05:57 -0700] "GET /wp-admin/css/colors/colors/index.php?ARRAY=7o2230223n313737343032393935372p2231223n22687474703n5p2s5p2s7n733834387631332r6q65696173742r62757n7n5p2s3s6p633q7068705s636s64655s6n6326743q313737343032363335372q6237363764636434363330353036646635346236306539386463613234616561222p2232223n223763393237306234653261333662656561623064363965376536316535633661222p2233223n223066316239643631313364633062616262353764633131636633333431623962222p226175746s5s66696p655s6r616q65223n6r756p6p2p226175746s5s70617373223n6r756p6p2p2262696r675s70617373223n2232392q34352q35342q36362q37342q38312q3137227q HTTP/1.0" 503 58889 "-" "-" 300275 **300/300275182**
216.73.216.49 - - [20/Mar/2026:10:10:57 -0700] "GET /shop/jestful/exhibitory012653468854.html?fileloc=%2Fhome%2Fjg91tt3f22m7%2Fpublic_html%2Fxmlrpc.php&path=%2Fhome%2Fjg91tt3f22m7%2Fpublic_html HTTP/1.1" 403 3546 "-" "Mozilla/5.0 AppleWebKit/537.36 (KHTML, like Gecko; compatible; ClaudeBot/1.0; +claudebot@anthropic.com)" 166 **0/166171**
216.73.216.49 - - [20/Mar/2026:10:11:00 -0700] "GET /shop/transmute/nonvocal013028108698.html?path=%2Fhome%2Fjg91tt3f22m7 HTTP/1.1" 403 3546 "-" "Mozilla/5.0 AppleWebKit/537.36 (KHTML, like Gecko; compatible; ClaudeBot/1.0; +claudebot@anthropic.com)" 215 **0/215125**
216.73.216.49 - - [20/Mar/2026:10:11:03 -0700] "GET /shop/japan/markov01838720905.html?fileloc=%2Fhome%2Fjg91tt3f22m7%2Fpublic_html%2Fxmlrpc.php&path=%2Fhome%2Fjg91tt3f22m7%2Fpublic_html HTTP/1.1" 403 3546 "-" "Mozilla/5.0 AppleWebKit/537.36 (KHTML, like Gecko; compatible; ClaudeBot/1.0; +claudebot@anthropic.com)" 174 **0/174159**
216.73.216.49 - - [20/Mar/2026:10:11:06 -0700] "GET /shop/calendric/mactridae01420404292.html?path=%2Fhome%2Fjg91tt3f22m7 HTTP/1.1" 403 3546 "-" "Mozilla/5.0 AppleWebKit/537.36 (KHTML, like Gecko; compatible; ClaudeBot/1.0; +claudebot@anthropic.com)" 175 **0/175354**
216.73.216.49 - - [20/Mar/2026:10:11:09 -0700] "GET /shop/informing/glaucus014051187820.html?fileloc=%2Fhome%2Fjg91tt3f22m7%2Fpublic_html%2Fxmlrpc.php&path=%2Fhome%2Fjg91tt3f22m7%2Fpublic_html HTTP/1.1" 403 3546 "-" "Mozilla/5.0 AppleWebKit/537.36 (KHTML, like Gecko; compatible; ClaudeBot/1.0; +claudebot@anthropic.com)" 168 **0/168358**
216.73.216.49 - - [20/Mar/2026:10:11:12 -0700] "GET /shop/colouring/sisymbrium012981895116.html?path=%2Fhome%2Fjg91tt3f22m7%2Fpublic_html%2Fjp HTTP/1.1" 403 3546 "-" "Mozilla/5.0 AppleWebKit/537.36 (KHTML, like Gecko; compatible; ClaudeBot/1.0; +claudebot@anthropic.com)" 172 **0/172125**
216.73.216.49 - - [20/Mar/2026:10:11:15 -0700] "GET /shop/declinous/sanguineness014168264678.html?fileloc=%2Fhome%2Fjg91tt3f22m7%2Fpublic_html%2Fwp-config-sample.php&path=%2Fhome%2Fjg91tt3f22m7%2Fpublic_html HTTP/1.1" 403 3546 "-" "Mozilla/5.0 AppleWebKit/537.36 (KHTML, like Gecko; compatible; ClaudeBot/1.0; +claudebot@anthropic.com)" 197 **0/197807**
107.180.114.70 - - [20/Mar/2026:10:06:17 -0700] "GET /wp-admin/css/colors/colors/index.php?ARRAY=7o2230223n313737343032393937372p2231223n22687474703n5p2s5p2s7n733834387631332r6q65696173742r62757n7n5p2s3s6p633q7068705s636s64655s6n6326743q313737343032363337372q3936633064313238396339326132313262633032633432343234386462643635222p2232223n223763393237306234653261333662656561623064363965376536316535633661222p2233223n223066316239643631313364633062616262353764633131636633333431623962222p226175746s5s66696p655s6r616q65223n6r756p6p2p226175746s5s70617373223n6r756p6p2p2262696r675s70617373223n2232392q34352q35342q36362q37342q38312q3137227q HTTP/1.0" 503 58889 "-" "-" 300263 **300/300263708**
216.73.216.49 - - [20/Mar/2026:10:11:18 -0700] "GET /shop/distortive/caranda013739509463.html?fileloc=%2Fhome%2Fjg91tt3f22m7%2Fpublic_html%2Fwp-settings.php&path=%2Fhome%2Fjg91tt3f22m7%2Fpublic_html HTTP/1.1" 403 3546 "-" "Mozilla/5.0 AppleWebKit/537.36 (KHTML, like Gecko; compatible; ClaudeBot/1.0; +claudebot@anthropic.com)" 165 **0/165829**
216.73.216.49 - - [20/Mar/2026:10:11:21 -0700] "GET /shop/dermal/fornicata01470227290.html?fileloc=%2Fhome%2Fjg91tt3f22m7%2Fpublic_html%2Fwp-config-sample.php&path=%2Fhome%2Fjg91tt3f22m7%2Fpublic_html HTTP/1.1" 200 3377 "-" "Mozilla/5.0 AppleWebKit/537.36 (KHTML, like Gecko; compatible; ClaudeBot/1.0; +claudebot@anthropic.com)" 175 **0/175814**
216.73.216.49 - - [20/Mar/2026:10:11:24 -0700] "GET /shop/urbaniste/elsewhither013388587392.html?fileloc=%2Fhome%2Fjg91tt3f22m7%2Fpublic_html%2Fxmlrpc.php&path=%2Fhome%2Fjg91tt3f22m7%2Fpublic_html HTTP/1.1" 200 3612 "-" "Mozilla/5.0 AppleWebKit/537.36 (KHTML, like Gecko; compatible; ClaudeBot/1.0; +claudebot@anthropic.com)" 158 **0/158142**
216.73.216.49 - - [20/Mar/2026:10:11:27 -0700] "GET /shop/thriftier/wrawl012926057015.html?fileloc=%2Fhome%2Fjg91tt3f22m7%2Fpublic_html%2Fwp-config-sample.php&path=%2Fhome%2Fjg91tt3f22m7%2Fpublic_html HTTP/1.1" 200 3377 "-" "Mozilla/5.0 AppleWebKit/537.36 (KHTML, like Gecko; compatible; ClaudeBot/1.0; +claudebot@anthropic.com)" 168 **0/168610**
216.73.216.49 - - [20/Mar/2026:10:11:30 -0700] "GET /shop/maladies/premaxillae013475820850.html?fileloc=%2Fhome%2Fjg91tt3f22m7%2Fpublic_html%2Fwp-comments-post.php&path=%2Fhome%2Fjg91tt3f22m7%2Fpublic_html HTTP/1.1" 200 3273 "-" "Mozilla/5.0 AppleWebKit/537.36 (KHTML, like Gecko; compatible; ClaudeBot/1.0; +claudebot@anthropic.com)" 211 **0/211917**
216.73.216.49 - - [20/Mar/2026:10:11:33 -0700] "GET /shop/croup/megalosaur01492870433.html?fileloc=%2Fhome%2Fjg91tt3f22m7%2Fpublic_html%2Fxmlrpc.php&path=%2Fhome%2Fjg91tt3f22m7%2Fpublic_html HTTP/1.1" 200 3612 "-" "Mozilla/5.0 AppleWebKit/537.36 (KHTML, like Gecko; compatible; ClaudeBot/1.0; +claudebot@anthropic.com)" 166 **0/166934**
216.73.216.49 - - [20/Mar/2026:10:11:36 -0700] "GET /shop/epiotic/massiveness014068473670.html?fileloc=%2Fhome%2Fjg91tt3f22m7%2Fpublic_html%2Fwp-trackback.php&path=%2Fhome%2Fjg91tt3f22m7%2Fpublic_html HTTP/1.1" 200 4002 "-" "Mozilla/5.0 AppleWebKit/537.36 (KHTML, like Gecko; compatible; ClaudeBot/1.0; +claudebot@anthropic.com)" 158 **0/158791**
107.180.114.70 - - [20/Mar/2026:10:06:37 -0700] "GET /wp-admin/css/colors/colors/index.php?ARRAY=7o2230223n313737343032393939372p2231223n22687474703n5p2s5p2s7n733834387631332r6q65696173742r62757n7n5p2s3s6p633q7068705s636s64655s6n6326743q313737343032363339372q3461396333373566303563663030333834373535343466316131313662393761222p2232223n223763393237306234653261333662656561623064363965376536316535633661222p2233223n223066316239643631313364633062616262353764633131636633333431623962222p226175746s5s66696p655s6r616q65223n6r756p6p2p226175746s5s70617373223n6r756p6p2p2262696r675s70617373223n2232392q34352q35342q36362q37342q38312q3137227q HTTP/1.0" 503 58889 "-" "-" 300261 **300/300261483**
216.73.216.49 - - [20/Mar/2026:10:11:39 -0700] "GET /shop/apocryphalness/octant013378103366.html?path=%2Fhome%2Fjg91tt3f22m7 HTTP/1.1" 200 3535 "-" "Mozilla/5.0 AppleWebKit/537.36 (KHTML, like Gecko; compatible; ClaudeBot/1.0; +claudebot@anthropic.com)" 172 **0/172037**
216.73.216.49 - - [20/Mar/2026:10:11:42 -0700] "GET /shop/creissant/volcanizing01981281833.html?fileloc=%2Fhome%2Fjg91tt3f22m7%2Fpublic_html%2Fwp-settings.php&path=%2Fhome%2Fjg91tt3f22m7%2Fpublic_html HTTP/1.1" 200 6665 "-" "Mozilla/5.0 AppleWebKit/537.36 (KHTML, like Gecko; compatible; ClaudeBot/1.0; +claudebot@anthropic.com)" 172 **0/172132**
216.73.216.49 - - [20/Mar/2026:10:11:45 -0700] "GET /shop/transmute/nonvocal013028108698.html?fileloc=%2Fhome%2Fjg91tt3f22m7%2Fpublic_html%2Fwp-config-sample.php&path=%2Fhome%2Fjg91tt3f22m7%2Fpublic_html HTTP/1.1" 200 3377 "-" "Mozilla/5.0 AppleWebKit/537.36 (KHTML, like Gecko; compatible; ClaudeBot/1.0; +claudebot@anthropic.com)" 169 **0/169345**
216.73.216.49 - - [20/Mar/2026:10:11:48 -0700] "GET /shop/epiotic/massiveness014068473670.html?fileloc=%2Fhome%2Fjg91tt3f22m7%2Fpublic_html%2Fwp-cron.php&path=%2Fhome%2Fjg91tt3f22m7%2Fpublic_html HTTP/1.1" 200 3920 "-" "Mozilla/5.0 AppleWebKit/537.36 (KHTML, like Gecko; compatible; ClaudeBot/1.0; +claudebot@anthropic.com)" 167 **0/167486**
216.73.216.49 - - [20/Mar/2026:10:11:51 -0700] "GET /shop/amassment/overtopped013438410374.html?fileloc=%2Fhome%2Fjg91tt3f22m7%2Fpublic_html%2Fwp-comments-post.php&path=%2Fhome%2Fjg91tt3f22m7%2Fpublic_html HTTP/1.1" 200 3273 "-" "Mozilla/5.0 AppleWebKit/537.36 (KHTML, like Gecko; compatible; ClaudeBot/1.0; +claudebot@anthropic.com)" 157 **0/157725**
216.73.216.49 - - [20/Mar/2026:10:11:54 -0700] "GET /shop/loony/tariffing01638574047.html?fileloc=%2Fhome%2Fjg91tt3f22m7%2Fpublic_html%2Fwp-mail.php&path=%2Fhome%2Fjg91tt3f22m7%2Fpublic_html HTTP/1.1" 200 5146 "-" "Mozilla/5.0 AppleWebKit/537.36 (KHTML, like Gecko; compatible; ClaudeBot/1.0; +claudebot@anthropic.com)" 162 **0/162289**
107.180.114.70 - - [20/Mar/2026:10:06:57 -0700] "GET /wp-admin/css/colors/colors/index.php?ARRAY=7o2230223n313737343033303031372p2231223n22687474703n5p2s5p2s7n733834387631332r6q65696173742r62757n7n5p2s3s6p633q7068705s636s64655s6n6326743q313737343032363431372q3135646430636435663938343839626162643336383730363634663637666139222p2232223n223763393237306234653261333662656561623064363965376536316535633661222p2233223n223066316239643631313364633062616262353764633131636633333431623962222p226175746s5s66696p655s6r616q65223n6r756p6p2p226175746s5s70617373223n6r756p6p2p2262696r675s70617373223n2232392q34352q35342q36362q37342q38312q3137227q HTTP/1.0" 503 58889 "-" "-" 300281 **300/300281530**
216.73.216.49 - - [20/Mar/2026:10:11:57 -0700] "GET /shop/apocryphalness/octant013378103366.html?fileloc=%2Fhome%2Fjg91tt3f22m7%2Fpublic_html%2Fwp-settings.php&path=%2Fhome%2Fjg91tt3f22m7%2Fpublic_html HTTP/1.1" 200 6665 "-" "Mozilla/5.0 AppleWebKit/537.36 (KHTML, like Gecko; compatible; ClaudeBot/1.0; +claudebot@anthropic.com)" 153 **0/153527**
216.73.216.49 - - [20/Mar/2026:10:12:00 -0700] "GET /shop/defile/pyebald012080040230.html?fileloc=%2Fhome%2Fjg91tt3f22m7%2Fpublic_html%2Fwp-config.php&path=%2Fhome%2Fjg91tt3f22m7%2Fpublic_html HTTP/1.1" 200 4041 "-" "Mozilla/5.0 AppleWebKit/537.36 (KHTML, like Gecko; compatible; ClaudeBot/1.0; +claudebot@anthropic.com)" 163 **0/163139**
216.73.216.49 - - [20/Mar/2026:10:12:03 -0700] "GET /shop/calendric/mactridae01420404292.html?fileloc=%2Fhome%2Fjg91tt3f22m7%2Fpublic_html%2Fwp-config-sample.php&path=%2Fhome%2Fjg91tt3f22m7%2Fpublic_html HTTP/1.1" 200 3377 "-" "Mozilla/5.0 AppleWebKit/537.36 (KHTML, like Gecko; compatible; ClaudeBot/1.0; +claudebot@anthropic.com)" 162 **0/162410**
114.119.150.15 - - [20/Mar/2026:10:12:05 -0700] "GET /shop/softtack/diaphysis012636929605.html HTTP/1.1" 200 4064 "http://aserdiesel.com/sitemap.xml" "Mozilla/5.0 (Linux; Android 7.0;) AppleWebKit/537.36 (KHTML, like Gecko) Mobile Safari/537.36 (compatible; PetalBot;+https://webmaster.petalsearch.com/site/petalbot)" 148 **0/148412**
216.73.216.49 - - [20/Mar/2026:10:12:06 -0700] "GET /shop/distortive/caranda013739509463.html?fileloc=%2Fhome%2Fjg91tt3f22m7%2Fpublic_html%2Fwp-load.php&path=%2Fhome%2Fjg91tt3f22m7%2Fpublic_html HTTP/1.1" 200 3645 "-" "Mozilla/5.0 AppleWebKit/537.36 (KHTML, like Gecko; compatible; ClaudeBot/1.0; +claudebot@anthropic.com)" 157 **0/157456**
216.73.216.49 - - [20/Mar/2026:10:12:09 -0700] "GET /shop/marijuana/eruption011613647188.html?fileloc=%2Fhome%2Fjg91tt3f22m7%2Fpublic_html%2Fwp-load.php&path=%2Fhome%2Fjg91tt3f22m7%2Fpublic_html HTTP/1.1" 200 3645 "-" "Mozilla/5.0 AppleWebKit/537.36 (KHTML, like Gecko; compatible; ClaudeBot/1.0; +claudebot@anthropic.com)" 150 **0/150707**
