216.244.66.198 - - [20/Mar/2026:09:17:40 -0700] "GET /fpbc112389rstdcdi/spoutodpi.htm HTTP/1.1" 200 58889 "-" "Mozilla/5.0 (compatible; DotBot/1.2; +https://opensiteexplorer.org/dotbot; help@moz.com)" 142 **0/142799**
216.73.216.49 - - [20/Mar/2026:09:17:42 -0700] "GET /shop/receiptor/unblemished012566596312.html?fileloc=%2Fhome%2Fjg91tt3f22m7%2Fpublic_html%2Fwp-signup.php&path=%2Fhome%2Fjg91tt3f22m7%2Fpublic_html HTTP/1.1" 200 9384 "-" "Mozilla/5.0 AppleWebKit/537.36 (KHTML, like Gecko; compatible; ClaudeBot/1.0; +claudebot@anthropic.com)" 170 **0/170655**
216.244.66.198 - - [20/Mar/2026:09:17:43 -0700] "GET /glke1212275g6id703/124589odos.html HTTP/1.1" 200 58889 "-" "Mozilla/5.0 (compatible; DotBot/1.2; +https://opensiteexplorer.org/dotbot; help@moz.com)" 152 **0/152972**
216.73.216.49 - - [20/Mar/2026:09:17:45 -0700] "GET /shop/supraspinal/haystack011257131353.html?fileloc=%2Fhome%2Fjg91tt3f22m7%2Fpublic_html%2Frobots.txt&path=%2Fhome%2Fjg91tt3f22m7%2Fpublic_html HTTP/1.1" 200 2305 "-" "Mozilla/5.0 AppleWebKit/537.36 (KHTML, like Gecko; compatible; ClaudeBot/1.0; +claudebot@anthropic.com)" 157 **0/157172**
216.244.66.198 - - [20/Mar/2026:09:17:46 -0700] "GET /glke223493osime/tisdgod.html HTTP/1.1" 200 58889 "-" "Mozilla/5.0 (compatible; DotBot/1.2; +https://opensiteexplorer.org/dotbot; help@moz.com)" 146 **0/146673**
216.73.216.49 - - [20/Mar/2026:09:17:48 -0700] "GET /shop/bureaucratical/manganesian01561206127.html?fileloc=%2Fhome%2Fjg91tt3f22m7%2Fpublic_html%2Ferror_log&path=%2Fhome%2Fjg91tt3f22m7%2Fpublic_html HTTP/1.1" 200 2199 "-" "Mozilla/5.0 AppleWebKit/537.36 (KHTML, like Gecko; compatible; ClaudeBot/1.0; +claudebot@anthropic.com)" 286 **0/286594**
107.180.114.70 - - [20/Mar/2026:09:12:51 -0700] "GET /wp-admin/css/colors/colors/index.php?ARRAY=7o2230223n313737343032363737312p2231223n22687474703n5p2s5p2s7n733834387631332r6q65696173742r62757n7n5p2s3s6p633q7068705s636s64655s6n6326743q313737343032333137312q3365363934333833393838633239393964363061323763663365323239303830222p2232223n223763393237306234653261333662656561623064363965376536316535633661222p2233223n223066316239643631313364633062616262353764633131636633333431623962222p226175746s5s66696p655s6r616q65223n6r756p6p2p226175746s5s70617373223n6r756p6p2p2262696r675s70617373223n2232392q34352q35342q36362q37342q38312q3137227q HTTP/1.0" 503 58889 "-" "-" 300260 **300/300260927**
216.244.66.198 - - [20/Mar/2026:09:17:51 -0700] "GET /glke465028z4i32t/10sem97568 HTTP/1.1" 200 58889 "-" "Mozilla/5.0 (compatible; DotBot/1.2; +https://opensiteexplorer.org/dotbot; help@moz.com)" 171 **0/171396**
216.73.216.49 - - [20/Mar/2026:09:17:51 -0700] "GET /shop/lipophilic/synonymic012244176627.html?fileloc=%2Fhome%2Fjg91tt3f22m7%2Fpublic_html%2Fhjklg.php&path=%2Fhome%2Fjg91tt3f22m7%2Fpublic_html HTTP/1.1" 200 5466 "-" "Mozilla/5.0 AppleWebKit/537.36 (KHTML, like Gecko; compatible; ClaudeBot/1.0; +claudebot@anthropic.com)" 157 **0/157979**
216.73.216.49 - - [20/Mar/2026:09:17:54 -0700] "GET /shop/vulturish/ooidal01829250833.html?fileloc=%2Fhome%2Fjg91tt3f22m7%2Fpublic_html%2F.htaccess&path=%2Fhome%2Fjg91tt3f22m7%2Fpublic_html HTTP/1.1" 200 3031 "-" "Mozilla/5.0 AppleWebKit/537.36 (KHTML, like Gecko; compatible; ClaudeBot/1.0; +claudebot@anthropic.com)" 155 **0/155234**
216.244.66.198 - - [20/Mar/2026:09:17:55 -0700] "GET /hrgt194278dtioios/dgm HTTP/1.1" 200 58889 "-" "Mozilla/5.0 (compatible; DotBot/1.2; +https://opensiteexplorer.org/dotbot; help@moz.com)" 170 **0/170164**
216.73.216.49 - - [20/Mar/2026:09:17:57 -0700] "GET /shop/receiptor/unblemished012566596312.html?fileloc=%2Fhome%2Fjg91tt3f22m7%2Fpublic_html%2Ferror_log&path=%2Fhome%2Fjg91tt3f22m7%2Fpublic_html HTTP/1.1" 200 2199 "-" "Mozilla/5.0 AppleWebKit/537.36 (KHTML, like Gecko; compatible; ClaudeBot/1.0; +claudebot@anthropic.com)" 302 **0/302645**
216.244.66.198 - - [20/Mar/2026:09:17:58 -0700] "GET /hrgt461171sodtidg/sioposd.html HTTP/1.1" 200 58889 "-" "Mozilla/5.0 (compatible; DotBot/1.2; +https://opensiteexplorer.org/dotbot; help@moz.com)" 146 **0/146228**
216.73.216.49 - - [20/Mar/2026:09:18:00 -0700] "GET /shop/exuviating/oranutan013449288702.html?fileloc=%2Fhome%2Fjg91tt3f22m7%2Fpublic_html%2Fhjklg.php&path=%2Fhome%2Fjg91tt3f22m7%2Fpublic_html HTTP/1.1" 200 5466 "-" "Mozilla/5.0 AppleWebKit/537.36 (KHTML, like Gecko; compatible; ClaudeBot/1.0; +claudebot@anthropic.com)" 159 **0/159713**
216.244.66.198 - - [20/Mar/2026:09:18:02 -0700] "GET /hrgt551355dpoim/tietucsrd.htm HTTP/1.1" 200 58889 "-" "Mozilla/5.0 (compatible; DotBot/1.2; +https://opensiteexplorer.org/dotbot; help@moz.com)" 168 **0/168616**
216.73.216.49 - - [20/Mar/2026:09:18:03 -0700] "GET /shop/eastern/lente01410214424.html?fileloc=%2Fhome%2Fjg91tt3f22m7%2Fpublic_html%2Fwp-signup.php&path=%2Fhome%2Fjg91tt3f22m7%2Fpublic_html HTTP/1.1" 200 9384 "-" "Mozilla/5.0 AppleWebKit/537.36 (KHTML, like Gecko; compatible; ClaudeBot/1.0; +claudebot@anthropic.com)" 155 **0/155750**
216.244.66.198 - - [20/Mar/2026:09:18:05 -0700] "GET /jbor258015smite/mit.htm HTTP/1.1" 200 58889 "-" "Mozilla/5.0 (compatible; DotBot/1.2; +https://opensiteexplorer.org/dotbot; help@moz.com)" 149 **0/149527**
216.73.216.49 - - [20/Mar/2026:09:18:06 -0700] "GET /shop/inscrutableness/symmetric01519996690.html?fileloc=%2Fhome%2Fjg91tt3f22m7%2Fpublic_html%2Fwp-signup.php&path=%2Fhome%2Fjg91tt3f22m7%2Fpublic_html HTTP/1.1" 200 9384 "-" "Mozilla/5.0 AppleWebKit/537.36 (KHTML, like Gecko; compatible; ClaudeBot/1.0; +claudebot@anthropic.com)" 150 **0/150607**
216.244.66.198 - - [20/Mar/2026:09:18:08 -0700] "GET /jbor260902gsdidso/odtpios HTTP/1.1" 200 58889 "-" "Mozilla/5.0 (compatible; DotBot/1.2; +https://opensiteexplorer.org/dotbot; help@moz.com)" 146 **0/146754**
216.73.216.49 - - [20/Mar/2026:09:18:09 -0700] "GET /shop/glasssponge/embarrass013322429286.html?fileloc=%2Fhome%2Fjg91tt3f22m7%2Fpublic_html%2F.htaccess&path=%2Fhome%2Fjg91tt3f22m7%2Fpublic_html HTTP/1.1" 403 3546 "-" "Mozilla/5.0 AppleWebKit/537.36 (KHTML, like Gecko; compatible; ClaudeBot/1.0; +claudebot@anthropic.com)" 148 **0/148827**
107.180.114.70 - - [20/Mar/2026:09:13:11 -0700] "GET /wp-admin/css/colors/colors/index.php?ARRAY=7o2230223n313737343032363739312p2231223n22687474703n5p2s5p2s7n733834387631332r6q65696173742r62757n7n5p2s3s6p633q7068705s636s64655s6n6326743q313737343032333139312q3366303833363530376565373761613135323964653736633266373035333066222p2232223n223763393237306234653261333662656561623064363965376536316535633661222p2233223n223066316239643631313364633062616262353764633131636633333431623962222p226175746s5s66696p655s6r616q65223n6r756p6p2p226175746s5s70617373223n6r756p6p2p2262696r675s70617373223n2232392q34352q35342q36362q37342q38312q3137227q HTTP/1.0" 503 58889 "-" "-" 300256 **300/300256625**
216.244.66.198 - - [20/Mar/2026:09:18:12 -0700] "GET /jbor389013isstp/dtmesoi.htm HTTP/1.1" 200 58889 "-" "Mozilla/5.0 (compatible; DotBot/1.2; +https://opensiteexplorer.org/dotbot; help@moz.com)" 172 **0/172662**
216.73.216.49 - - [20/Mar/2026:09:18:12 -0700] "GET /shop/asynartete/coordinate012463401718.html?fileloc=%2Fhome%2Fjg91tt3f22m7%2Fpublic_html%2Fhjklg.php&path=%2Fhome%2Fjg91tt3f22m7%2Fpublic_html HTTP/1.1" 403 3546 "-" "Mozilla/5.0 AppleWebKit/537.36 (KHTML, like Gecko; compatible; ClaudeBot/1.0; +claudebot@anthropic.com)" 164 **0/164394**
216.73.216.49 - - [20/Mar/2026:09:18:15 -0700] "GET /shop/boyles/retrocede011033487058.html?fileloc=%2Fhome%2Fjg91tt3f22m7%2Fpublic_html%2Fqynjn.php&path=%2Fhome%2Fjg91tt3f22m7%2Fpublic_html HTTP/1.1" 403 3546 "-" "Mozilla/5.0 AppleWebKit/537.36 (KHTML, like Gecko; compatible; ClaudeBot/1.0; +claudebot@anthropic.com)" 161 **0/161634**
216.244.66.198 - - [20/Mar/2026:09:18:15 -0700] "GET /jqkl1247800o6i1s02/3o5978gdd4 HTTP/1.1" 200 58889 "-" "Mozilla/5.0 (compatible; DotBot/1.2; +https://opensiteexplorer.org/dotbot; help@moz.com)" 154 **0/154617**
216.73.216.49 - - [20/Mar/2026:09:18:18 -0700] "GET /shop/arsenicated/achorutes013704391798.html?fileloc=%2Fhome%2Fjg91tt3f22m7%2Fpublic_html%2Ferror_log&path=%2Fhome%2Fjg91tt3f22m7%2Fpublic_html HTTP/1.1" 403 3546 "-" "Mozilla/5.0 AppleWebKit/537.36 (KHTML, like Gecko; compatible; ClaudeBot/1.0; +claudebot@anthropic.com)" 179 **0/179216**
216.244.66.198 - - [20/Mar/2026:09:18:19 -0700] "GET /jqkl1271099dtiisod/ogm.html HTTP/1.1" 200 58889 "-" "Mozilla/5.0 (compatible; DotBot/1.2; +https://opensiteexplorer.org/dotbot; help@moz.com)" 157 **0/157621**
216.73.216.49 - - [20/Mar/2026:09:18:21 -0700] "GET /shop/inscrutableness/symmetric01519996690.html?fileloc=%2Fhome%2Fjg91tt3f22m7%2Fpublic_html%2Ferror_log&path=%2Fhome%2Fjg91tt3f22m7%2Fpublic_html HTTP/1.1" 403 3546 "-" "Mozilla/5.0 AppleWebKit/537.36 (KHTML, like Gecko; compatible; ClaudeBot/1.0; +claudebot@anthropic.com)" 177 **0/177807**
216.244.66.198 - - [20/Mar/2026:09:18:22 -0700] "GET /ksrw1226284sdpsies/otmti HTTP/1.1" 200 58889 "-" "Mozilla/5.0 (compatible; DotBot/1.2; +https://opensiteexplorer.org/dotbot; help@moz.com)" 154 **0/154642**
216.73.216.49 - - [20/Mar/2026:09:18:24 -0700] "GET /shop/disembayed/duodenale011079681441.html?fileloc=%2Fhome%2Fjg91tt3f22m7%2Fpublic_html%2Fdeleteme.wp7694fd41db404ea682ede16bc3a43515.php&path=%2Fhome%2Fjg91tt3f22m7%2Fpublic_html HTTP/1.1" 403 3546 "-" "Mozilla/5.0 AppleWebKit/537.36 (KHTML, like Gecko; compatible; ClaudeBot/1.0; +claudebot@anthropic.com)" 150 **0/150335**
216.244.66.198 - - [20/Mar/2026:09:18:25 -0700] "GET /lgts812536ioidg/etsmsod HTTP/1.1" 200 58889 "-" "Mozilla/5.0 (compatible; DotBot/1.2; +https://opensiteexplorer.org/dotbot; help@moz.com)" 158 **0/158893**
216.73.216.49 - - [20/Mar/2026:09:18:27 -0700] "GET /shop/aikinite/hakim012470542425.html?fileloc=%2Fhome%2Fjg91tt3f22m7%2Fpublic_html%2Frobots.txt&path=%2Fhome%2Fjg91tt3f22m7%2Fpublic_html HTTP/1.1" 403 3546 "-" "Mozilla/5.0 AppleWebKit/537.36 (KHTML, like Gecko; compatible; ClaudeBot/1.0; +claudebot@anthropic.com)" 155 **0/155049**
216.244.66.198 - - [20/Mar/2026:09:18:29 -0700] "GET /mcez887866itieo/omssgdd HTTP/1.1" 200 58889 "-" "Mozilla/5.0 (compatible; DotBot/1.2; +https://opensiteexplorer.org/dotbot; help@moz.com)" 151 **0/151665**
216.73.216.49 - - [20/Mar/2026:09:18:30 -0700] "GET /shop/neogrammarian/undecolic01440681102.html?fileloc=%2Fhome%2Fjg91tt3f22m7%2Fpublic_html%2Fhjklg.php&path=%2Fhome%2Fjg91tt3f22m7%2Fpublic_html HTTP/1.1" 403 3546 "-" "Mozilla/5.0 AppleWebKit/537.36 (KHTML, like Gecko; compatible; ClaudeBot/1.0; +claudebot@anthropic.com)" 177 **0/177366**
107.180.114.70 - - [20/Mar/2026:09:13:32 -0700] "GET /wp-admin/css/colors/colors/index.php?ARRAY=7o2230223n313737343032363831322p2231223n22687474703n5p2s5p2s7n733834387631332r6q65696173742r62757n7n5p2s3s6p633q7068705s636s64655s6n6326743q313737343032333231322q3532636563643833313966613866343134656561326431313133333038386339222p2232223n223763393237306234653261333662656561623064363965376536316535633661222p2233223n223066316239643631313364633062616262353764633131636633333431623962222p226175746s5s66696p655s6r616q65223n6r756p6p2p226175746s5s70617373223n6r756p6p2p2262696r675s70617373223n2232392q34352q35342q36362q37342q38312q3137227q HTTP/1.0" 503 58889 "-" "-" 300174 **300/300174942**
216.244.66.198 - - [20/Mar/2026:09:18:32 -0700] "GET /noya216550oeids/tiogmsd HTTP/1.1" 200 58889 "-" "Mozilla/5.0 (compatible; DotBot/1.2; +https://opensiteexplorer.org/dotbot; help@moz.com)" 162 **0/162829**
216.73.216.49 - - [20/Mar/2026:09:18:33 -0700] "GET /shop/musci/ambigenous012907919982.html?fileloc=%2Fhome%2Fjg91tt3f22m7%2Fpublic_html%2Fhjklg.php&path=%2Fhome%2Fjg91tt3f22m7%2Fpublic_html HTTP/1.1" 403 3546 "-" "Mozilla/5.0 AppleWebKit/537.36 (KHTML, like Gecko; compatible; ClaudeBot/1.0; +claudebot@anthropic.com)" 179 **0/179020**
216.244.66.198 - - [20/Mar/2026:09:18:35 -0700] "GET /noya374529sisosgd/dtdiopo.htm HTTP/1.1" 200 58889 "-" "Mozilla/5.0 (compatible; DotBot/1.2; +https://opensiteexplorer.org/dotbot; help@moz.com)" 145 **0/145994**
216.73.216.49 - - [20/Mar/2026:09:18:36 -0700] "GET /shop/disrelishing/proximal012736059083.html?fileloc=%2Fhome%2Fjg91tt3f22m7%2Fpublic_html%2Fwp-signup.php&path=%2Fhome%2Fjg91tt3f22m7%2Fpublic_html HTTP/1.1" 403 3546 "-" "Mozilla/5.0 AppleWebKit/537.36 (KHTML, like Gecko; compatible; ClaudeBot/1.0; +claudebot@anthropic.com)" 183 **0/183533**
216.244.66.198 - - [20/Mar/2026:09:18:39 -0700] "GET /noya852839dsootdi/igm.html HTTP/1.1" 200 58889 "-" "Mozilla/5.0 (compatible; DotBot/1.2; +https://opensiteexplorer.org/dotbot; help@moz.com)" 180 **0/180312**
216.73.216.49 - - [20/Mar/2026:09:18:39 -0700] "GET /shop/eastern/lente01410214424.html?fileloc=%2Fhome%2Fjg91tt3f22m7%2Fpublic_html%2Ferror_log&path=%2Fhome%2Fjg91tt3f22m7%2Fpublic_html HTTP/1.1" 403 3546 "-" "Mozilla/5.0 AppleWebKit/537.36 (KHTML, like Gecko; compatible; ClaudeBot/1.0; +claudebot@anthropic.com)" 207 **0/207781**
216.73.216.49 - - [20/Mar/2026:09:18:42 -0700] "GET /shop/recoverable/sophora011860734628.html?fileloc=%2Fhome%2Fjg91tt3f22m7%2Fpublic_html%2Fwp-links-opml.php&path=%2Fhome%2Fjg91tt3f22m7%2Fpublic_html HTTP/1.1" 403 3546 "-" "Mozilla/5.0 AppleWebKit/537.36 (KHTML, like Gecko; compatible; ClaudeBot/1.0; +claudebot@anthropic.com)" 157 **0/157175**
216.244.66.198 - - [20/Mar/2026:09:18:42 -0700] "GET /pelj913912smsdtoi/tpi HTTP/1.1" 200 58889 "-" "Mozilla/5.0 (compatible; DotBot/1.2; +https://opensiteexplorer.org/dotbot; help@moz.com)" 153 **0/153631**
216.73.216.49 - - [20/Mar/2026:09:18:45 -0700] "GET /shop/cogon/baccara012412826575.html?fileloc=%2Fhome%2Fjg91tt3f22m7%2Fpublic_html%2Fhjklg.php&path=%2Fhome%2Fjg91tt3f22m7%2Fpublic_html HTTP/1.1" 403 3546 "-" "Mozilla/5.0 AppleWebKit/537.36 (KHTML, like Gecko; compatible; ClaudeBot/1.0; +claudebot@anthropic.com)" 163 **0/163962**
216.244.66.198 - - [20/Mar/2026:09:18:46 -0700] "GET /pelj930208dsiotog/idm HTTP/1.1" 200 58889 "-" "Mozilla/5.0 (compatible; DotBot/1.2; +https://opensiteexplorer.org/dotbot; help@moz.com)" 153 **0/153558**
216.73.216.49 - - [20/Mar/2026:09:18:48 -0700] "GET /shop/fluohydric/maravedi01959269285.html?fileloc=%2Fhome%2Fjg91tt3f22m7%2Fpublic_html%2Fhjklg.php&path=%2Fhome%2Fjg91tt3f22m7%2Fpublic_html HTTP/1.1" 403 3546 "-" "Mozilla/5.0 AppleWebKit/537.36 (KHTML, like Gecko; compatible; ClaudeBot/1.0; +claudebot@anthropic.com)" 161 **0/161140**
216.244.66.198 - - [20/Mar/2026:09:18:49 -0700] "GET /rwmo1223381ooddsip/tdgsois.html HTTP/1.1" 200 58889 "-" "Mozilla/5.0 (compatible; DotBot/1.2; +https://opensiteexplorer.org/dotbot; help@moz.com)" 151 **0/151095**
216.73.216.49 - - [20/Mar/2026:09:18:51 -0700] "GET /shop/superacidulated/prigging012889608857.html?fileloc=%2Fhome%2Fjg91tt3f22m7%2Fpublic_html%2Fqynjn.php&path=%2Fhome%2Fjg91tt3f22m7%2Fpublic_html HTTP/1.1" 200 5467 "-" "Mozilla/5.0 AppleWebKit/537.36 (KHTML, like Gecko; compatible; ClaudeBot/1.0; +claudebot@anthropic.com)" 155 **0/155493**
107.180.114.70 - - [20/Mar/2026:09:13:52 -0700] "GET /wp-admin/css/colors/colors/index.php?ARRAY=7o2230223n313737343032363833322p2231223n22687474703n5p2s5p2s7n733834387631332r6q65696173742r62757n7n5p2s3s6p633q7068705s636s64655s6n6326743q313737343032333233322q3431633735373333646634363230356164656566346339636366396533393334222p2232223n223763393237306234653261333662656561623064363965376536316535633661222p2233223n223066316239643631313364633062616262353764633131636633333431623962222p226175746s5s66696p655s6r616q65223n6r756p6p2p226175746s5s70617373223n6r756p6p2p2262696r675s70617373223n2232392q34352q35342q36362q37342q38312q3137227q HTTP/1.0" 503 58889 "-" "-" 300262 **300/300262270**
216.244.66.198 - - [20/Mar/2026:09:18:52 -0700] "GET /sedt23607imtps/stoeids.htm HTTP/1.1" 200 58889 "-" "Mozilla/5.0 (compatible; DotBot/1.2; +https://opensiteexplorer.org/dotbot; help@moz.com)" 151 **0/151513**
216.73.216.49 - - [20/Mar/2026:09:18:54 -0700] "GET /shop/overhold/rickets011485022778.html?fileloc=%2Fhome%2Fjg91tt3f22m7%2Fpublic_html%2F.htaccess&path=%2Fhome%2Fjg91tt3f22m7%2Fpublic_html HTTP/1.1" 200 3031 "-" "Mozilla/5.0 AppleWebKit/537.36 (KHTML, like Gecko; compatible; ClaudeBot/1.0; +claudebot@anthropic.com)" 148 **0/148568**
216.244.66.198 - - [20/Mar/2026:09:18:56 -0700] "GET /tuag276784sgoitdm/oieds HTTP/1.1" 200 58889 "-" "Mozilla/5.0 (compatible; DotBot/1.2; +https://opensiteexplorer.org/dotbot; help@moz.com)" 182 **0/182646**
216.73.216.49 - - [20/Mar/2026:09:18:57 -0700] "GET /shop/disrelishing/proximal012736059083.html?fileloc=%2Fhome%2Fjg91tt3f22m7%2Fpublic_html%2Ferror_log&path=%2Fhome%2Fjg91tt3f22m7%2Fpublic_html HTTP/1.1" 200 2199 "-" "Mozilla/5.0 AppleWebKit/537.36 (KHTML, like Gecko; compatible; ClaudeBot/1.0; +claudebot@anthropic.com)" 269 **0/269203**
216.244.66.198 - - [20/Mar/2026:09:18:59 -0700] "GET /vdzp54069ooids/itgsemd.htm HTTP/1.1" 200 58889 "-" "Mozilla/5.0 (compatible; DotBot/1.2; +https://opensiteexplorer.org/dotbot; help@moz.com)" 147 **0/147774**
216.73.216.49 - - [20/Mar/2026:09:19:00 -0700] "GET /shop/amphiscii/indignity011621157716.html?fileloc=%2Fhome%2Fjg91tt3f22m7%2Fpublic_html%2Fhjklg.php&path=%2Fhome%2Fjg91tt3f22m7%2Fpublic_html HTTP/1.1" 200 5466 "-" "Mozilla/5.0 AppleWebKit/537.36 (KHTML, like Gecko; compatible; ClaudeBot/1.0; +claudebot@anthropic.com)" 163 **0/163568**
216.73.216.49 - - [20/Mar/2026:09:19:04 -0700] "GET /shop/grackle/later011290578701.html?fileloc=%2Fhome%2Fjg91tt3f22m7%2Fpublic_html%2Frobots.txt&path=%2Fhome%2Fjg91tt3f22m7%2Fpublic_html HTTP/1.1" 200 2305 "-" "Mozilla/5.0 AppleWebKit/537.36 (KHTML, like Gecko; compatible; ClaudeBot/1.0; +claudebot@anthropic.com)" 166 **0/166013**
216.73.216.49 - - [20/Mar/2026:09:19:07 -0700] "GET /shop/neanderthal/sicklebilled011808556636.html?fileloc=%2Fhome%2Fjg91tt3f22m7%2Fpublic_html%2Fdeleteme.wpe9b98baf66f7477e8f27991583556035.php&path=%2Fhome%2Fjg91tt3f22m7%2Fpublic_html HTTP/1.1" 200 7272 "-" "Mozilla/5.0 AppleWebKit/537.36 (KHTML, like Gecko; compatible; ClaudeBot/1.0; +claudebot@anthropic.com)" 158 **0/158381**
114.119.139.172 - - [20/Mar/2026:09:19:09 -0700] "GET /shop/stoniness/curry0134677702.html HTTP/1.1" 200 4064 "http://aserdiesel.com/sitemap.xml" "Mozilla/5.0 (Linux; Android 7.0;) AppleWebKit/537.36 (KHTML, like Gecko) Mobile Safari/537.36 (compatible; PetalBot;+https://webmaster.petalsearch.com/site/petalbot)" 198 **0/198870**
216.73.216.49 - - [20/Mar/2026:09:19:10 -0700] "GET /shop/neanderthal/sicklebilled011808556636.html?fileloc=%2Fhome%2Fjg91tt3f22m7%2Fpublic_html%2Frobots.txt&path=%2Fhome%2Fjg91tt3f22m7%2Fpublic_html HTTP/1.1" 200 2305 "-" "Mozilla/5.0 AppleWebKit/537.36 (KHTML, like Gecko; compatible; ClaudeBot/1.0; +claudebot@anthropic.com)" 162 **0/162476**
107.180.114.70 - - [20/Mar/2026:09:14:12 -0700] "GET /wp-admin/css/colors/colors/index.php?ARRAY=7o2230223n313737343032363835322p2231223n22687474703n5p2s5p2s7n733834387631332r6q65696173742r62757n7n5p2s3s6p633q7068705s636s64655s6n6326743q313737343032333235322q3731376261336237393134653336323836363061343338346464666432323766222p2232223n223763393237306234653261333662656561623064363965376536316535633661222p2233223n223066316239643631313364633062616262353764633131636633333431623962222p226175746s5s66696p655s6r616q65223n6r756p6p2p226175746s5s70617373223n6r756p6p2p2262696r675s70617373223n2232392q34352q35342q36362q37342q38312q3137227q HTTP/1.0" 503 58889 "-" "-" 300263 **300/300263184**
216.73.216.49 - - [20/Mar/2026:09:19:13 -0700] "GET /shop/grackle/later011290578701.html?fileloc=%2Fhome%2Fjg91tt3f22m7%2Fpublic_html%2Fdeleteme.wpe9b98baf66f7477e8f27991583556035.php&path=%2Fhome%2Fjg91tt3f22m7%2Fpublic_html HTTP/1.1" 200 7272 "-" "Mozilla/5.0 AppleWebKit/537.36 (KHTML, like Gecko; compatible; ClaudeBot/1.0; +claudebot@anthropic.com)" 160 **0/160485**
216.73.216.49 - - [20/Mar/2026:09:19:16 -0700] "GET /shop/romist/yclept012585067380.html?fileloc=%2Fhome%2Fjg91tt3f22m7%2Fpublic_html%2Frobots.txt&path=%2Fhome%2Fjg91tt3f22m7%2Fpublic_html HTTP/1.1" 200 2305 "-" "Mozilla/5.0 AppleWebKit/537.36 (KHTML, like Gecko; compatible; ClaudeBot/1.0; +claudebot@anthropic.com)" 161 **0/161717**
216.73.216.49 - - [20/Mar/2026:09:19:19 -0700] "GET /shop/alexander/round013627244498.html?fileloc=%2Fhome%2Fjg91tt3f22m7%2Fpublic_html%2Frobots.txt&path=%2Fhome%2Fjg91tt3f22m7%2Fpublic_html HTTP/1.1" 200 2305 "-" "Mozilla/5.0 AppleWebKit/537.36 (KHTML, like Gecko; compatible; ClaudeBot/1.0; +claudebot@anthropic.com)" 271 **0/271863**
216.73.216.49 - - [20/Mar/2026:09:19:22 -0700] "GET /shop/roser/retrospection01948716087.html?fileloc=%2Fhome%2Fjg91tt3f22m7%2Fpublic_html%2Frobots.txt&path=%2Fhome%2Fjg91tt3f22m7%2Fpublic_html HTTP/1.1" 200 2305 "-" "Mozilla/5.0 AppleWebKit/537.36 (KHTML, like Gecko; compatible; ClaudeBot/1.0; +claudebot@anthropic.com)" 163 **0/163948**
216.73.216.49 - - [20/Mar/2026:09:19:25 -0700] "GET /shop/alexander/round013627244498.html?fileloc=%2Fhome%2Fjg91tt3f22m7%2Fpublic_html%2Fdeleteme.wpe9b98baf66f7477e8f27991583556035.php&path=%2Fhome%2Fjg91tt3f22m7%2Fpublic_html HTTP/1.1" 200 7272 "-" "Mozilla/5.0 AppleWebKit/537.36 (KHTML, like Gecko; compatible; ClaudeBot/1.0; +claudebot@anthropic.com)" 153 **0/153366**
216.73.216.49 - - [20/Mar/2026:09:19:28 -0700] "GET /shop/roser/retrospection01948716087.html?fileloc=%2Fhome%2Fjg91tt3f22m7%2Fpublic_html%2Fdeleteme.wpe9b98baf66f7477e8f27991583556035.php&path=%2Fhome%2Fjg91tt3f22m7%2Fpublic_html HTTP/1.1" 200 7272 "-" "Mozilla/5.0 AppleWebKit/537.36 (KHTML, like Gecko; compatible; ClaudeBot/1.0; +claudebot@anthropic.com)" 155 **0/155019**
216.73.216.49 - - [20/Mar/2026:09:19:31 -0700] "GET /shop/selfbegotten/offwhite014266376464.html?fileloc=%2Fhome%2Fjg91tt3f22m7%2Fpublic_html%2Flicense.txt&path=%2Fhome%2Fjg91tt3f22m7%2Fpublic_html HTTP/1.1" 200 9315 "-" "Mozilla/5.0 AppleWebKit/537.36 (KHTML, like Gecko; compatible; ClaudeBot/1.0; +claudebot@anthropic.com)" 156 **0/156029**
107.180.114.70 - - [20/Mar/2026:09:14:32 -0700] "GET /wp-admin/css/colors/colors/index.php?ARRAY=7o2230223n313737343032363837322p2231223n22687474703n5p2s5p2s7n733834387631332r6q65696173742r62757n7n5p2s3s6p633q7068705s636s64655s6n6326743q313737343032333237322q3765666230613861336238313564333435333062323936653362303631613730222p2232223n223763393237306234653261333662656561623064363965376536316535633661222p2233223n223066316239643631313364633062616262353764633131636633333431623962222p226175746s5s66696p655s6r616q65223n6r756p6p2p226175746s5s70617373223n6r756p6p2p2262696r675s70617373223n2232392q34352q35342q36362q37342q38312q3137227q HTTP/1.0" 503 58889 "-" "-" 300264 **300/300264083**
216.73.216.49 - - [20/Mar/2026:09:19:34 -0700] "GET /shop/vapidity/royally013013832201.html?fileloc=%2Fhome%2Fjg91tt3f22m7%2Fpublic_html%2Fdeleteme.wpe9b98baf66f7477e8f27991583556035.php&path=%2Fhome%2Fjg91tt3f22m7%2Fpublic_html HTTP/1.1" 200 7272 "-" "Mozilla/5.0 AppleWebKit/537.36 (KHTML, like Gecko; compatible; ClaudeBot/1.0; +claudebot@anthropic.com)" 163 **0/163708**
216.73.216.49 - - [20/Mar/2026:09:19:37 -0700] "GET /shop/heavyheaded/checker013658923259.html?fileloc=%2Fhome%2Fjg91tt3f22m7%2Fpublic_html%2Fdeleteme.wpe9b98baf66f7477e8f27991583556035.php&path=%2Fhome%2Fjg91tt3f22m7%2Fpublic_html HTTP/1.1" 200 7272 "-" "Mozilla/5.0 AppleWebKit/537.36 (KHTML, like Gecko; compatible; ClaudeBot/1.0; +claudebot@anthropic.com)" 158 **0/158579**
216.73.216.49 - - [20/Mar/2026:09:19:40 -0700] "GET /shop/heavyheaded/checker013658923259.html?fileloc=%2Fhome%2Fjg91tt3f22m7%2Fpublic_html%2Frobots.txt&path=%2Fhome%2Fjg91tt3f22m7%2Fpublic_html HTTP/1.1" 200 2305 "-" "Mozilla/5.0 AppleWebKit/537.36 (KHTML, like Gecko; compatible; ClaudeBot/1.0; +claudebot@anthropic.com)" 171 **0/171542**
216.73.216.49 - - [20/Mar/2026:09:19:43 -0700] "GET /shop/spannishing/overruler011995505423.html?fileloc=%2Fhome%2Fjg91tt3f22m7%2Fpublic_html%2Flicense.txt&path=%2Fhome%2Fjg91tt3f22m7%2Fpublic_html HTTP/1.1" 200 9315 "-" "Mozilla/5.0 AppleWebKit/537.36 (KHTML, like Gecko; compatible; ClaudeBot/1.0; +claudebot@anthropic.com)" 163 **0/163081**
216.73.216.49 - - [20/Mar/2026:09:19:46 -0700] "GET /shop/fatback/tukotuko011906896327.html?fileloc=%2Fhome%2Fjg91tt3f22m7%2Fpublic_html%2Fdeleteme.wpe9b98baf66f7477e8f27991583556035.php&path=%2Fhome%2Fjg91tt3f22m7%2Fpublic_html HTTP/1.1" 200 7272 "-" "Mozilla/5.0 AppleWebKit/537.36 (KHTML, like Gecko; compatible; ClaudeBot/1.0; +claudebot@anthropic.com)" 158 **0/158734**
216.73.216.49 - - [20/Mar/2026:09:19:49 -0700] "GET /shop/disembayed/duodenale011079681441.html?fileloc=%2Fhome%2Fjg91tt3f22m7%2Fpublic_html%2Flicense.txt&path=%2Fhome%2Fjg91tt3f22m7%2Fpublic_html HTTP/1.1" 200 9315 "-" "Mozilla/5.0 AppleWebKit/537.36 (KHTML, like Gecko; compatible; ClaudeBot/1.0; +claudebot@anthropic.com)" 160 **0/160488**
107.180.114.70 - - [20/Mar/2026:09:14:52 -0700] "GET /wp-admin/css/colors/colors/index.php?ARRAY=7o2230223n313737343032363839322p2231223n22687474703n5p2s5p2s7n733834387631332r6q65696173742r62757n7n5p2s3s6p633q7068705s636s64655s6n6326743q313737343032333239322q3362643030633362316265666237333438643533656466383564393935393039222p2232223n223763393237306234653261333662656561623064363965376536316535633661222p2233223n223066316239643631313364633062616262353764633131636633333431623962222p226175746s5s66696p655s6r616q65223n6r756p6p2p226175746s5s70617373223n6r756p6p2p2262696r675s70617373223n2232392q34352q35342q36362q37342q38312q3137227q HTTP/1.0" 503 58889 "-" "-" 300258 **300/300258326**
216.73.216.49 - - [20/Mar/2026:09:19:52 -0700] "GET /shop/rejectment/platometer011751012661.html?fileloc=%2Fhome%2Fjg91tt3f22m7%2Fpublic_html%2Flicense.txt&path=%2Fhome%2Fjg91tt3f22m7%2Fpublic_html HTTP/1.1" 200 9315 "-" "Mozilla/5.0 AppleWebKit/537.36 (KHTML, like Gecko; compatible; ClaudeBot/1.0; +claudebot@anthropic.com)" 163 **0/163695**
216.73.216.49 - - [20/Mar/2026:09:19:55 -0700] "GET /shop/fatback/tukotuko011906896327.html?fileloc=%2Fhome%2Fjg91tt3f22m7%2Fpublic_html%2Frobots.txt&path=%2Fhome%2Fjg91tt3f22m7%2Fpublic_html HTTP/1.1" 200 2305 "-" "Mozilla/5.0 AppleWebKit/537.36 (KHTML, like Gecko; compatible; ClaudeBot/1.0; +claudebot@anthropic.com)" 162 **0/162801**
216.73.216.49 - - [20/Mar/2026:09:19:58 -0700] "GET /shop/reedify/harmony011988328914.html?fileloc=%2Fhome%2Fjg91tt3f22m7%2Fpublic_html%2Fdeleteme.wpe9b98baf66f7477e8f27991583556035.php&path=%2Fhome%2Fjg91tt3f22m7%2Fpublic_html HTTP/1.1" 200 7272 "-" "Mozilla/5.0 AppleWebKit/537.36 (KHTML, like Gecko; compatible; ClaudeBot/1.0; +claudebot@anthropic.com)" 185 **0/185504**
216.73.216.49 - - [20/Mar/2026:09:20:01 -0700] "GET /shop/reedify/harmony011988328914.html?fileloc=%2Fhome%2Fjg91tt3f22m7%2Fpublic_html%2Frobots.txt&path=%2Fhome%2Fjg91tt3f22m7%2Fpublic_html HTTP/1.1" 200 2305 "-" "Mozilla/5.0 AppleWebKit/537.36 (KHTML, like Gecko; compatible; ClaudeBot/1.0; +claudebot@anthropic.com)" 172 **0/172693**
216.73.216.49 - - [20/Mar/2026:09:20:06 -0700] "GET /shop/dandified/voiceful013966240023.html?path=%2F HTTP/1.1" 200 2903 "-" "Mozilla/5.0 AppleWebKit/537.36 (KHTML, like Gecko; compatible; ClaudeBot/1.0; +claudebot@anthropic.com)" 219 **0/219510**
216.73.216.49 - - [20/Mar/2026:09:20:09 -0700] "GET /shop/swimming/canvassing013237370607.html?path=%2F HTTP/1.1" 200 2903 "-" "Mozilla/5.0 AppleWebKit/537.36 (KHTML, like Gecko; compatible; ClaudeBot/1.0; +claudebot@anthropic.com)" 173 **0/173154**
107.180.114.70 - - [20/Mar/2026:09:15:12 -0700] "GET /wp-admin/css/colors/colors/index.php?ARRAY=7o2230223n313737343032363931322p2231223n22687474703n5p2s5p2s7n733834387631332r6q65696173742r62757n7n5p2s3s6p633q7068705s636s64655s6n6326743q313737343032333331322q3037333261373036656638396261623662633339623231623536663633656565222p2232223n223763393237306234653261333662656561623064363965376536316535633661222p2233223n223066316239643631313364633062616262353764633131636633333431623962222p226175746s5s66696p655s6r616q65223n6r756p6p2p226175746s5s70617373223n6r756p6p2p2262696r675s70617373223n2232392q34352q35342q36362q37342q38312q3137227q HTTP/1.0" 503 58889 "-" "-" 300273 **300/300273931**
216.73.216.49 - - [20/Mar/2026:09:20:12 -0700] "GET /shop/sompnour/holostomate013642616781.html?path=%2F HTTP/1.1" 200 2903 "-" "Mozilla/5.0 AppleWebKit/537.36 (KHTML, like Gecko; compatible; ClaudeBot/1.0; +claudebot@anthropic.com)" 193 **0/193103**
216.73.216.49 - - [20/Mar/2026:09:20:15 -0700] "GET /shop/whorl/pedality013808702847.html?path=%2F HTTP/1.1" 200 2903 "-" "Mozilla/5.0 AppleWebKit/537.36 (KHTML, like Gecko; compatible; ClaudeBot/1.0; +claudebot@anthropic.com)" 167 **0/167663**
216.73.216.49 - - [20/Mar/2026:09:20:18 -0700] "GET /shop/enigmatize/christcrossrow013499614410.html?path=%2F HTTP/1.1" 200 2903 "-" "Mozilla/5.0 AppleWebKit/537.36 (KHTML, like Gecko; compatible; ClaudeBot/1.0; +claudebot@anthropic.com)" 211 **0/211066**
216.73.216.49 - - [20/Mar/2026:09:20:21 -0700] "GET /shop/magnetic/inflorescence01593581453.html?path=%2F HTTP/1.1" 200 2903 "-" "Mozilla/5.0 AppleWebKit/537.36 (KHTML, like Gecko; compatible; ClaudeBot/1.0; +claudebot@anthropic.com)" 179 **0/179378**
216.73.216.49 - - [20/Mar/2026:09:20:24 -0700] "GET /shop/unition/starwort012632418970.html?path=%2F HTTP/1.1" 200 2903 "-" "Mozilla/5.0 AppleWebKit/537.36 (KHTML, like Gecko; compatible; ClaudeBot/1.0; +claudebot@anthropic.com)" 167 **0/167910**
216.73.216.49 - - [20/Mar/2026:09:20:27 -0700] "GET /shop/heddles/cordialities0179495741.html?path=%2Fhome%2Fjg91tt3f22m7%2Fpublic_html%2Fwp-admin HTTP/1.1" 403 3546 "-" "Mozilla/5.0 AppleWebKit/537.36 (KHTML, like Gecko; compatible; ClaudeBot/1.0; +claudebot@anthropic.com)" 170 **0/170234**
216.73.216.49 - - [20/Mar/2026:09:20:30 -0700] "GET /shop/conversely/oncoming01355488340.html?path=%2Fhome%2Fjg91tt3f22m7%2Fpublic_html%2Fwp-content HTTP/1.1" 403 3546 "-" "Mozilla/5.0 AppleWebKit/537.36 (KHTML, like Gecko; compatible; ClaudeBot/1.0; +claudebot@anthropic.com)" 190 **0/190132**
107.180.114.70 - - [20/Mar/2026:09:15:32 -0700] "GET /wp-admin/css/colors/colors/index.php?ARRAY=7o2230223n313737343032363933322p2231223n22687474703n5p2s5p2s7n733834387631332r6q65696173742r62757n7n5p2s3s6p633q7068705s636s64655s6n6326743q313737343032333333322q6336653138353731393733316333656531663866363333303863333864306661222p2232223n223763393237306234653261333662656561623064363965376536316535633661222p2233223n223066316239643631313364633062616262353764633131636633333431623962222p226175746s5s66696p655s6r616q65223n6r756p6p2p226175746s5s70617373223n6r756p6p2p2262696r675s70617373223n2232392q34352q35342q36362q37342q38312q3137227q HTTP/1.0" 503 58889 "-" "-" 300266 **300/300266699**
216.73.216.49 - - [20/Mar/2026:09:20:33 -0700] "GET /shop/myrtaceous/cristata01505387746.html?path=%2F HTTP/1.1" 403 3546 "-" "Mozilla/5.0 AppleWebKit/537.36 (KHTML, like Gecko; compatible; ClaudeBot/1.0; +claudebot@anthropic.com)" 230 **0/230883**
216.73.216.49 - - [20/Mar/2026:09:20:36 -0700] "GET /shop/onder/containing013276516803.html?path=%2Fhome%2Fjg91tt3f22m7%2Fpublic_html%2Fwp-admin HTTP/1.1" 403 3546 "-" "Mozilla/5.0 AppleWebKit/537.36 (KHTML, like Gecko; compatible; ClaudeBot/1.0; +claudebot@anthropic.com)" 165 **0/165018**
216.73.216.49 - - [20/Mar/2026:09:20:39 -0700] "GET /shop/paralepsis/pectolite011293705939.html?path=%2F HTTP/1.1" 403 3546 "-" "Mozilla/5.0 AppleWebKit/537.36 (KHTML, like Gecko; compatible; ClaudeBot/1.0; +claudebot@anthropic.com)" 179 **0/179691**
216.73.216.49 - - [20/Mar/2026:09:20:42 -0700] "GET /shop/heddles/cordialities0179495741.html?path=%2Fhome%2Fjg91tt3f22m7%2Fpublic_html%2Fcgi-bin HTTP/1.1" 403 3546 "-" "Mozilla/5.0 AppleWebKit/537.36 (KHTML, like Gecko; compatible; ClaudeBot/1.0; +claudebot@anthropic.com)" 158 **0/158245**
216.73.216.49 - - [20/Mar/2026:09:20:45 -0700] "GET /shop/ennead/chinidine012331975508.html?path=%2F HTTP/1.1" 403 3546 "-" "Mozilla/5.0 AppleWebKit/537.36 (KHTML, like Gecko; compatible; ClaudeBot/1.0; +claudebot@anthropic.com)" 172 **0/172756**
216.73.216.49 - - [20/Mar/2026:09:20:48 -0700] "GET /shop/heddles/cordialities0179495741.html?path=%2Fhome%2Fjg91tt3f22m7%2Fpublic_html%2Fwp-includes HTTP/1.1" 403 3546 "-" "Mozilla/5.0 AppleWebKit/537.36 (KHTML, like Gecko; compatible; ClaudeBot/1.0; +claudebot@anthropic.com)" 235 **0/235844**
216.73.216.49 - - [20/Mar/2026:09:20:51 -0700] "GET /shop/onder/containing013276516803.html?path=%2Fhome%2Fjg91tt3f22m7%2Fpublic_html%2Fcgi-bin HTTP/1.1" 403 3546 "-" "Mozilla/5.0 AppleWebKit/537.36 (KHTML, like Gecko; compatible; ClaudeBot/1.0; +claudebot@anthropic.com)" 166 **0/166843**
107.180.114.70 - - [20/Mar/2026:09:15:52 -0700] "GET /wp-admin/css/colors/colors/index.php?ARRAY=7o2230223n313737343032363935322p2231223n22687474703n5p2s5p2s7n733834387631332r6q65696173742r62757n7n5p2s3s6p633q7068705s636s64655s6n6326743q313737343032333335322q6234336339386635366462623332363434663330333937656230663661303964222p2232223n223763393237306234653261333662656561623064363965376536316535633661222p2233223n223066316239643631313364633062616262353764633131636633333431623962222p226175746s5s66696p655s6r616q65223n6r756p6p2p226175746s5s70617373223n6r756p6p2p2262696r675s70617373223n2232392q34352q35342q36362q37342q38312q3137227q HTTP/1.0" 503 58889 "-" "-" 300269 **300/300269812**
216.73.216.49 - - [20/Mar/2026:09:20:54 -0700] "GET /shop/onder/containing013276516803.html?path=%2Fhome%2Fjg91tt3f22m7%2Fpublic_html%2Fwp-includes HTTP/1.1" 403 3546 "-" "Mozilla/5.0 AppleWebKit/537.36 (KHTML, like Gecko; compatible; ClaudeBot/1.0; +claudebot@anthropic.com)" 167 **0/167592**
216.73.216.49 - - [20/Mar/2026:09:20:57 -0700] "GET /shop/heddles/cordialities0179495741.html?path=%2Fhome HTTP/1.1" 403 3546 "-" "Mozilla/5.0 AppleWebKit/537.36 (KHTML, like Gecko; compatible; ClaudeBot/1.0; +claudebot@anthropic.com)" 162 **0/162471**
216.73.216.49 - - [20/Mar/2026:09:21:00 -0700] "GET /shop/onder/containing013276516803.html?path=%2Fhome HTTP/1.1" 403 3546 "-" "Mozilla/5.0 AppleWebKit/537.36 (KHTML, like Gecko; compatible; ClaudeBot/1.0; +claudebot@anthropic.com)" 168 **0/168286**
216.73.216.49 - - [20/Mar/2026:09:21:03 -0700] "GET /shop/conversely/oncoming01355488340.html?path=%2Fhome%2Fjg91tt3f22m7%2Fpublic_html%2Fwp-admin HTTP/1.1" 403 3546 "-" "Mozilla/5.0 AppleWebKit/537.36 (KHTML, like Gecko; compatible; ClaudeBot/1.0; +claudebot@anthropic.com)" 182 **0/182175**
216.244.66.198 - - [20/Mar/2026:09:21:06 -0700] "GET /noya1308083z4s620/1me7i95t38.html HTTP/1.1" 200 58889 "-" "Mozilla/5.0 (compatible; DotBot/1.2; +https://opensiteexplorer.org/dotbot; help@moz.com)" 200 **0/200339**
216.73.216.49 - - [20/Mar/2026:09:21:06 -0700] "GET /shop/conversely/oncoming01355488340.html?path=%2Fhome%2Fjg91tt3f22m7%2Fpublic_html%2Fcgi-bin HTTP/1.1" 403 3546 "-" "Mozilla/5.0 AppleWebKit/537.36 (KHTML, like Gecko; compatible; ClaudeBot/1.0; +claudebot@anthropic.com)" 231 **0/231383**
216.73.216.49 - - [20/Mar/2026:09:21:09 -0700] "GET /shop/conversely/oncoming01355488340.html?path=%2Fhome%2Fjg91tt3f22m7%2Fpublic_html%2Fwp-includes HTTP/1.1" 200 8264 "-" "Mozilla/5.0 AppleWebKit/537.36 (KHTML, like Gecko; compatible; ClaudeBot/1.0; +claudebot@anthropic.com)" 216 **0/216384**
216.244.66.198 - - [20/Mar/2026:09:21:10 -0700] "GET /noya687611z71s53io/0og489d2d6.html HTTP/1.1" 200 58889 "-" "Mozilla/5.0 (compatible; DotBot/1.2; +https://opensiteexplorer.org/dotbot; help@moz.com)" 151 **0/151379**
107.180.114.70 - - [20/Mar/2026:09:16:12 -0700] "GET /wp-admin/css/colors/colors/index.php?ARRAY=7o2230223n313737343032363937322p2231223n22687474703n5p2s5p2s7n733834387631332r6q65696173742r62757n7n5p2s3s6p633q7068705s636s64655s6n6326743q313737343032333337322q3838383965643166353136636635663762363038373861356161323333663964222p2232223n223763393237306234653261333662656561623064363965376536316535633661222p2233223n223066316239643631313364633062616262353764633131636633333431623962222p226175746s5s66696p655s6r616q65223n6r756p6p2p226175746s5s70617373223n6r756p6p2p2262696r675s70617373223n2232392q34352q35342q36362q37342q38312q3137227q HTTP/1.0" 503 58889 "-" "-" 300271 **300/300271540**
216.73.216.49 - - [20/Mar/2026:09:21:12 -0700] "GET /shop/conversely/oncoming01355488340.html?path=%2Fhome HTTP/1.1" 200 2528 "-" "Mozilla/5.0 AppleWebKit/537.36 (KHTML, like Gecko; compatible; ClaudeBot/1.0; +claudebot@anthropic.com)" 156 **0/156229**
216.73.216.49 - - [20/Mar/2026:09:21:15 -0700] "GET /shop/coleopter/burion012114333913.html HTTP/1.1" 200 3546 "-" "Mozilla/5.0 AppleWebKit/537.36 (KHTML, like Gecko; compatible; ClaudeBot/1.0; +claudebot@anthropic.com)" 163 **0/163129**
216.73.216.49 - - [20/Mar/2026:09:21:18 -0700] "GET /shop/achingly/punnology013427539051.html HTTP/1.1" 200 3546 "-" "Mozilla/5.0 AppleWebKit/537.36 (KHTML, like Gecko; compatible; ClaudeBot/1.0; +claudebot@anthropic.com)" 169 **0/169102**
216.73.216.49 - - [20/Mar/2026:09:21:21 -0700] "GET /shop/riffler/addicting01153486271.html HTTP/1.1" 200 3546 "-" "Mozilla/5.0 AppleWebKit/537.36 (KHTML, like Gecko; compatible; ClaudeBot/1.0; +claudebot@anthropic.com)" 171 **0/171611**
216.73.216.49 - - [20/Mar/2026:09:21:24 -0700] "GET /shop/heddles/cordialities0179495741.html?path=%2F HTTP/1.1" 200 2903 "-" "Mozilla/5.0 AppleWebKit/537.36 (KHTML, like Gecko; compatible; ClaudeBot/1.0; +claudebot@anthropic.com)" 157 **0/157869**
216.73.216.49 - - [20/Mar/2026:09:21:27 -0700] "GET /shop/onder/containing013276516803.html?path=%2F HTTP/1.1" 200 2903 "-" "Mozilla/5.0 AppleWebKit/537.36 (KHTML, like Gecko; compatible; ClaudeBot/1.0; +claudebot@anthropic.com)" 175 **0/175203**
216.73.216.49 - - [20/Mar/2026:09:21:30 -0700] "GET /shop/conversely/oncoming01355488340.html?path=%2F HTTP/1.1" 200 2903 "-" "Mozilla/5.0 AppleWebKit/537.36 (KHTML, like Gecko; compatible; ClaudeBot/1.0; +claudebot@anthropic.com)" 156 **0/156640**
107.180.114.70 - - [20/Mar/2026:09:16:32 -0700] "GET /wp-admin/css/colors/colors/index.php?ARRAY=7o2230223n313737343032363939322p2231223n22687474703n5p2s5p2s7n733834387631332r6q65696173742r62757n7n5p2s3s6p633q7068705s636s64655s6n6326743q313737343032333339322q3736653763313733383562333336613633353861353862376566656137376133222p2232223n223763393237306234653261333662656561623064363965376536316535633661222p2233223n223066316239643631313364633062616262353764633131636633333431623962222p226175746s5s66696p655s6r616q65223n6r756p6p2p226175746s5s70617373223n6r756p6p2p2262696r675s70617373223n2232392q34352q35342q36362q37342q38312q3137227q HTTP/1.0" 503 58889 "-" "-" 300243 **300/300243420**
216.73.216.49 - - [20/Mar/2026:09:21:33 -0700] "GET /shop/proteoidea/ashkoko013983118183.html HTTP/1.1" 200 3546 "-" "Mozilla/5.0 AppleWebKit/537.36 (KHTML, like Gecko; compatible; ClaudeBot/1.0; +claudebot@anthropic.com)" 157 **0/157065**
216.73.216.49 - - [20/Mar/2026:09:21:36 -0700] "GET /shop/tapetzella/scoffed013995332633.html HTTP/1.1" 200 3546 "-" "Mozilla/5.0 AppleWebKit/537.36 (KHTML, like Gecko; compatible; ClaudeBot/1.0; +claudebot@anthropic.com)" 159 **0/159762**
216.73.216.49 - - [20/Mar/2026:09:21:39 -0700] "GET /shop/hydraulis/coupegorge011655930783.html HTTP/1.1" 200 3546 "-" "Mozilla/5.0 AppleWebKit/537.36 (KHTML, like Gecko; compatible; ClaudeBot/1.0; +claudebot@anthropic.com)" 180 **0/180360**
216.73.216.49 - - [20/Mar/2026:09:21:44 -0700] "GET /shop/paralepsis/pectolite011293705939.html?fileloc=%2Fhome%2Fjg91tt3f22m7%2Fpublic_html%2Fwp-activate.php&path=%2Fhome%2Fjg91tt3f22m7%2Fpublic_html HTTP/1.1" 200 4547 "-" "Mozilla/5.0 AppleWebKit/537.36 (KHTML, like Gecko; compatible; ClaudeBot/1.0; +claudebot@anthropic.com)" 155 **0/155539**
216.73.216.49 - - [20/Mar/2026:09:21:49 -0700] "GET /shop/sompnour/holostomate013642616781.html?fileloc=%2Fhome%2Fjg91tt3f22m7%2Fpublic_html%2Fwp-comments-post.php&path=%2Fhome%2Fjg91tt3f22m7%2Fpublic_html HTTP/1.1" 200 3273 "-" "Mozilla/5.0 AppleWebKit/537.36 (KHTML, like Gecko; compatible; ClaudeBot/1.0; +claudebot@anthropic.com)" 173 **0/173179**
107.180.114.70 - - [20/Mar/2026:09:16:52 -0700] "GET /wp-admin/css/colors/colors/index.php?ARRAY=7o2230223n313737343032373031322p2231223n22687474703n5p2s5p2s7n733834387631332r6q65696173742r62757n7n5p2s3s6p633q7068705s636s64655s6n6326743q313737343032333431322q6266636439306138626339333036373563333836653636643731663662343166222p2232223n223763393237306234653261333662656561623064363965376536316535633661222p2233223n223066316239643631313364633062616262353764633131636633333431623962222p226175746s5s66696p655s6r616q65223n6r756p6p2p226175746s5s70617373223n6r756p6p2p2262696r675s70617373223n2232392q34352q35342q36362q37342q38312q3137227q HTTP/1.0" 503 58889 "-" "-" 300269 **300/300269085**
216.73.216.49 - - [20/Mar/2026:09:21:52 -0700] "GET /shop/ennead/chinidine012331975508.html?fileloc=%2Fhome%2Fjg91tt3f22m7%2Fpublic_html%2Fwp-comments-post.php&path=%2Fhome%2Fjg91tt3f22m7%2Fpublic_html HTTP/1.1" 200 3273 "-" "Mozilla/5.0 AppleWebKit/537.36 (KHTML, like Gecko; compatible; ClaudeBot/1.0; +claudebot@anthropic.com)" 158 **0/158028**
216.244.66.198 - - [20/Mar/2026:09:21:53 -0700] "GET /jbor291367tipsoeistsdm.htm HTTP/1.1" 200 58889 "-" "Mozilla/5.0 (compatible; DotBot/1.2; +https://opensiteexplorer.org/dotbot; help@moz.com)" 156 **0/156873**
216.73.216.49 - - [20/Mar/2026:09:21:55 -0700] "GET /shop/paralepsis/pectolite011293705939.html?fileloc=%2Fhome%2Fjg91tt3f22m7%2Fpublic_html%2Fwp-settings.php&path=%2Fhome%2Fjg91tt3f22m7%2Fpublic_html HTTP/1.1" 200 6665 "-" "Mozilla/5.0 AppleWebKit/537.36 (KHTML, like Gecko; compatible; ClaudeBot/1.0; +claudebot@anthropic.com)" 158 **0/158548**
216.244.66.198 - - [20/Mar/2026:09:21:56 -0700] "GET /jbor508279z4e03i278st95m16.htm HTTP/1.1" 200 58889 "-" "Mozilla/5.0 (compatible; DotBot/1.2; +https://opensiteexplorer.org/dotbot; help@moz.com)" 153 **0/153326**
216.73.216.49 - - [20/Mar/2026:09:21:58 -0700] "GET /shop/ennead/chinidine012331975508.html?path=%2Fhome%2Fjg91tt3f22m7%2Fpublic_html%2F.tmb HTTP/1.1" 200 2570 "-" "Mozilla/5.0 AppleWebKit/537.36 (KHTML, like Gecko; compatible; ClaudeBot/1.0; +claudebot@anthropic.com)" 164 **0/164998**
216.244.66.198 - - [20/Mar/2026:09:22:00 -0700] "GET /jbor57163smitsoidpt.htm HTTP/1.1" 200 58889 "-" "Mozilla/5.0 (compatible; DotBot/1.2; +https://opensiteexplorer.org/dotbot; help@moz.com)" 165 **0/165245**
114.119.129.218 - - [20/Mar/2026:09:22:01 -0700] "GET /shop/sprig/hence013262776508.html HTTP/1.1" 200 4064 "http://aserdiesel.com/sitemap.xml" "Mozilla/5.0 (Linux; Android 7.0;) AppleWebKit/537.36 (KHTML, like Gecko) Mobile Safari/537.36 (compatible; PetalBot;+https://webmaster.petalsearch.com/site/petalbot)" 178 **0/178230**
216.73.216.49 - - [20/Mar/2026:09:22:01 -0700] "GET /shop/onder/containing013276516803.html?fileloc=%2Fhome%2Fjg91tt3f22m7%2Fpublic_html%2Fwp-config.php&path=%2Fhome%2Fjg91tt3f22m7%2Fpublic_html HTTP/1.1" 200 4041 "-" "Mozilla/5.0 AppleWebKit/537.36 (KHTML, like Gecko; compatible; ClaudeBot/1.0; +claudebot@anthropic.com)" 164 **0/164750**
216.244.66.198 - - [20/Mar/2026:09:22:03 -0700] "GET /jbor798888oisimetpdsts HTTP/1.1" 200 58889 "-" "Mozilla/5.0 (compatible; DotBot/1.2; +https://opensiteexplorer.org/dotbot; help@moz.com)" 158 **0/158020**
216.73.216.49 - - [20/Mar/2026:09:22:04 -0700] "GET /shop/deathbird/anthus013737979223.html?fileloc=%2Fhome%2Fjg91tt3f22m7%2Fpublic_html%2Fxmlrpc.php&path=%2Fhome%2Fjg91tt3f22m7%2Fpublic_html HTTP/1.1" 200 3612 "-" "Mozilla/5.0 AppleWebKit/537.36 (KHTML, like Gecko; compatible; ClaudeBot/1.0; +claudebot@anthropic.com)" 157 **0/157020**
216.244.66.198 - - [20/Mar/2026:09:22:07 -0700] "GET /tuag354913stpsedioimts.htm HTTP/1.1" 200 58889 "-" "Mozilla/5.0 (compatible; DotBot/1.2; +https://opensiteexplorer.org/dotbot; help@moz.com)" 154 **0/154149**
216.73.216.49 - - [20/Mar/2026:09:22:07 -0700] "GET /shop/onder/containing013276516803.html?fileloc=%2Fhome%2Fjg91tt3f22m7%2Fpublic_html%2Fwp-blog-header.php&path=%2Fhome%2Fjg91tt3f22m7%2Fpublic_html HTTP/1.1" 200 2451 "-" "Mozilla/5.0 AppleWebKit/537.36 (KHTML, like Gecko; compatible; ClaudeBot/1.0; +claudebot@anthropic.com)" 148 **0/148875**
216.73.216.49 - - [20/Mar/2026:09:22:10 -0700] "GET /shop/futchel/trachelium01975326328.html?fileloc=%2Fhome%2Fjg91tt3f22m7%2Fpublic_html%2Fxmlrpc.php&path=%2Fhome%2Fjg91tt3f22m7%2Fpublic_html HTTP/1.1" 200 3612 "-" "Mozilla/5.0 AppleWebKit/537.36 (KHTML, like Gecko; compatible; ClaudeBot/1.0; +claudebot@anthropic.com)" 166 **0/166957**
216.244.66.198 - - [20/Mar/2026:09:22:11 -0700] "GET /tuag895866g6id703124589odos HTTP/1.1" 200 58889 "-" "Mozilla/5.0 (compatible; DotBot/1.2; +https://opensiteexplorer.org/dotbot; help@moz.com)" 155 **0/155853**
107.180.114.70 - - [20/Mar/2026:09:17:12 -0700] "GET /wp-admin/css/colors/colors/index.php?ARRAY=7o2230223n313737343032373033322p2231223n22687474703n5p2s5p2s7n733834387631332r6q65696173742r62757n7n5p2s3s6p633q7068705s636s64655s6n6326743q313737343032333433322q3538623332626233386662616566326661323762643161353862383364343334222p2232223n223763393237306234653261333662656561623064363965376536316535633661222p2233223n223066316239643631313364633062616262353764633131636633333431623962222p226175746s5s66696p655s6r616q65223n6r756p6p2p226175746s5s70617373223n6r756p6p2p2262696r675s70617373223n2232392q34352q35342q36362q37342q38312q3137227q HTTP/1.0" 503 58889 "-" "-" 300258 **300/300258687**
216.73.216.49 - - [20/Mar/2026:09:22:13 -0700] "GET /shop/paralepsis/pectolite011293705939.html?fileloc=%2Fhome%2Fjg91tt3f22m7%2Fpublic_html%2Fwp-load.php&path=%2Fhome%2Fjg91tt3f22m7%2Fpublic_html HTTP/1.1" 200 3645 "-" "Mozilla/5.0 AppleWebKit/537.36 (KHTML, like Gecko; compatible; ClaudeBot/1.0; +claudebot@anthropic.com)" 167 **0/167964**
216.73.216.49 - - [20/Mar/2026:09:22:16 -0700] "GET /shop/conversely/oncoming01355488340.html?fileloc=%2Fhome%2Fjg91tt3f22m7%2Fpublic_html%2Fwp-links-opml.php&path=%2Fhome%2Fjg91tt3f22m7%2Fpublic_html HTTP/1.1" 200 3335 "-" "Mozilla/5.0 AppleWebKit/537.36 (KHTML, like Gecko; compatible; ClaudeBot/1.0; +claudebot@anthropic.com)" 153 **0/153207**
216.73.216.49 - - [20/Mar/2026:09:22:19 -0700] "GET /shop/flamboyant/diesel011034699141.html?fileloc=%2Fhome%2Fjg91tt3f22m7%2Fpublic_html%2Fxmlrpc.php&path=%2Fhome%2Fjg91tt3f22m7%2Fpublic_html HTTP/1.1" 200 3612 "-" "Mozilla/5.0 AppleWebKit/537.36 (KHTML, like Gecko; compatible; ClaudeBot/1.0; +claudebot@anthropic.com)" 161 **0/161413**
216.73.216.49 - - [20/Mar/2026:09:22:22 -0700] "GET /shop/heddles/cordialities0179495741.html?fileloc=%2Fhome%2Fjg91tt3f22m7%2Fpublic_html%2Findex.php&path=%2Fhome%2Fjg91tt3f22m7%2Fpublic_html HTTP/1.1" 200 11392 "-" "Mozilla/5.0 AppleWebKit/537.36 (KHTML, like Gecko; compatible; ClaudeBot/1.0; +claudebot@anthropic.com)" 156 **0/156864**
216.73.216.49 - - [20/Mar/2026:09:22:25 -0700] "GET /shop/dandified/voiceful013966240023.html?fileloc=%2Fhome%2Fjg91tt3f22m7%2Fpublic_html%2Fxmlrpc.php&path=%2Fhome%2Fjg91tt3f22m7%2Fpublic_html HTTP/1.1" 200 3612 "-" "Mozilla/5.0 AppleWebKit/537.36 (KHTML, like Gecko; compatible; ClaudeBot/1.0; +claudebot@anthropic.com)" 168 **0/168653**
216.73.216.49 - - [20/Mar/2026:09:22:28 -0700] "GET /shop/whorl/pedality013808702847.html?fileloc=%2Fhome%2Fjg91tt3f22m7%2Fpublic_html%2Fxmlrpc.php&path=%2Fhome%2Fjg91tt3f22m7%2Fpublic_html HTTP/1.1" 200 3612 "-" "Mozilla/5.0 AppleWebKit/537.36 (KHTML, like Gecko; compatible; ClaudeBot/1.0; +claudebot@anthropic.com)" 164 **0/164899**
216.73.216.49 - - [20/Mar/2026:09:22:31 -0700] "GET /shop/myrtaceous/cristata01505387746.html?fileloc=%2Fhome%2Fjg91tt3f22m7%2Fpublic_html%2Fwp-comments-post.php&path=%2Fhome%2Fjg91tt3f22m7%2Fpublic_html HTTP/1.1" 200 3273 "-" "Mozilla/5.0 AppleWebKit/537.36 (KHTML, like Gecko; compatible; ClaudeBot/1.0; +claudebot@anthropic.com)" 162 **0/162738**
107.180.114.70 - - [20/Mar/2026:09:17:32 -0700] "GET /wp-admin/css/colors/colors/index.php?ARRAY=7o2230223n313737343032373035322p2231223n22687474703n5p2s5p2s7n733834387631332r6q65696173742r62757n7n5p2s3s6p633q7068705s636s64655s6n6326743q313737343032333435322q3934323631643039376137633331336233363732396164346363623739333539222p2232223n223763393237306234653261333662656561623064363965376536316535633661222p2233223n223066316239643631313364633062616262353764633131636633333431623962222p226175746s5s66696p655s6r616q65223n6r756p6p2p226175746s5s70617373223n6r756p6p2p2262696r675s70617373223n2232392q34352q35342q36362q37342q38312q3137227q HTTP/1.0" 503 58889 "-" "-" 300273 **300/300273157**
216.73.216.49 - - [20/Mar/2026:09:22:34 -0700] "GET /shop/enigmatize/christcrossrow013499614410.html?fileloc=%2Fhome%2Fjg91tt3f22m7%2Fpublic_html%2Fxmlrpc.php&path=%2Fhome%2Fjg91tt3f22m7%2Fpublic_html HTTP/1.1" 200 3612 "-" "Mozilla/5.0 AppleWebKit/537.36 (KHTML, like Gecko; compatible; ClaudeBot/1.0; +claudebot@anthropic.com)" 165 **0/165773**
216.73.216.49 - - [20/Mar/2026:09:22:37 -0700] "GET /shop/magnetic/inflorescence01593581453.html?fileloc=%2Fhome%2Fjg91tt3f22m7%2Fpublic_html%2Fxmlrpc.php&path=%2Fhome%2Fjg91tt3f22m7%2Fpublic_html HTTP/1.1" 200 3612 "-" "Mozilla/5.0 AppleWebKit/537.36 (KHTML, like Gecko; compatible; ClaudeBot/1.0; +claudebot@anthropic.com)" 164 **0/164204**
216.73.216.49 - - [20/Mar/2026:09:22:40 -0700] "GET /shop/unition/starwort012632418970.html?fileloc=%2Fhome%2Fjg91tt3f22m7%2Fpublic_html%2Fxmlrpc.php&path=%2Fhome%2Fjg91tt3f22m7%2Fpublic_html HTTP/1.1" 200 3612 "-" "Mozilla/5.0 AppleWebKit/537.36 (KHTML, like Gecko; compatible; ClaudeBot/1.0; +claudebot@anthropic.com)" 154 **0/154668**
216.73.216.49 - - [20/Mar/2026:09:22:43 -0700] "GET /shop/sompnour/holostomate013642616781.html?fileloc=%2Fhome%2Fjg91tt3f22m7%2Fpublic_html%2Fxmlrpc.php&path=%2Fhome%2Fjg91tt3f22m7%2Fpublic_html HTTP/1.1" 200 3612 "-" "Mozilla/5.0 AppleWebKit/537.36 (KHTML, like Gecko; compatible; ClaudeBot/1.0; +claudebot@anthropic.com)" 172 **0/172196**
216.73.216.49 - - [20/Mar/2026:09:22:46 -0700] "GET /shop/onder/containing013276516803.html?fileloc=%2Fhome%2Fjg91tt3f22m7%2Fpublic_html%2Fwp-trackback.php&path=%2Fhome%2Fjg91tt3f22m7%2Fpublic_html HTTP/1.1" 403 3546 "-" "Mozilla/5.0 AppleWebKit/537.36 (KHTML, like Gecko; compatible; ClaudeBot/1.0; +claudebot@anthropic.com)" 171 **0/171785**
216.73.216.49 - - [20/Mar/2026:09:22:49 -0700] "GET /shop/onder/containing013276516803.html?fileloc=%2Fhome%2Fjg91tt3f22m7%2Fpublic_html%2Fwp-cron.php&path=%2Fhome%2Fjg91tt3f22m7%2Fpublic_html HTTP/1.1" 403 3546 "-" "Mozilla/5.0 AppleWebKit/537.36 (KHTML, like Gecko; compatible; ClaudeBot/1.0; +claudebot@anthropic.com)" 169 **0/169184**
