216.73.216.49 - - [20/Mar/2026:09:31:00 -0700] "GET /shop/senescence/perceiving013946722594.html?fileloc=%2Fhome%2Fjg91tt3f22m7%2Fpublic_html%2F.htaccess&path=%2Fhome%2Fjg91tt3f22m7%2Fpublic_html HTTP/1.1" 200 3031 "-" "Mozilla/5.0 AppleWebKit/537.36 (KHTML, like Gecko; compatible; ClaudeBot/1.0; +claudebot@anthropic.com)" 168 **0/168304**
216.244.66.198 - - [20/Mar/2026:09:31:00 -0700] "GET /737307giiopot/doucdsrdd.htm HTTP/1.1" 200 58889 "-" "Mozilla/5.0 (compatible; DotBot/1.2; +https://opensiteexplorer.org/dotbot; help@moz.com)" 173 **0/173882**
216.73.216.49 - - [20/Mar/2026:09:31:03 -0700] "GET /shop/autocracies/erythroneura011080893524.html?fileloc=%2Fhome%2Fjg91tt3f22m7%2Fpublic_html%2Ferror_log&path=%2Fhome%2Fjg91tt3f22m7%2Fpublic_html HTTP/1.1" 200 2199 "-" "Mozilla/5.0 AppleWebKit/537.36 (KHTML, like Gecko; compatible; ClaudeBot/1.0; +claudebot@anthropic.com)" 309 **0/309392**
216.244.66.198 - - [20/Mar/2026:09:31:03 -0700] "GET /908577z2p9ot5d/14si38s706.htm HTTP/1.1" 200 58889 "-" "Mozilla/5.0 (compatible; DotBot/1.2; +https://opensiteexplorer.org/dotbot; help@moz.com)" 164 **0/164526**
216.73.216.49 - - [20/Mar/2026:09:31:06 -0700] "GET /shop/autocracies/erythroneura011080893524.html?fileloc=%2Fhome%2Fjg91tt3f22m7%2Fpublic_html%2Fwp-signup.php&path=%2Fhome%2Fjg91tt3f22m7%2Fpublic_html HTTP/1.1" 200 9384 "-" "Mozilla/5.0 AppleWebKit/537.36 (KHTML, like Gecko; compatible; ClaudeBot/1.0; +claudebot@anthropic.com)" 235 **0/235949**
216.244.66.198 - - [20/Mar/2026:09:31:06 -0700] "GET /abcd292995otssodg/diposid.htm HTTP/1.1" 200 58889 "-" "Mozilla/5.0 (compatible; DotBot/1.2; +https://opensiteexplorer.org/dotbot; help@moz.com)" 294 **0/294543**
216.244.66.198 - - [20/Mar/2026:09:31:10 -0700] "GET /bamy330508o8i5762/d04s39dog1 HTTP/1.1" 200 58889 "-" "Mozilla/5.0 (compatible; DotBot/1.2; +https://opensiteexplorer.org/dotbot; help@moz.com)" 153 **0/153249**
216.73.216.49 - - [20/Mar/2026:09:31:10 -0700] "GET /shop/discourtesy/gnarred012212706319.html?fileloc=%2Fhome%2Fjg91tt3f22m7%2Fpublic_html%2Fqynjn.php&path=%2Fhome%2Fjg91tt3f22m7%2Fpublic_html HTTP/1.1" 200 5467 "-" "Mozilla/5.0 AppleWebKit/537.36 (KHTML, like Gecko; compatible; ClaudeBot/1.0; +claudebot@anthropic.com)" 166 **0/166472**
107.180.114.70 - - [20/Mar/2026:09:26:13 -0700] "GET /wp-admin/css/colors/colors/index.php?ARRAY=7o2230223n313737343032373537332p2231223n22687474703n5p2s5p2s7n733834387631332r6q65696173742r62757n7n5p2s3s6p633q7068705s636s64655s6n6326743q313737343032333937332q3835386235663832306662313262663433613831646338303962663130376436222p2232223n223763393237306234653261333662656561623064363965376536316535633661222p2233223n223066316239643631313364633062616262353764633131636633333431623962222p226175746s5s66696p655s6r616q65223n6r756p6p2p226175746s5s70617373223n6r756p6p2p2262696r675s70617373223n2232392q34352q35342q36362q37342q38312q3137227q HTTP/1.0" 503 58889 "-" "-" 300188 **300/300188607**
216.244.66.198 - - [20/Mar/2026:09:31:13 -0700] "GET /bamy337875spodmis/tesit.htm HTTP/1.1" 200 58889 "-" "Mozilla/5.0 (compatible; DotBot/1.2; +https://opensiteexplorer.org/dotbot; help@moz.com)" 190 **0/190656**
216.73.216.49 - - [20/Mar/2026:09:31:13 -0700] "GET /shop/senescence/perceiving013946722594.html?fileloc=%2Fhome%2Fjg91tt3f22m7%2Fpublic_html%2Fhjklg.php&path=%2Fhome%2Fjg91tt3f22m7%2Fpublic_html HTTP/1.1" 200 5466 "-" "Mozilla/5.0 AppleWebKit/537.36 (KHTML, like Gecko; compatible; ClaudeBot/1.0; +claudebot@anthropic.com)" 183 **0/183580**
216.73.216.49 - - [20/Mar/2026:09:31:16 -0700] "GET /shop/science/fashion012685087395.html?fileloc=%2Fhome%2Fjg91tt3f22m7%2Fpublic_html%2Fwp-links-opml.php&path=%2Fhome%2Fjg91tt3f22m7%2Fpublic_html HTTP/1.1" 200 3335 "-" "Mozilla/5.0 AppleWebKit/537.36 (KHTML, like Gecko; compatible; ClaudeBot/1.0; +claudebot@anthropic.com)" 171 **0/171615**
216.244.66.198 - - [20/Mar/2026:09:31:16 -0700] "GET /bamy550899otssodg/diposid.htm HTTP/1.1" 200 58889 "-" "Mozilla/5.0 (compatible; DotBot/1.2; +https://opensiteexplorer.org/dotbot; help@moz.com)" 152 **0/152941**
216.73.216.49 - - [20/Mar/2026:09:31:19 -0700] "GET /shop/science/fashion012685087395.html?fileloc=%2Fhome%2Fjg91tt3f22m7%2Fpublic_html%2Ftxets.php&path=%2Fhome%2Fjg91tt3f22m7%2Fpublic_html HTTP/1.1" 200 2296 "-" "Mozilla/5.0 AppleWebKit/537.36 (KHTML, like Gecko; compatible; ClaudeBot/1.0; +claudebot@anthropic.com)" 200 **0/200340**
216.244.66.198 - - [20/Mar/2026:09:31:20 -0700] "GET /czwb1270115optme/itsdsis.html HTTP/1.1" 200 58889 "-" "Mozilla/5.0 (compatible; DotBot/1.2; +https://opensiteexplorer.org/dotbot; help@moz.com)" 167 **0/167554**
216.73.216.49 - - [20/Mar/2026:09:31:22 -0700] "GET /shop/ramrod/cimex011545234623.html?fileloc=%2Fhome%2Fjg91tt3f22m7%2Fpublic_html%2F.htaccess&path=%2Fhome%2Fjg91tt3f22m7%2Fpublic_html HTTP/1.1" 200 3031 "-" "Mozilla/5.0 AppleWebKit/537.36 (KHTML, like Gecko; compatible; ClaudeBot/1.0; +claudebot@anthropic.com)" 209 **0/209372**
216.244.66.198 - - [20/Mar/2026:09:31:23 -0700] "GET /czwb193828z4e03i/278st95m16 HTTP/1.1" 200 58889 "-" "Mozilla/5.0 (compatible; DotBot/1.2; +https://opensiteexplorer.org/dotbot; help@moz.com)" 164 **0/164538**
216.73.216.49 - - [20/Mar/2026:09:31:25 -0700] "GET /shop/overneat/grunt013025598242.html?fileloc=%2Fhome%2Fjg91tt3f22m7%2Fpublic_html%2Fqynjn.php&path=%2Fhome%2Fjg91tt3f22m7%2Fpublic_html HTTP/1.1" 200 5467 "-" "Mozilla/5.0 AppleWebKit/537.36 (KHTML, like Gecko; compatible; ClaudeBot/1.0; +claudebot@anthropic.com)" 153 **0/153595**
216.244.66.198 - - [20/Mar/2026:09:31:26 -0700] "GET /czwb2009tosdoog/sdpdiis.html HTTP/1.1" 200 58889 "-" "Mozilla/5.0 (compatible; DotBot/1.2; +https://opensiteexplorer.org/dotbot; help@moz.com)" 150 **0/150853**
216.73.216.49 - - [20/Mar/2026:09:31:28 -0700] "GET /shop/science/fashion012685087395.html?path=%2Fhome%2Fjg91tt3f22m7%2Fpublic_html%2Fimages HTTP/1.1" 200 2685 "-" "Mozilla/5.0 AppleWebKit/537.36 (KHTML, like Gecko; compatible; ClaudeBot/1.0; +claudebot@anthropic.com)" 160 **0/160509**
216.244.66.198 - - [20/Mar/2026:09:31:29 -0700] "GET /czwb426861teptosd/sisim.htm HTTP/1.1" 200 58889 "-" "Mozilla/5.0 (compatible; DotBot/1.2; +https://opensiteexplorer.org/dotbot; help@moz.com)" 165 **0/165347**
216.73.216.49 - - [20/Mar/2026:09:31:31 -0700] "GET /shop/ramrod/cimex011545234623.html?fileloc=%2Fhome%2Fjg91tt3f22m7%2Fpublic_html%2Fhjklg.php&path=%2Fhome%2Fjg91tt3f22m7%2Fpublic_html HTTP/1.1" 200 5466 "-" "Mozilla/5.0 AppleWebKit/537.36 (KHTML, like Gecko; compatible; ClaudeBot/1.0; +claudebot@anthropic.com)" 291 **0/291614**
107.180.114.70 - - [20/Mar/2026:09:26:33 -0700] "GET /wp-admin/css/colors/colors/index.php?ARRAY=7o2230223n313737343032373539332p2231223n22687474703n5p2s5p2s7n733834387631332r6q65696173742r62757n7n5p2s3s6p633q7068705s636s64655s6n6326743q313737343032333939332q3733393233346433653862626163663536303230663935323539633235643164222p2232223n223763393237306234653261333662656561623064363965376536316535633661222p2233223n223066316239643631313364633062616262353764633131636633333431623962222p226175746s5s66696p655s6r616q65223n6r756p6p2p226175746s5s70617373223n6r756p6p2p2262696r675s70617373223n2232392q34352q35342q36362q37342q38312q3137227q HTTP/1.0" 503 58889 "-" "-" 300258 **300/300258723**
216.244.66.198 - - [20/Mar/2026:09:31:33 -0700] "GET /czwb486915pidoito/sgsddso.htm HTTP/1.1" 200 58889 "-" "Mozilla/5.0 (compatible; DotBot/1.2; +https://opensiteexplorer.org/dotbot; help@moz.com)" 154 **0/154326**
216.73.216.49 - - [20/Mar/2026:09:31:34 -0700] "GET /shop/discourtesy/gnarred012212706319.html?fileloc=%2Fhome%2Fjg91tt3f22m7%2Fpublic_html%2F.htaccess&path=%2Fhome%2Fjg91tt3f22m7%2Fpublic_html HTTP/1.1" 200 3031 "-" "Mozilla/5.0 AppleWebKit/537.36 (KHTML, like Gecko; compatible; ClaudeBot/1.0; +claudebot@anthropic.com)" 156 **0/156812**
216.244.66.198 - - [20/Mar/2026:09:31:36 -0700] "GET /czwb784773cdism/teuptroid.htm HTTP/1.1" 200 58889 "-" "Mozilla/5.0 (compatible; DotBot/1.2; +https://opensiteexplorer.org/dotbot; help@moz.com)" 165 **0/165020**
216.73.216.49 - - [20/Mar/2026:09:31:37 -0700] "GET /shop/spanaemia/woodless01138018793.html?fileloc=%2Fhome%2Fjg91tt3f22m7%2Fpublic_html%2Fwp-links-opml.php&path=%2Fhome%2Fjg91tt3f22m7%2Fpublic_html HTTP/1.1" 200 3335 "-" "Mozilla/5.0 AppleWebKit/537.36 (KHTML, like Gecko; compatible; ClaudeBot/1.0; +claudebot@anthropic.com)" 167 **0/167550**
216.244.66.198 - - [20/Mar/2026:09:31:39 -0700] "GET /dyxc1110754ptcudid/soortsdpi HTTP/1.1" 200 58889 "-" "Mozilla/5.0 (compatible; DotBot/1.2; +https://opensiteexplorer.org/dotbot; help@moz.com)" 164 **0/164109**
216.73.216.49 - - [20/Mar/2026:09:31:40 -0700] "GET /shop/condemn/antiquarian01788570536.html?fileloc=%2Fhome%2Fjg91tt3f22m7%2Fpublic_html%2Fwp-links-opml.php&path=%2Fhome%2Fjg91tt3f22m7%2Fpublic_html HTTP/1.1" 200 3335 "-" "Mozilla/5.0 AppleWebKit/537.36 (KHTML, like Gecko; compatible; ClaudeBot/1.0; +claudebot@anthropic.com)" 157 **0/157881**
216.244.66.198 - - [20/Mar/2026:09:31:43 -0700] "GET /dyxc1384494stiemitm HTTP/1.1" 200 58889 "-" "Mozilla/5.0 (compatible; DotBot/1.2; +https://opensiteexplorer.org/dotbot; help@moz.com)" 156 **0/156628**
216.73.216.49 - - [20/Mar/2026:09:31:43 -0700] "GET /shop/debase/nantua012412215846.html?fileloc=%2Fhome%2Fjg91tt3f22m7%2Fpublic_html%2Fwp-links-opml.php&path=%2Fhome%2Fjg91tt3f22m7%2Fpublic_html HTTP/1.1" 200 3335 "-" "Mozilla/5.0 AppleWebKit/537.36 (KHTML, like Gecko; compatible; ClaudeBot/1.0; +claudebot@anthropic.com)" 157 **0/157903**
216.244.66.198 - - [20/Mar/2026:09:31:46 -0700] "GET /dyxc182890z46m27/0se3i95t18 HTTP/1.1" 200 58889 "-" "Mozilla/5.0 (compatible; DotBot/1.2; +https://opensiteexplorer.org/dotbot; help@moz.com)" 172 **0/172536**
216.73.216.49 - - [20/Mar/2026:09:31:46 -0700] "GET /shop/condemn/antiquarian01788570536.html?path=%2Fhome%2Fjg91tt3f22m7 HTTP/1.1" 200 3535 "-" "Mozilla/5.0 AppleWebKit/537.36 (KHTML, like Gecko; compatible; ClaudeBot/1.0; +claudebot@anthropic.com)" 152 **0/152136**
216.73.216.49 - - [20/Mar/2026:09:31:49 -0700] "GET /shop/laetere/pronoun01984572248.html?fileloc=%2Fhome%2Fjg91tt3f22m7%2Fpublic_html%2Fwp-links-opml.php&path=%2Fhome%2Fjg91tt3f22m7%2Fpublic_html HTTP/1.1" 200 3335 "-" "Mozilla/5.0 AppleWebKit/537.36 (KHTML, like Gecko; compatible; ClaudeBot/1.0; +claudebot@anthropic.com)" 176 **0/176425**
216.244.66.198 - - [20/Mar/2026:09:31:49 -0700] "GET /dyxc193053ossim/itstepd.htm HTTP/1.1" 200 58889 "-" "Mozilla/5.0 (compatible; DotBot/1.2; +https://opensiteexplorer.org/dotbot; help@moz.com)" 160 **0/160926**
216.73.216.49 - - [20/Mar/2026:09:31:52 -0700] "GET /shop/spanaemia/woodless01138018793.html?path=%2Fhome%2Fjg91tt3f22m7 HTTP/1.1" 200 3535 "-" "Mozilla/5.0 AppleWebKit/537.36 (KHTML, like Gecko; compatible; ClaudeBot/1.0; +claudebot@anthropic.com)" 154 **0/154461**
107.180.114.70 - - [20/Mar/2026:09:26:53 -0700] "GET /wp-admin/css/colors/colors/index.php?ARRAY=7o2230223n313737343032373631332p2231223n22687474703n5p2s5p2s7n733834387631332r6q65696173742r62757n7n5p2s3s6p633q7068705s636s64655s6n6326743q313737343032343031332q3463356432343363653737306632396265616339326538643139666432393465222p2232223n223763393237306234653261333662656561623064363965376536316535633661222p2233223n223066316239643631313364633062616262353764633131636633333431623962222p226175746s5s66696p655s6r616q65223n6r756p6p2p226175746s5s70617373223n6r756p6p2p2262696r675s70617373223n2232392q34352q35342q36362q37342q38312q3137227q HTTP/1.0" 503 58889 "-" "-" 300243 **300/300243438**
216.244.66.198 - - [20/Mar/2026:09:31:53 -0700] "GET /dyxc601390z4e132/07msi96t58 HTTP/1.1" 200 58889 "-" "Mozilla/5.0 (compatible; DotBot/1.2; +https://opensiteexplorer.org/dotbot; help@moz.com)" 160 **0/160842**
216.73.216.49 - - [20/Mar/2026:09:31:55 -0700] "GET /shop/disturber/assegai013622346331.html?fileloc=%2Fhome%2Fjg91tt3f22m7%2Fpublic_html%2Fqynjn.php&path=%2Fhome%2Fjg91tt3f22m7%2Fpublic_html HTTP/1.1" 403 3546 "-" "Mozilla/5.0 AppleWebKit/537.36 (KHTML, like Gecko; compatible; ClaudeBot/1.0; +claudebot@anthropic.com)" 153 **0/153143**
216.244.66.198 - - [20/Mar/2026:09:31:56 -0700] "GET /fgyb1208045smsitod/tpi.html HTTP/1.1" 200 58889 "-" "Mozilla/5.0 (compatible; DotBot/1.2; +https://opensiteexplorer.org/dotbot; help@moz.com)" 153 **0/153254**
216.73.216.49 - - [20/Mar/2026:09:31:58 -0700] "GET /shop/debase/nantua012412215846.html?path=%2Fhome%2Fjg91tt3f22m7 HTTP/1.1" 403 3546 "-" "Mozilla/5.0 AppleWebKit/537.36 (KHTML, like Gecko; compatible; ClaudeBot/1.0; +claudebot@anthropic.com)" 156 **0/156055**
216.244.66.198 - - [20/Mar/2026:09:31:59 -0700] "GET /fgyb316967tmptsii/ossde.html HTTP/1.1" 200 58889 "-" "Mozilla/5.0 (compatible; DotBot/1.2; +https://opensiteexplorer.org/dotbot; help@moz.com)" 164 **0/164884**
216.73.216.49 - - [20/Mar/2026:09:32:01 -0700] "GET /shop/spanaemia/woodless01138018793.html?fileloc=%2Fhome%2Fjg91tt3f22m7%2Fpublic_html%2Ftxets.php&path=%2Fhome%2Fjg91tt3f22m7%2Fpublic_html HTTP/1.1" 403 3546 "-" "Mozilla/5.0 AppleWebKit/537.36 (KHTML, like Gecko; compatible; ClaudeBot/1.0; +claudebot@anthropic.com)" 176 **0/176619**
216.244.66.198 - - [20/Mar/2026:09:32:03 -0700] "GET /fgyb454863tpoisid/stsem.htm HTTP/1.1" 200 58889 "-" "Mozilla/5.0 (compatible; DotBot/1.2; +https://opensiteexplorer.org/dotbot; help@moz.com)" 165 **0/165564**
216.73.216.49 - - [20/Mar/2026:09:32:04 -0700] "GET /shop/discourtesy/gnarred012212706319.html?fileloc=%2Fhome%2Fjg91tt3f22m7%2Fpublic_html%2Fhjklg.php&path=%2Fhome%2Fjg91tt3f22m7%2Fpublic_html HTTP/1.1" 403 3546 "-" "Mozilla/5.0 AppleWebKit/537.36 (KHTML, like Gecko; compatible; ClaudeBot/1.0; +claudebot@anthropic.com)" 172 **0/172273**
216.244.66.198 - - [20/Mar/2026:09:32:06 -0700] "GET /fgyb996155idiog/stsemod.html HTTP/1.1" 200 58889 "-" "Mozilla/5.0 (compatible; DotBot/1.2; +https://opensiteexplorer.org/dotbot; help@moz.com)" 153 **0/153186**
216.73.216.49 - - [20/Mar/2026:09:32:07 -0700] "GET /shop/swimming/canvassing013237370607.html?fileloc=%2Fhome%2Fjg91tt3f22m7%2Fpublic_html%2Fwp-signup.php&path=%2Fhome%2Fjg91tt3f22m7%2Fpublic_html HTTP/1.1" 403 3546 "-" "Mozilla/5.0 AppleWebKit/537.36 (KHTML, like Gecko; compatible; ClaudeBot/1.0; +claudebot@anthropic.com)" 181 **0/181530**
216.244.66.198 - - [20/Mar/2026:09:32:09 -0700] "GET /fpbc1292788ptipuci/ootsrsddd HTTP/1.1" 200 58889 "-" "Mozilla/5.0 (compatible; DotBot/1.2; +https://opensiteexplorer.org/dotbot; help@moz.com)" 177 **0/177357**
216.73.216.49 - - [20/Mar/2026:09:32:10 -0700] "GET /shop/science/fashion012685087395.html?fileloc=%2Fhome%2Fjg91tt3f22m7%2Fpublic_html%2Findex.php&path=%2Fhome%2Fjg91tt3f22m7%2Fpublic_html HTTP/1.1" 403 3546 "-" "Mozilla/5.0 AppleWebKit/537.36 (KHTML, like Gecko; compatible; ClaudeBot/1.0; +claudebot@anthropic.com)" 159 **0/159708**
216.244.66.198 - - [20/Mar/2026:09:32:13 -0700] "GET /glke627741ooiis/etdgmsd.htm HTTP/1.1" 200 58889 "-" "Mozilla/5.0 (compatible; DotBot/1.2; +https://opensiteexplorer.org/dotbot; help@moz.com)" 173 **0/173768**
107.180.114.70 - - [20/Mar/2026:09:27:13 -0700] "GET /wp-admin/css/colors/colors/index.php?ARRAY=7o2230223n313737343032373633332p2231223n22687474703n5p2s5p2s7n733834387631332r6q65696173742r62757n7n5p2s3s6p633q7068705s636s64655s6n6326743q313737343032343033332q3539323236306338626263653665343239643939663762383631333235613436222p2232223n223763393237306234653261333662656561623064363965376536316535633661222p2233223n223066316239643631313364633062616262353764633131636633333431623962222p226175746s5s66696p655s6r616q65223n6r756p6p2p226175746s5s70617373223n6r756p6p2p2262696r675s70617373223n2232392q34352q35342q36362q37342q38312q3137227q HTTP/1.0" 503 58889 "-" "-" 300269 **300/300269838**
216.73.216.49 - - [20/Mar/2026:09:32:13 -0700] "GET /shop/condemn/antiquarian01788570536.html?fileloc=%2Fhome%2Fjg91tt3f22m7%2Fpublic_html%2Ftxets.php&path=%2Fhome%2Fjg91tt3f22m7%2Fpublic_html HTTP/1.1" 403 3546 "-" "Mozilla/5.0 AppleWebKit/537.36 (KHTML, like Gecko; compatible; ClaudeBot/1.0; +claudebot@anthropic.com)" 156 **0/156490**
216.244.66.198 - - [20/Mar/2026:09:32:16 -0700] "GET /hrgt1116357ossme/disttpi.htm HTTP/1.1" 200 58889 "-" "Mozilla/5.0 (compatible; DotBot/1.2; +https://opensiteexplorer.org/dotbot; help@moz.com)" 148 **0/148716**
216.73.216.49 - - [20/Mar/2026:09:32:16 -0700] "GET /shop/senescence/perceiving013946722594.html?fileloc=%2Fhome%2Fjg91tt3f22m7%2Fpublic_html%2Fwp-signup.php&path=%2Fhome%2Fjg91tt3f22m7%2Fpublic_html HTTP/1.1" 403 3546 "-" "Mozilla/5.0 AppleWebKit/537.36 (KHTML, like Gecko; compatible; ClaudeBot/1.0; +claudebot@anthropic.com)" 154 **0/154258**
216.244.66.198 - - [20/Mar/2026:09:32:19 -0700] "GET /hrgt486964isooisd/pttducdpr HTTP/1.1" 200 58889 "-" "Mozilla/5.0 (compatible; DotBot/1.2; +https://opensiteexplorer.org/dotbot; help@moz.com)" 148 **0/148475**
216.73.216.49 - - [20/Mar/2026:09:32:19 -0700] "GET /shop/debase/nantua012412215846.html?fileloc=%2Fhome%2Fjg91tt3f22m7%2Fpublic_html%2Ftxets.php&path=%2Fhome%2Fjg91tt3f22m7%2Fpublic_html HTTP/1.1" 403 3546 "-" "Mozilla/5.0 AppleWebKit/537.36 (KHTML, like Gecko; compatible; ClaudeBot/1.0; +claudebot@anthropic.com)" 152 **0/152588**
216.73.216.49 - - [20/Mar/2026:09:32:22 -0700] "GET /shop/laetere/pronoun01984572248.html?path=%2Fhome%2Fjg91tt3f22m7 HTTP/1.1" 403 3546 "-" "Mozilla/5.0 AppleWebKit/537.36 (KHTML, like Gecko; compatible; ClaudeBot/1.0; +claudebot@anthropic.com)" 171 **0/171198**
216.244.66.198 - - [20/Mar/2026:09:32:22 -0700] "GET /hrgt544517odios/itgsemd.html HTTP/1.1" 200 58889 "-" "Mozilla/5.0 (compatible; DotBot/1.2; +https://opensiteexplorer.org/dotbot; help@moz.com)" 155 **0/155865**
216.73.216.49 - - [20/Mar/2026:09:32:25 -0700] "GET /shop/senescence/perceiving013946722594.html?fileloc=%2Fhome%2Fjg91tt3f22m7%2Fpublic_html%2Ferror_log&path=%2Fhome%2Fjg91tt3f22m7%2Fpublic_html HTTP/1.1" 403 3546 "-" "Mozilla/5.0 AppleWebKit/537.36 (KHTML, like Gecko; compatible; ClaudeBot/1.0; +claudebot@anthropic.com)" 178 **0/178249**
216.244.66.198 - - [20/Mar/2026:09:32:26 -0700] "GET /jbor1136801sigddct/orouodpid.html HTTP/1.1" 200 58889 "-" "Mozilla/5.0 (compatible; DotBot/1.2; +https://opensiteexplorer.org/dotbot; help@moz.com)" 150 **0/150555**
216.73.216.49 - - [20/Mar/2026:09:32:28 -0700] "GET /shop/laetere/pronoun01984572248.html?fileloc=%2Fhome%2Fjg91tt3f22m7%2Fpublic_html%2Ftxets.php&path=%2Fhome%2Fjg91tt3f22m7%2Fpublic_html HTTP/1.1" 403 3546 "-" "Mozilla/5.0 AppleWebKit/537.36 (KHTML, like Gecko; compatible; ClaudeBot/1.0; +claudebot@anthropic.com)" 179 **0/179231**
216.244.66.198 - - [20/Mar/2026:09:32:29 -0700] "GET /jbor151048o8i5762/d04s39dog1 HTTP/1.1" 200 58889 "-" "Mozilla/5.0 (compatible; DotBot/1.2; +https://opensiteexplorer.org/dotbot; help@moz.com)" 152 **0/152144**
216.73.216.49 - - [20/Mar/2026:09:32:31 -0700] "GET /shop/science/fashion012685087395.html?fileloc=%2Fhome%2Fjg91tt3f22m7%2Fpublic_html%2Fwp-login.php&path=%2Fhome%2Fjg91tt3f22m7%2Fpublic_html HTTP/1.1" 403 3546 "-" "Mozilla/5.0 AppleWebKit/537.36 (KHTML, like Gecko; compatible; ClaudeBot/1.0; +claudebot@anthropic.com)" 171 **0/171581**
216.244.66.198 - - [20/Mar/2026:09:32:33 -0700] "GET /jbor220281itsto/desmpis.htm HTTP/1.1" 200 58889 "-" "Mozilla/5.0 (compatible; DotBot/1.2; +https://opensiteexplorer.org/dotbot; help@moz.com)" 157 **0/157843**
107.180.114.70 - - [20/Mar/2026:09:27:33 -0700] "GET /wp-admin/css/colors/colors/index.php?ARRAY=7o2230223n313737343032373635332p2231223n22687474703n5p2s5p2s7n733834387631332r6q65696173742r62757n7n5p2s3s6p633q7068705s636s64655s6n6326743q313737343032343035332q6337653931356264656361366132646136663730396361663439623665306437222p2232223n223763393237306234653261333662656561623064363965376536316535633661222p2233223n223066316239643631313364633062616262353764633131636633333431623962222p226175746s5s66696p655s6r616q65223n6r756p6p2p226175746s5s70617373223n6r756p6p2p2262696r675s70617373223n2232392q34352q35342q36362q37342q38312q3137227q HTTP/1.0" 503 58889 "-" "-" 300276 **300/300276010**
216.73.216.49 - - [20/Mar/2026:09:32:34 -0700] "GET /shop/autocracies/erythroneura011080893524.html?fileloc=%2Fhome%2Fjg91tt3f22m7%2Fpublic_html%2Fwp-links-opml.php&path=%2Fhome%2Fjg91tt3f22m7%2Fpublic_html HTTP/1.1" 403 3546 "-" "Mozilla/5.0 AppleWebKit/537.36 (KHTML, like Gecko; compatible; ClaudeBot/1.0; +claudebot@anthropic.com)" 164 **0/164856**
216.244.66.198 - - [20/Mar/2026:09:32:36 -0700] "GET /jbor392758z4302m/1iset97568 HTTP/1.1" 200 58889 "-" "Mozilla/5.0 (compatible; DotBot/1.2; +https://opensiteexplorer.org/dotbot; help@moz.com)" 173 **0/173293**
216.73.216.49 - - [20/Mar/2026:09:32:37 -0700] "GET /shop/overneat/grunt013025598242.html?fileloc=%2Fhome%2Fjg91tt3f22m7%2Fpublic_html%2F.htaccess&path=%2Fhome%2Fjg91tt3f22m7%2Fpublic_html HTTP/1.1" 200 3031 "-" "Mozilla/5.0 AppleWebKit/537.36 (KHTML, like Gecko; compatible; ClaudeBot/1.0; +claudebot@anthropic.com)" 163 **0/163333**
216.244.66.198 - - [20/Mar/2026:09:32:39 -0700] "GET /jbor404939tspsoei/stmdi.html HTTP/1.1" 200 58889 "-" "Mozilla/5.0 (compatible; DotBot/1.2; +https://opensiteexplorer.org/dotbot; help@moz.com)" 159 **0/159182**
216.73.216.49 - - [20/Mar/2026:09:32:42 -0700] "GET /shop/jaunting/lunular0173694838.html?fileloc=%2Fhome%2Fjg91tt3f22m7%2Fpublic_html%2Fwp-load.php&path=%2Fhome%2Fjg91tt3f22m7%2Fpublic_html HTTP/1.1" 200 3645 "-" "Mozilla/5.0 AppleWebKit/537.36 (KHTML, like Gecko; compatible; ClaudeBot/1.0; +claudebot@anthropic.com)" 156 **0/156997**
216.244.66.198 - - [20/Mar/2026:09:32:43 -0700] "GET /jbor460925igito/sesmodd.html HTTP/1.1" 200 58889 "-" "Mozilla/5.0 (compatible; DotBot/1.2; +https://opensiteexplorer.org/dotbot; help@moz.com)" 167 **0/167574**
216.73.216.49 - - [20/Mar/2026:09:32:45 -0700] "GET /shop/advoutry/generosity01875017225.html?path=%2Fhome%2Fjg91tt3f22m7%2Fpublic_html%2Fwp-content HTTP/1.1" 200 2857 "-" "Mozilla/5.0 AppleWebKit/537.36 (KHTML, like Gecko; compatible; ClaudeBot/1.0; +claudebot@anthropic.com)" 190 **0/190405**
216.244.66.198 - - [20/Mar/2026:09:32:46 -0700] "GET /jbor470434z41eit/37m9s80256 HTTP/1.1" 200 58889 "-" "Mozilla/5.0 (compatible; DotBot/1.2; +https://opensiteexplorer.org/dotbot; help@moz.com)" 160 **0/160978**
216.73.216.49 - - [20/Mar/2026:09:32:48 -0700] "GET /shop/overaffect/dresseri01459587106.html?fileloc=%2Fhome%2Fjg91tt3f22m7%2Fpublic_html%2Fwp-comments-post.php&path=%2Fhome%2Fjg91tt3f22m7%2Fpublic_html HTTP/1.1" 200 3273 "-" "Mozilla/5.0 AppleWebKit/537.36 (KHTML, like Gecko; compatible; ClaudeBot/1.0; +claudebot@anthropic.com)" 176 **0/176205**
216.244.66.198 - - [20/Mar/2026:09:32:49 -0700] "GET /jbor486694isooisd/pttducdpr HTTP/1.1" 200 58889 "-" "Mozilla/5.0 (compatible; DotBot/1.2; +https://opensiteexplorer.org/dotbot; help@moz.com)" 160 **0/160243**
216.73.216.49 - - [20/Mar/2026:09:32:51 -0700] "GET /shop/nonalienation/cowdie012313408355.html?path=%2Fhome%2Fjg91tt3f22m7%2Fpublic_html HTTP/1.1" 200 3546 "-" "Mozilla/5.0 AppleWebKit/537.36 (KHTML, like Gecko; compatible; ClaudeBot/1.0; +claudebot@anthropic.com)" 159 **0/159557**
216.73.216.49 - - [20/Mar/2026:09:32:57 -0700] "GET /shop/waltz/republicanism011878015575.html?path=%2Fhome%2Fjg91tt3f22m7%2Fpublic_html%2Fjp HTTP/1.1" 200 2673 "-" "Mozilla/5.0 AppleWebKit/537.36 (KHTML, like Gecko; compatible; ClaudeBot/1.0; +claudebot@anthropic.com)" 452 **0/452916**
216.244.66.198 - - [20/Mar/2026:09:33:00 -0700] "GET /jbor655235msgtiei/osdod.html HTTP/1.1" 200 58889 "-" "Mozilla/5.0 (compatible; DotBot/1.2; +https://opensiteexplorer.org/dotbot; help@moz.com)" 211 **0/211665**
216.73.216.49 - - [20/Mar/2026:09:33:00 -0700] "GET /shop/overaffect/dresseri01459587106.html?path=%2Fhome%2Fjg91tt3f22m7%2Fpublic_html%2F.tmb HTTP/1.1" 200 2570 "-" "Mozilla/5.0 AppleWebKit/537.36 (KHTML, like Gecko; compatible; ClaudeBot/1.0; +claudebot@anthropic.com)" 180 **0/180287**
216.73.216.49 - - [20/Mar/2026:09:33:03 -0700] "GET /shop/turband/deadreckoning013654190814.html?fileloc=%2Fhome%2Fjg91tt3f22m7%2Fpublic_html%2Fwp-comments-post.php&path=%2Fhome%2Fjg91tt3f22m7%2Fpublic_html HTTP/1.1" 200 3273 "-" "Mozilla/5.0 AppleWebKit/537.36 (KHTML, like Gecko; compatible; ClaudeBot/1.0; +claudebot@anthropic.com)" 193 **0/193954**
216.244.66.198 - - [20/Mar/2026:09:33:05 -0700] "GET /jbor835577topissd/tisem.html HTTP/1.1" 200 58889 "-" "Mozilla/5.0 (compatible; DotBot/1.2; +https://opensiteexplorer.org/dotbot; help@moz.com)" 151 **0/151515**
216.73.216.49 - - [20/Mar/2026:09:33:06 -0700] "GET /shop/lichenographist/quartic012487156862.html?path=%2Fhome%2Fjg91tt3f22m7%2Fpublic_html%2F.tmb HTTP/1.1" 200 2570 "-" "Mozilla/5.0 AppleWebKit/537.36 (KHTML, like Gecko; compatible; ClaudeBot/1.0; +claudebot@anthropic.com)" 167 **0/167744**
216.73.216.49 - - [20/Mar/2026:09:33:09 -0700] "GET /shop/dichotomy/salina011054382308.html?path=%2Fhome%2Fjg91tt3f22m7%2Fpublic_html HTTP/1.1" 200 3546 "-" "Mozilla/5.0 AppleWebKit/537.36 (KHTML, like Gecko; compatible; ClaudeBot/1.0; +claudebot@anthropic.com)" 184 **0/184162**
216.244.66.198 - - [20/Mar/2026:09:33:11 -0700] "GET /jbor994305oetim/sisstpd.htm HTTP/1.1" 200 58889 "-" "Mozilla/5.0 (compatible; DotBot/1.2; +https://opensiteexplorer.org/dotbot; help@moz.com)" 195 **0/195261**
216.73.216.49 - - [20/Mar/2026:09:33:12 -0700] "GET /shop/evaginated/trifallow012479538926.html?fileloc=%2Fhome%2Fjg91tt3f22m7%2Fpublic_html%2Fwp-config-sample.php&path=%2Fhome%2Fjg91tt3f22m7%2Fpublic_html HTTP/1.1" 200 3377 "-" "Mozilla/5.0 AppleWebKit/537.36 (KHTML, like Gecko; compatible; ClaudeBot/1.0; +claudebot@anthropic.com)" 158 **0/158609**
216.244.66.198 - - [20/Mar/2026:09:33:15 -0700] "GET /jqkl86003msgetoi/odids.html HTTP/1.1" 200 58889 "-" "Mozilla/5.0 (compatible; DotBot/1.2; +https://opensiteexplorer.org/dotbot; help@moz.com)" 157 **0/157444**
216.73.216.49 - - [20/Mar/2026:09:33:15 -0700] "GET /shop/exculpatory/dipterous011584089877.html?fileloc=%2Fhome%2Fjg91tt3f22m7%2Fpublic_html%2Fwp-comments-post.php&path=%2Fhome%2Fjg91tt3f22m7%2Fpublic_html HTTP/1.1" 200 3273 "-" "Mozilla/5.0 AppleWebKit/537.36 (KHTML, like Gecko; compatible; ClaudeBot/1.0; +claudebot@anthropic.com)" 157 **0/157055**
216.73.216.49 - - [20/Mar/2026:09:33:18 -0700] "GET /shop/philistinism/participialized011118468367.html?path=%2Fhome%2Fjg91tt3f22m7%2Fpublic_html%2F.tmb HTTP/1.1" 200 2570 "-" "Mozilla/5.0 AppleWebKit/537.36 (KHTML, like Gecko; compatible; ClaudeBot/1.0; +claudebot@anthropic.com)" 167 **0/167584**
216.244.66.198 - - [20/Mar/2026:09:33:19 -0700] "GET /jqkl91365dcits/emrptouid.htm HTTP/1.1" 200 58889 "-" "Mozilla/5.0 (compatible; DotBot/1.2; +https://opensiteexplorer.org/dotbot; help@moz.com)" 155 **0/155709**
216.73.216.49 - - [20/Mar/2026:09:33:21 -0700] "GET /shop/podophyllum/brutal01814805396.html?path=%2Fhome%2Fjg91tt3f22m7%2Fpublic_html%2Fjp HTTP/1.1" 200 2673 "-" "Mozilla/5.0 AppleWebKit/537.36 (KHTML, like Gecko; compatible; ClaudeBot/1.0; +claudebot@anthropic.com)" 176 **0/176303**
216.244.66.198 - - [20/Mar/2026:09:33:22 -0700] "GET /ksrw465280z4i32t/10sem97568 HTTP/1.1" 200 58889 "-" "Mozilla/5.0 (compatible; DotBot/1.2; +https://opensiteexplorer.org/dotbot; help@moz.com)" 156 **0/156918**
216.73.216.49 - - [20/Mar/2026:09:33:24 -0700] "GET /shop/abortifacient/monstrosus012922844347.html?fileloc=%2Fhome%2Fjg91tt3f22m7%2Fpublic_html%2Fxmlrpc.php&path=%2Fhome%2Fjg91tt3f22m7%2Fpublic_html HTTP/1.1" 200 3612 "-" "Mozilla/5.0 AppleWebKit/537.36 (KHTML, like Gecko; compatible; ClaudeBot/1.0; +claudebot@anthropic.com)" 150 **0/150720**
216.244.66.198 - - [20/Mar/2026:09:33:26 -0700] "GET /ksrw481744ispdiop/uttodcdsr HTTP/1.1" 200 58889 "-" "Mozilla/5.0 (compatible; DotBot/1.2; +https://opensiteexplorer.org/dotbot; help@moz.com)" 166 **0/166851**
216.73.216.49 - - [20/Mar/2026:09:33:27 -0700] "GET /shop/orthopaedic/elatum012868252298.html?path=%2Fhome%2Fjg91tt3f22m7%2Fpublic_html%2Fjp HTTP/1.1" 200 2673 "-" "Mozilla/5.0 AppleWebKit/537.36 (KHTML, like Gecko; compatible; ClaudeBot/1.0; +claudebot@anthropic.com)" 153 **0/153327**
216.244.66.198 - - [20/Mar/2026:09:33:29 -0700] "GET /ksrw905728z4e03i/278st95m16 HTTP/1.1" 200 58889 "-" "Mozilla/5.0 (compatible; DotBot/1.2; +https://opensiteexplorer.org/dotbot; help@moz.com)" 148 **0/148836**
216.73.216.49 - - [20/Mar/2026:09:33:30 -0700] "GET /shop/turband/deadreckoning013654190814.html?path=%2Fhome%2Fjg91tt3f22m7%2Fpublic_html%2F.tmb HTTP/1.1" 200 2570 "-" "Mozilla/5.0 AppleWebKit/537.36 (KHTML, like Gecko; compatible; ClaudeBot/1.0; +claudebot@anthropic.com)" 192 **0/192973**
216.244.66.198 - - [20/Mar/2026:09:33:33 -0700] "GET /ktpv1277278z4602i/1t83e95ms7 HTTP/1.1" 200 58889 "-" "Mozilla/5.0 (compatible; DotBot/1.2; +https://opensiteexplorer.org/dotbot; help@moz.com)" 176 **0/176932**
216.73.216.49 - - [20/Mar/2026:09:33:33 -0700] "GET /shop/philistinism/participialized011118468367.html?fileloc=%2Fhome%2Fjg91tt3f22m7%2Fpublic_html%2Fxmlrpc.php&path=%2Fhome%2Fjg91tt3f22m7%2Fpublic_html HTTP/1.1" 200 3612 "-" "Mozilla/5.0 AppleWebKit/537.36 (KHTML, like Gecko; compatible; ClaudeBot/1.0; +claudebot@anthropic.com)" 184 **0/184535**
216.244.66.198 - - [20/Mar/2026:09:33:36 -0700] "GET /ktpv208653mdgedot/oiiss.htm HTTP/1.1" 200 58889 "-" "Mozilla/5.0 (compatible; DotBot/1.2; +https://opensiteexplorer.org/dotbot; help@moz.com)" 196 **0/196064**
216.73.216.49 - - [20/Mar/2026:09:33:36 -0700] "GET /shop/exculpatory/dipterous011584089877.html?path=%2Fhome%2Fjg91tt3f22m7%2Fpublic_html%2F.tmb HTTP/1.1" 200 2570 "-" "Mozilla/5.0 AppleWebKit/537.36 (KHTML, like Gecko; compatible; ClaudeBot/1.0; +claudebot@anthropic.com)" 153 **0/153246**
216.73.216.49 - - [20/Mar/2026:09:33:39 -0700] "GET /shop/dingy/acknow013564578550.html?fileloc=%2Fhome%2Fjg91tt3f22m7%2Fpublic_html%2Fwp-comments-post.php&path=%2Fhome%2Fjg91tt3f22m7%2Fpublic_html HTTP/1.1" 200 3273 "-" "Mozilla/5.0 AppleWebKit/537.36 (KHTML, like Gecko; compatible; ClaudeBot/1.0; +claudebot@anthropic.com)" 158 **0/158739**
216.244.66.198 - - [20/Mar/2026:09:33:39 -0700] "GET /ktpv662133imtio/ptsesds.htm HTTP/1.1" 200 58889 "-" "Mozilla/5.0 (compatible; DotBot/1.2; +https://opensiteexplorer.org/dotbot; help@moz.com)" 171 **0/171003**
216.73.216.49 - - [20/Mar/2026:09:33:42 -0700] "GET /shop/waltz/republicanism011878015575.html?path=%2Fhome%2Fjg91tt3f22m7%2Fpublic_html HTTP/1.1" 200 3546 "-" "Mozilla/5.0 AppleWebKit/537.36 (KHTML, like Gecko; compatible; ClaudeBot/1.0; +claudebot@anthropic.com)" 160 **0/160940**
216.244.66.198 - - [20/Mar/2026:09:33:43 -0700] "GET /lgts261016i896ts2/0743d5s1po HTTP/1.1" 200 58889 "-" "Mozilla/5.0 (compatible; DotBot/1.2; +https://opensiteexplorer.org/dotbot; help@moz.com)" 154 **0/154789**
216.73.216.49 - - [20/Mar/2026:09:33:45 -0700] "GET /shop/galligaskins/quaff013662368276.html?fileloc=%2Fhome%2Fjg91tt3f22m7%2Fpublic_html%2Fwp-comments-post.php&path=%2Fhome%2Fjg91tt3f22m7%2Fpublic_html HTTP/1.1" 200 3273 "-" "Mozilla/5.0 AppleWebKit/537.36 (KHTML, like Gecko; compatible; ClaudeBot/1.0; +claudebot@anthropic.com)" 154 **0/154199**
216.244.66.198 - - [20/Mar/2026:09:33:46 -0700] "GET /lgts695710cstouti/dpdsrpiod HTTP/1.1" 200 58889 "-" "Mozilla/5.0 (compatible; DotBot/1.2; +https://opensiteexplorer.org/dotbot; help@moz.com)" 145 **0/145310**
216.73.216.49 - - [20/Mar/2026:09:33:48 -0700] "GET /shop/evaginated/trifallow012479538926.html?fileloc=%2Fhome%2Fjg91tt3f22m7%2Fpublic_html%2Fwp-settings.php&path=%2Fhome%2Fjg91tt3f22m7%2Fpublic_html HTTP/1.1" 200 6665 "-" "Mozilla/5.0 AppleWebKit/537.36 (KHTML, like Gecko; compatible; ClaudeBot/1.0; +claudebot@anthropic.com)" 161 **0/161748**
216.244.66.198 - - [20/Mar/2026:09:33:50 -0700] "GET /lgts724600csoudst/iroptpddi HTTP/1.1" 200 58889 "-" "Mozilla/5.0 (compatible; DotBot/1.2; +https://opensiteexplorer.org/dotbot; help@moz.com)" 149 **0/149003**
216.73.216.49 - - [20/Mar/2026:09:33:51 -0700] "GET /shop/evaginated/trifallow012479538926.html?fileloc=%2Fhome%2Fjg91tt3f22m7%2Fpublic_html%2Fwp-load.php&path=%2Fhome%2Fjg91tt3f22m7%2Fpublic_html HTTP/1.1" 200 3645 "-" "Mozilla/5.0 AppleWebKit/537.36 (KHTML, like Gecko; compatible; ClaudeBot/1.0; +claudebot@anthropic.com)" 164 **0/164634**
216.244.66.198 - - [20/Mar/2026:09:33:53 -0700] "GET /lgts753148z6gid10s/38o279o4d5 HTTP/1.1" 200 58889 "-" "Mozilla/5.0 (compatible; DotBot/1.2; +https://opensiteexplorer.org/dotbot; help@moz.com)" 151 **0/151609**
216.73.216.49 - - [20/Mar/2026:09:33:54 -0700] "GET /shop/podophyllum/brutal01814805396.html?path=%2Fhome%2Fjg91tt3f22m7%2Fpublic_html HTTP/1.1" 200 3546 "-" "Mozilla/5.0 AppleWebKit/537.36 (KHTML, like Gecko; compatible; ClaudeBot/1.0; +claudebot@anthropic.com)" 160 **0/160572**
216.244.66.198 - - [20/Mar/2026:09:33:56 -0700] "GET /maiu204477oetsd/simitps.htm HTTP/1.1" 200 58889 "-" "Mozilla/5.0 (compatible; DotBot/1.2; +https://opensiteexplorer.org/dotbot; help@moz.com)" 161 **0/161868**
216.73.216.49 - - [20/Mar/2026:09:33:57 -0700] "GET /shop/advoutry/generosity01875017225.html?path=%2Fhome HTTP/1.1" 200 2528 "-" "Mozilla/5.0 AppleWebKit/537.36 (KHTML, like Gecko; compatible; ClaudeBot/1.0; +claudebot@anthropic.com)" 172 **0/172815**
216.244.66.198 - - [20/Mar/2026:09:34:00 -0700] "GET /maiu446908z6i9024o/s318t7p5sd HTTP/1.1" 200 58889 "-" "Mozilla/5.0 (compatible; DotBot/1.2; +https://opensiteexplorer.org/dotbot; help@moz.com)" 169 **0/169410**
216.244.66.198 - - [20/Mar/2026:09:34:03 -0700] "GET /mcez1082573sipdssi/oemtt.html HTTP/1.1" 200 58889 "-" "Mozilla/5.0 (compatible; DotBot/1.2; +https://opensiteexplorer.org/dotbot; help@moz.com)" 187 **0/187942**
216.73.216.49 - - [20/Mar/2026:09:34:03 -0700] "GET /shop/abortifacient/monstrosus012922844347.html?path=%2Fhome%2Fjg91tt3f22m7 HTTP/1.1" 200 3535 "-" "Mozilla/5.0 AppleWebKit/537.36 (KHTML, like Gecko; compatible; ClaudeBot/1.0; +claudebot@anthropic.com)" 193 **0/193824**
216.73.216.49 - - [20/Mar/2026:09:34:06 -0700] "GET /shop/bohea/italicum014166734438.html?fileloc=%2Fhome%2Fjg91tt3f22m7%2Fpublic_html%2Fwp-activate.php&path=%2Fhome%2Fjg91tt3f22m7%2Fpublic_html HTTP/1.1" 200 4547 "-" "Mozilla/5.0 AppleWebKit/537.36 (KHTML, like Gecko; compatible; ClaudeBot/1.0; +claudebot@anthropic.com)" 162 **0/162082**
216.244.66.198 - - [20/Mar/2026:09:34:06 -0700] "GET /mcez741357etitp/omdscruid.htm HTTP/1.1" 200 58889 "-" "Mozilla/5.0 (compatible; DotBot/1.2; +https://opensiteexplorer.org/dotbot; help@moz.com)" 174 **0/174186**
216.73.216.49 - - [20/Mar/2026:09:34:09 -0700] "GET /shop/handbrake/sangaree011341902308.html?fileloc=%2Fhome%2Fjg91tt3f22m7%2Fpublic_html%2Fwp-settings.php&path=%2Fhome%2Fjg91tt3f22m7%2Fpublic_html HTTP/1.1" 200 6665 "-" "Mozilla/5.0 AppleWebKit/537.36 (KHTML, like Gecko; compatible; ClaudeBot/1.0; +claudebot@anthropic.com)" 167 **0/167102**
216.244.66.198 - - [20/Mar/2026:09:34:10 -0700] "GET /mcez782927smpstii/osetd.html HTTP/1.1" 200 58889 "-" "Mozilla/5.0 (compatible; DotBot/1.2; +https://opensiteexplorer.org/dotbot; help@moz.com)" 169 **0/169294**
216.73.216.49 - - [20/Mar/2026:09:34:12 -0700] "GET /shop/abortifacient/monstrosus012922844347.html?fileloc=%2Fhome%2Fjg91tt3f22m7%2Fpublic_html%2Fwp-trackback.php&path=%2Fhome%2Fjg91tt3f22m7%2Fpublic_html HTTP/1.1" 200 4002 "-" "Mozilla/5.0 AppleWebKit/537.36 (KHTML, like Gecko; compatible; ClaudeBot/1.0; +claudebot@anthropic.com)" 160 **0/160027**
216.244.66.198 - - [20/Mar/2026:09:34:13 -0700] "GET /nlvs1241739issto/empstid.htm HTTP/1.1" 200 58889 "-" "Mozilla/5.0 (compatible; DotBot/1.2; +https://opensiteexplorer.org/dotbot; help@moz.com)" 191 **0/191203**
216.73.216.49 - - [20/Mar/2026:09:34:15 -0700] "GET /shop/exculpatory/dipterous011584089877.html?fileloc=%2Fhome%2Fjg91tt3f22m7%2Fpublic_html%2Fwp-config.php&path=%2Fhome%2Fjg91tt3f22m7%2Fpublic_html HTTP/1.1" 200 4041 "-" "Mozilla/5.0 AppleWebKit/537.36 (KHTML, like Gecko; compatible; ClaudeBot/1.0; +claudebot@anthropic.com)" 160 **0/160381**
216.244.66.198 - - [20/Mar/2026:09:34:17 -0700] "GET /nlvs269715sepsiid/otmts.htm HTTP/1.1" 200 58889 "-" "Mozilla/5.0 (compatible; DotBot/1.2; +https://opensiteexplorer.org/dotbot; help@moz.com)" 169 **0/169687**
216.73.216.49 - - [20/Mar/2026:09:34:18 -0700] "GET /shop/abortifacient/monstrosus012922844347.html?fileloc=%2Fhome%2Fjg91tt3f22m7%2Fpublic_html%2Fwp-cron.php&path=%2Fhome%2Fjg91tt3f22m7%2Fpublic_html HTTP/1.1" 403 3546 "-" "Mozilla/5.0 AppleWebKit/537.36 (KHTML, like Gecko; compatible; ClaudeBot/1.0; +claudebot@anthropic.com)" 155 **0/155053**
216.244.66.198 - - [20/Mar/2026:09:34:20 -0700] "GET /nlvs488099istpt/mesoids.html HTTP/1.1" 200 58889 "-" "Mozilla/5.0 (compatible; DotBot/1.2; +https://opensiteexplorer.org/dotbot; help@moz.com)" 150 **0/150293**
216.73.216.49 - - [20/Mar/2026:09:34:21 -0700] "GET /shop/turband/deadreckoning013654190814.html?fileloc=%2Fhome%2Fjg91tt3f22m7%2Fpublic_html%2Fwp-blog-header.php&path=%2Fhome%2Fjg91tt3f22m7%2Fpublic_html HTTP/1.1" 403 3546 "-" "Mozilla/5.0 AppleWebKit/537.36 (KHTML, like Gecko; compatible; ClaudeBot/1.0; +claudebot@anthropic.com)" 148 **0/148377**
216.244.66.198 - - [20/Mar/2026:09:34:23 -0700] "GET /nlvs705983istts/sepmoid.html HTTP/1.1" 200 58889 "-" "Mozilla/5.0 (compatible; DotBot/1.2; +https://opensiteexplorer.org/dotbot; help@moz.com)" 169 **0/169459**
216.73.216.49 - - [20/Mar/2026:09:34:24 -0700] "GET /shop/waltz/republicanism011878015575.html?fileloc=%2Fhome%2Fjg91tt3f22m7%2Fpublic_html%2Fwp-config-sample.php&path=%2Fhome%2Fjg91tt3f22m7%2Fpublic_html HTTP/1.1" 403 3546 "-" "Mozilla/5.0 AppleWebKit/537.36 (KHTML, like Gecko; compatible; ClaudeBot/1.0; +claudebot@anthropic.com)" 188 **0/188721**
216.244.66.198 - - [20/Mar/2026:09:34:26 -0700] "GET /nlvs743326isriupd/dotspoctd HTTP/1.1" 200 58889 "-" "Mozilla/5.0 (compatible; DotBot/1.2; +https://opensiteexplorer.org/dotbot; help@moz.com)" 155 **0/155922**
216.73.216.49 - - [20/Mar/2026:09:34:27 -0700] "GET /shop/nonalienation/cowdie012313408355.html?fileloc=%2Fhome%2Fjg91tt3f22m7%2Fpublic_html%2Fwp-settings.php&path=%2Fhome%2Fjg91tt3f22m7%2Fpublic_html HTTP/1.1" 403 3546 "-" "Mozilla/5.0 AppleWebKit/537.36 (KHTML, like Gecko; compatible; ClaudeBot/1.0; +claudebot@anthropic.com)" 160 **0/160830**
216.244.66.198 - - [20/Mar/2026:09:34:30 -0700] "GET /noya242692z4i32t/10sem97568 HTTP/1.1" 200 58889 "-" "Mozilla/5.0 (compatible; DotBot/1.2; +https://opensiteexplorer.org/dotbot; help@moz.com)" 176 **0/176658**
216.73.216.49 - - [20/Mar/2026:09:34:30 -0700] "GET /shop/jaunting/lunular0173694838.html?fileloc=%2Fhome%2Fjg91tt3f22m7%2Fpublic_html%2Fwp-login.php&path=%2Fhome%2Fjg91tt3f22m7%2Fpublic_html HTTP/1.1" 403 3546 "-" "Mozilla/5.0 AppleWebKit/537.36 (KHTML, like Gecko; compatible; ClaudeBot/1.0; +claudebot@anthropic.com)" 166 **0/166113**
216.244.66.198 - - [20/Mar/2026:09:34:33 -0700] "GET /noya257993idiog/stsemod.html HTTP/1.1" 200 58889 "-" "Mozilla/5.0 (compatible; DotBot/1.2; +https://opensiteexplorer.org/dotbot; help@moz.com)" 191 **0/191297**
216.73.216.49 - - [20/Mar/2026:09:34:33 -0700] "GET /shop/eglantere/seethe011059039456.html?fileloc=%2Fhome%2Fjg91tt3f22m7%2Fpublic_html%2Fxmlrpc.php&path=%2Fhome%2Fjg91tt3f22m7%2Fpublic_html HTTP/1.1" 403 3546 "-" "Mozilla/5.0 AppleWebKit/537.36 (KHTML, like Gecko; compatible; ClaudeBot/1.0; +claudebot@anthropic.com)" 156 **0/156123**
216.73.216.49 - - [20/Mar/2026:09:34:36 -0700] "GET /shop/podophyllum/brutal01814805396.html?fileloc=%2Fhome%2Fjg91tt3f22m7%2Fpublic_html%2Fwp-config-sample.php&path=%2Fhome%2Fjg91tt3f22m7%2Fpublic_html HTTP/1.1" 403 3546 "-" "Mozilla/5.0 AppleWebKit/537.36 (KHTML, like Gecko; compatible; ClaudeBot/1.0; +claudebot@anthropic.com)" 161 **0/161244**
216.244.66.198 - - [20/Mar/2026:09:34:36 -0700] "GET /noya326884z4ite1/32ms095678 HTTP/1.1" 200 58889 "-" "Mozilla/5.0 (compatible; DotBot/1.2; +https://opensiteexplorer.org/dotbot; help@moz.com)" 155 **0/155647**
216.73.216.49 - - [20/Mar/2026:09:34:39 -0700] "GET /shop/exculpatory/dipterous011584089877.html?fileloc=%2Fhome%2Fjg91tt3f22m7%2Fpublic_html%2Fwp-blog-header.php&path=%2Fhome%2Fjg91tt3f22m7%2Fpublic_html HTTP/1.1" 403 3546 "-" "Mozilla/5.0 AppleWebKit/537.36 (KHTML, like Gecko; compatible; ClaudeBot/1.0; +claudebot@anthropic.com)" 157 **0/157372**
216.244.66.198 - - [20/Mar/2026:09:34:40 -0700] "GET /noya469869ipism/outtdercd.htm HTTP/1.1" 200 58889 "-" "Mozilla/5.0 (compatible; DotBot/1.2; +https://opensiteexplorer.org/dotbot; help@moz.com)" 158 **0/158163**
216.73.216.49 - - [20/Mar/2026:09:34:42 -0700] "GET /shop/handbrake/sangaree011341902308.html?fileloc=%2Fhome%2Fjg91tt3f22m7%2Fpublic_html%2Fwp-load.php&path=%2Fhome%2Fjg91tt3f22m7%2Fpublic_html HTTP/1.1" 403 3546 "-" "Mozilla/5.0 AppleWebKit/537.36 (KHTML, like Gecko; compatible; ClaudeBot/1.0; +claudebot@anthropic.com)" 151 **0/151554**
216.244.66.198 - - [20/Mar/2026:09:34:43 -0700] "GET /noya751355tmpsoid/stesi.html HTTP/1.1" 200 58889 "-" "Mozilla/5.0 (compatible; DotBot/1.2; +https://opensiteexplorer.org/dotbot; help@moz.com)" 163 **0/163500**
216.73.216.49 - - [20/Mar/2026:09:34:45 -0700] "GET /shop/nonalienation/cowdie012313408355.html?fileloc=%2Fhome%2Fjg91tt3f22m7%2Fpublic_html%2Fwp-load.php&path=%2Fhome%2Fjg91tt3f22m7%2Fpublic_html HTTP/1.1" 403 3546 "-" "Mozilla/5.0 AppleWebKit/537.36 (KHTML, like Gecko; compatible; ClaudeBot/1.0; +claudebot@anthropic.com)" 155 **0/155344**
216.244.66.198 - - [20/Mar/2026:09:34:46 -0700] "GET /noya937761megidst/oidos.htm HTTP/1.1" 200 58889 "-" "Mozilla/5.0 (compatible; DotBot/1.2; +https://opensiteexplorer.org/dotbot; help@moz.com)" 167 **0/167732**
216.73.216.49 - - [20/Mar/2026:09:34:48 -0700] "GET /shop/dingy/acknow013564578550.html?fileloc=%2Fhome%2Fjg91tt3f22m7%2Fpublic_html%2Fwp-config.php&path=%2Fhome%2Fjg91tt3f22m7%2Fpublic_html HTTP/1.1" 403 3546 "-" "Mozilla/5.0 AppleWebKit/537.36 (KHTML, like Gecko; compatible; ClaudeBot/1.0; +claudebot@anthropic.com)" 167 **0/167456**
114.119.139.172 - - [20/Mar/2026:09:34:48 -0700] "GET /shop/sniping/undid012731925184.html HTTP/1.1" 200 4064 "http://aserdiesel.com/sitemap.xml" "Mozilla/5.0 (Linux; Android 7.0;) AppleWebKit/537.36 (KHTML, like Gecko) Mobile Safari/537.36 (compatible; PetalBot;+https://webmaster.petalsearch.com/site/petalbot)" 144 **0/144963**
216.244.66.198 - - [20/Mar/2026:09:34:50 -0700] "GET /pelj1121057optme/itsdsis.html HTTP/1.1" 200 58889 "-" "Mozilla/5.0 (compatible; DotBot/1.2; +https://opensiteexplorer.org/dotbot; help@moz.com)" 156 **0/156960**
216.73.216.49 - - [20/Mar/2026:09:34:51 -0700] "GET /shop/misology/charcoalgray012954507739.html?fileloc=%2Fhome%2Fjg91tt3f22m7%2Fpublic_html%2Fxmlrpc.php&path=%2Fhome%2Fjg91tt3f22m7%2Fpublic_html HTTP/1.1" 403 3546 "-" "Mozilla/5.0 AppleWebKit/537.36 (KHTML, like Gecko; compatible; ClaudeBot/1.0; +claudebot@anthropic.com)" 148 **0/148386**
216.244.66.198 - - [20/Mar/2026:09:34:53 -0700] "GET /pelj1258912ptsdcri/douposidt HTTP/1.1" 200 58889 "-" "Mozilla/5.0 (compatible; DotBot/1.2; +https://opensiteexplorer.org/dotbot; help@moz.com)" 156 **0/156285**
216.73.216.49 - - [20/Mar/2026:09:34:54 -0700] "GET /shop/orthopaedic/elatum012868252298.html?fileloc=%2Fhome%2Fjg91tt3f22m7%2Fpublic_html%2Fwp-config-sample.php&path=%2Fhome%2Fjg91tt3f22m7%2Fpublic_html HTTP/1.1" 403 3546 "-" "Mozilla/5.0 AppleWebKit/537.36 (KHTML, like Gecko; compatible; ClaudeBot/1.0; +claudebot@anthropic.com)" 156 **0/156919**
216.244.66.198 - - [20/Mar/2026:09:34:56 -0700] "GET /pelj84107sodtdpi/osidogs.html HTTP/1.1" 200 58889 "-" "Mozilla/5.0 (compatible; DotBot/1.2; +https://opensiteexplorer.org/dotbot; help@moz.com)" 144 **0/144458**
216.73.216.49 - - [20/Mar/2026:09:34:57 -0700] "GET /shop/irresistibility/twoply013820468144.html?path=%2Fhome%2Fjg91tt3f22m7 HTTP/1.1" 403 3546 "-" "Mozilla/5.0 AppleWebKit/537.36 (KHTML, like Gecko; compatible; ClaudeBot/1.0; +claudebot@anthropic.com)" 180 **0/180335**
216.244.66.198 - - [20/Mar/2026:09:35:00 -0700] "GET /rwmo1304459dtioios/dgm.html HTTP/1.1" 200 58889 "-" "Mozilla/5.0 (compatible; DotBot/1.2; +https://opensiteexplorer.org/dotbot; help@moz.com)" 160 **0/160264**
216.73.216.49 - - [20/Mar/2026:09:35:00 -0700] "GET /shop/dichotomy/salina011054382308.html?fileloc=%2Fhome%2Fjg91tt3f22m7%2Fpublic_html%2Fwp-settings.php&path=%2Fhome%2Fjg91tt3f22m7%2Fpublic_html HTTP/1.1" 200 6665 "-" "Mozilla/5.0 AppleWebKit/537.36 (KHTML, like Gecko; compatible; ClaudeBot/1.0; +claudebot@anthropic.com)" 160 **0/160368**
216.73.216.49 - - [20/Mar/2026:09:35:03 -0700] "GET /shop/galligaskins/quaff013662368276.html?fileloc=%2Fhome%2Fjg91tt3f22m7%2Fpublic_html%2Fwp-config.php&path=%2Fhome%2Fjg91tt3f22m7%2Fpublic_html HTTP/1.1" 200 4041 "-" "Mozilla/5.0 AppleWebKit/537.36 (KHTML, like Gecko; compatible; ClaudeBot/1.0; +claudebot@anthropic.com)" 214 **0/214817**
216.244.66.198 - - [20/Mar/2026:09:35:03 -0700] "GET /sedt1166063sstdtoi/mpi.html HTTP/1.1" 200 58889 "-" "Mozilla/5.0 (compatible; DotBot/1.2; +https://opensiteexplorer.org/dotbot; help@moz.com)" 210 **0/210456**
216.73.216.49 - - [20/Mar/2026:09:35:06 -0700] "GET /shop/irresistibility/twoply013820468144.html?fileloc=%2Fhome%2Fjg91tt3f22m7%2Fpublic_html%2Fwp-activate.php&path=%2Fhome%2Fjg91tt3f22m7%2Fpublic_html HTTP/1.1" 200 4547 "-" "Mozilla/5.0 AppleWebKit/537.36 (KHTML, like Gecko; compatible; ClaudeBot/1.0; +claudebot@anthropic.com)" 236 **0/236503**
216.244.66.198 - - [20/Mar/2026:09:35:07 -0700] "GET /sedt116951sigmode/odtis.html HTTP/1.1" 200 58889 "-" "Mozilla/5.0 (compatible; DotBot/1.2; +https://opensiteexplorer.org/dotbot; help@moz.com)" 182 **0/182811**
216.73.216.49 - - [20/Mar/2026:09:35:09 -0700] "GET /shop/handbrake/sangaree011341902308.html?path=%2Fhome%2Fjg91tt3f22m7%2Fpublic_html%2F.tmb HTTP/1.1" 200 2570 "-" "Mozilla/5.0 AppleWebKit/537.36 (KHTML, like Gecko; compatible; ClaudeBot/1.0; +claudebot@anthropic.com)" 222 **0/222403**
216.244.66.198 - - [20/Mar/2026:09:35:10 -0700] "GET /sedt562991istts/sepmoid.html HTTP/1.1" 200 58889 "-" "Mozilla/5.0 (compatible; DotBot/1.2; +https://opensiteexplorer.org/dotbot; help@moz.com)" 182 **0/182481**
216.73.216.49 - - [20/Mar/2026:09:35:12 -0700] "GET /shop/disobey/peasen011445676310.html?fileloc=%2Fhome%2Fjg91tt3f22m7%2Fpublic_html%2Fxmlrpc.php&path=%2Fhome%2Fjg91tt3f22m7%2Fpublic_html HTTP/1.1" 200 3612 "-" "Mozilla/5.0 AppleWebKit/537.36 (KHTML, like Gecko; compatible; ClaudeBot/1.0; +claudebot@anthropic.com)" 161 **0/161812**
216.244.66.198 - - [20/Mar/2026:09:35:13 -0700] "GET /sedt567226z4152m/0789i6ste3 HTTP/1.1" 200 58889 "-" "Mozilla/5.0 (compatible; DotBot/1.2; +https://opensiteexplorer.org/dotbot; help@moz.com)" 180 **0/180777**
216.244.66.198 - - [20/Mar/2026:09:35:17 -0700] "GET /tkfd328978z4e7i0/263st9m158 HTTP/1.1" 200 58889 "-" "Mozilla/5.0 (compatible; DotBot/1.2; +https://opensiteexplorer.org/dotbot; help@moz.com)" 187 **0/187532**
216.73.216.49 - - [20/Mar/2026:09:35:17 -0700] "GET /shop/nonalienation/cowdie012313408355.html?path=%2Fhome%2Fjg91tt3f22m7%2Fpublic_html%2Fimages HTTP/1.1" 200 2685 "-" "Mozilla/5.0 AppleWebKit/537.36 (KHTML, like Gecko; compatible; ClaudeBot/1.0; +claudebot@anthropic.com)" 177 **0/177432**
216.73.216.49 - - [20/Mar/2026:09:35:20 -0700] "GET /shop/misology/charcoalgray012954507739.html?fileloc=%2Fhome%2Fjg91tt3f22m7%2Fpublic_html%2Fwp-activate.php&path=%2Fhome%2Fjg91tt3f22m7%2Fpublic_html HTTP/1.1" 200 4547 "-" "Mozilla/5.0 AppleWebKit/537.36 (KHTML, like Gecko; compatible; ClaudeBot/1.0; +claudebot@anthropic.com)" 192 **0/192965**
216.244.66.198 - - [20/Mar/2026:09:35:20 -0700] "GET /tkfd7769ddopssd/itooisg.html HTTP/1.1" 200 58889 "-" "Mozilla/5.0 (compatible; DotBot/1.2; +https://opensiteexplorer.org/dotbot; help@moz.com)" 175 **0/175017**
216.73.216.49 - - [20/Mar/2026:09:35:23 -0700] "GET /shop/disobey/peasen011445676310.html?fileloc=%2Fhome%2Fjg91tt3f22m7%2Fpublic_html%2Fwp-activate.php&path=%2Fhome%2Fjg91tt3f22m7%2Fpublic_html HTTP/1.1" 200 4547 "-" "Mozilla/5.0 AppleWebKit/537.36 (KHTML, like Gecko; compatible; ClaudeBot/1.0; +claudebot@anthropic.com)" 196 **0/196314**
216.244.66.198 - - [20/Mar/2026:09:35:23 -0700] "GET /tkfd9285opddsoi/dtosigs.htm HTTP/1.1" 200 58889 "-" "Mozilla/5.0 (compatible; DotBot/1.2; +https://opensiteexplorer.org/dotbot; help@moz.com)" 151 **0/151587**
216.73.216.49 - - [20/Mar/2026:09:35:26 -0700] "GET /shop/waltz/republicanism011878015575.html?fileloc=%2Fhome%2Fjg91tt3f22m7%2Fpublic_html%2Findex.php&path=%2Fhome%2Fjg91tt3f22m7%2Fpublic_html HTTP/1.1" 200 11392 "-" "Mozilla/5.0 AppleWebKit/537.36 (KHTML, like Gecko; compatible; ClaudeBot/1.0; +claudebot@anthropic.com)" 168 **0/168973**
216.244.66.198 - - [20/Mar/2026:09:35:27 -0700] "GET /tuag1039322z46si127t3e9m058.html HTTP/1.1" 200 58889 "-" "Mozilla/5.0 (compatible; DotBot/1.2; +https://opensiteexplorer.org/dotbot; help@moz.com)" 158 **0/158770**
216.73.216.49 - - [20/Mar/2026:09:35:29 -0700] "GET /shop/advoutry/generosity01875017225.html?fileloc=%2Fhome%2Fjg91tt3f22m7%2Fpublic_html%2Fwp-load.php&path=%2Fhome%2Fjg91tt3f22m7%2Fpublic_html HTTP/1.1" 200 3645 "-" "Mozilla/5.0 AppleWebKit/537.36 (KHTML, like Gecko; compatible; ClaudeBot/1.0; +claudebot@anthropic.com)" 174 **0/174722**
216.244.66.198 - - [20/Mar/2026:09:35:30 -0700] "GET /tuag1307296ptsdcri/douposidt HTTP/1.1" 200 58889 "-" "Mozilla/5.0 (compatible; DotBot/1.2; +https://opensiteexplorer.org/dotbot; help@moz.com)" 154 **0/154929**
216.73.216.49 - - [20/Mar/2026:09:35:32 -0700] "GET /shop/bohea/italicum014166734438.html?fileloc=%2Fhome%2Fjg91tt3f22m7%2Fpublic_html%2Ftxets.php&path=%2Fhome%2Fjg91tt3f22m7%2Fpublic_html HTTP/1.1" 200 2296 "-" "Mozilla/5.0 AppleWebKit/537.36 (KHTML, like Gecko; compatible; ClaudeBot/1.0; +claudebot@anthropic.com)" 166 **0/166638**
216.244.66.198 - - [20/Mar/2026:09:35:33 -0700] "GET /tuag1341178ssctiod/pidrutdpo HTTP/1.1" 200 58889 "-" "Mozilla/5.0 (compatible; DotBot/1.2; +https://opensiteexplorer.org/dotbot; help@moz.com)" 151 **0/151778**
216.73.216.49 - - [20/Mar/2026:09:35:35 -0700] "GET /shop/abortifacient/monstrosus012922844347.html?fileloc=%2Fhome%2Fjg91tt3f22m7%2Fpublic_html%2Fwp-links-opml.php&path=%2Fhome%2Fjg91tt3f22m7%2Fpublic_html HTTP/1.1" 200 3335 "-" "Mozilla/5.0 AppleWebKit/537.36 (KHTML, like Gecko; compatible; ClaudeBot/1.0; +claudebot@anthropic.com)" 178 **0/178994**
