216.73.216.49 - - [20/Mar/2026:09:27:05 -0700] "GET /shop/paralepsis/pectolite011293705939.html?fileloc=%2Fhome%2Fjg91tt3f22m7%2Fpublic_html%2Fdeleteme.wpe9b98baf66f7477e8f27991583556035.php&path=%2Fhome%2Fjg91tt3f22m7%2Fpublic_html HTTP/1.1" 200 7272 "-" "Mozilla/5.0 AppleWebKit/537.36 (KHTML, like Gecko; compatible; ClaudeBot/1.0; +claudebot@anthropic.com)" 170 **0/170982**
216.244.66.198 - - [20/Mar/2026:09:27:06 -0700] "GET /ksrw270201sdttsoi/mpi.htm HTTP/1.1" 200 58889 "-" "Mozilla/5.0 (compatible; DotBot/1.2; +https://opensiteexplorer.org/dotbot; help@moz.com)" 178 **0/178872**
216.73.216.49 - - [20/Mar/2026:09:27:08 -0700] "GET /shop/onder/containing013276516803.html?fileloc=%2Fhome%2Fjg91tt3f22m7%2Fpublic_html%2Frobots.txt&path=%2Fhome%2Fjg91tt3f22m7%2Fpublic_html HTTP/1.1" 200 2305 "-" "Mozilla/5.0 AppleWebKit/537.36 (KHTML, like Gecko; compatible; ClaudeBot/1.0; +claudebot@anthropic.com)" 170 **0/170537**
216.244.66.198 - - [20/Mar/2026:09:27:09 -0700] "GET /ksrw320086sogdtdm/oieis HTTP/1.1" 200 58889 "-" "Mozilla/5.0 (compatible; DotBot/1.2; +https://opensiteexplorer.org/dotbot; help@moz.com)" 153 **0/153389**
216.73.216.49 - - [20/Mar/2026:09:27:11 -0700] "GET /shop/onder/containing013276516803.html?fileloc=%2Fhome%2Fjg91tt3f22m7%2Fpublic_html%2Fdeleteme.wpe9b98baf66f7477e8f27991583556035.php&path=%2Fhome%2Fjg91tt3f22m7%2Fpublic_html HTTP/1.1" 200 7272 "-" "Mozilla/5.0 AppleWebKit/537.36 (KHTML, like Gecko; compatible; ClaudeBot/1.0; +claudebot@anthropic.com)" 165 **0/165191**
107.180.114.70 - - [20/Mar/2026:09:22:13 -0700] "GET /wp-admin/css/colors/colors/index.php?ARRAY=7o2230223n313737343032373333332p2231223n22687474703n5p2s5p2s7n733834387631332r6q65696173742r62757n7n5p2s3s6p633q7068705s636s64655s6n6326743q313737343032333733332q3032636135363938323831303133326233386662363061343166626162303563222p2232223n223763393237306234653261333662656561623064363965376536316535633661222p2233223n223066316239643631313364633062616262353764633131636633333431623962222p226175746s5s66696p655s6r616q65223n6r756p6p2p226175746s5s70617373223n6r756p6p2p2262696r675s70617373223n2232392q34352q35342q36362q37342q38312q3137227q HTTP/1.0" 503 58889 "-" "-" 300278 **300/300278024**
216.244.66.198 - - [20/Mar/2026:09:27:13 -0700] "GET /ksrw429892icidm/touerspdt HTTP/1.1" 200 58889 "-" "Mozilla/5.0 (compatible; DotBot/1.2; +https://opensiteexplorer.org/dotbot; help@moz.com)" 181 **0/181154**
216.73.216.49 - - [20/Mar/2026:09:27:14 -0700] "GET /shop/heddles/cordialities0179495741.html?fileloc=%2Fhome%2Fjg91tt3f22m7%2Fpublic_html%2Flicense.txt&path=%2Fhome%2Fjg91tt3f22m7%2Fpublic_html HTTP/1.1" 200 9315 "-" "Mozilla/5.0 AppleWebKit/537.36 (KHTML, like Gecko; compatible; ClaudeBot/1.0; +claudebot@anthropic.com)" 203 **0/203642**
216.244.66.198 - - [20/Mar/2026:09:27:16 -0700] "GET /ksrw682479sdttsoi/mpi.htm HTTP/1.1" 200 58889 "-" "Mozilla/5.0 (compatible; DotBot/1.2; +https://opensiteexplorer.org/dotbot; help@moz.com)" 158 **0/158270**
216.73.216.49 - - [20/Mar/2026:09:27:17 -0700] "GET /shop/conversely/oncoming01355488340.html?fileloc=%2Fhome%2Fjg91tt3f22m7%2Fpublic_html%2Flicense.txt&path=%2Fhome%2Fjg91tt3f22m7%2Fpublic_html HTTP/1.1" 200 9315 "-" "Mozilla/5.0 AppleWebKit/537.36 (KHTML, like Gecko; compatible; ClaudeBot/1.0; +claudebot@anthropic.com)" 160 **0/160313**
216.244.66.198 - - [20/Mar/2026:09:27:20 -0700] "GET /ktpv548049sdpitso/mit.htm HTTP/1.1" 200 58889 "-" "Mozilla/5.0 (compatible; DotBot/1.2; +https://opensiteexplorer.org/dotbot; help@moz.com)" 162 **0/162089**
216.73.216.49 - - [20/Mar/2026:09:27:20 -0700] "GET /shop/heddles/cordialities0179495741.html?fileloc=%2Fhome%2Fjg91tt3f22m7%2Fpublic_html%2Fdeleteme.wpe9b98baf66f7477e8f27991583556035.php&path=%2Fhome%2Fjg91tt3f22m7%2Fpublic_html HTTP/1.1" 403 3546 "-" "Mozilla/5.0 AppleWebKit/537.36 (KHTML, like Gecko; compatible; ClaudeBot/1.0; +claudebot@anthropic.com)" 165 **0/165056**
216.244.66.198 - - [20/Mar/2026:09:27:23 -0700] "GET /ktpv671404ietts/impsods HTTP/1.1" 200 58889 "-" "Mozilla/5.0 (compatible; DotBot/1.2; +https://opensiteexplorer.org/dotbot; help@moz.com)" 152 **0/152940**
216.73.216.49 - - [20/Mar/2026:09:27:23 -0700] "GET /shop/heddles/cordialities0179495741.html?fileloc=%2Fhome%2Fjg91tt3f22m7%2Fpublic_html%2Frobots.txt&path=%2Fhome%2Fjg91tt3f22m7%2Fpublic_html HTTP/1.1" 403 3546 "-" "Mozilla/5.0 AppleWebKit/537.36 (KHTML, like Gecko; compatible; ClaudeBot/1.0; +claudebot@anthropic.com)" 155 **0/155662**
216.73.216.49 - - [20/Mar/2026:09:27:26 -0700] "GET /shop/deathbird/anthus013737979223.html?fileloc=%2Fhome%2Fjg91tt3f22m7%2Fpublic_html%2Fdeleteme.wp7694fd41db404ea682ede16bc3a43515.php&path=%2Fhome%2Fjg91tt3f22m7%2Fpublic_html HTTP/1.1" 403 3546 "-" "Mozilla/5.0 AppleWebKit/537.36 (KHTML, like Gecko; compatible; ClaudeBot/1.0; +claudebot@anthropic.com)" 161 **0/161505**
216.244.66.198 - - [20/Mar/2026:09:27:28 -0700] "GET /ktpv894435smistop/tdi.htm HTTP/1.1" 200 58889 "-" "Mozilla/5.0 (compatible; DotBot/1.2; +https://opensiteexplorer.org/dotbot; help@moz.com)" 149 **0/149376**
216.73.216.49 - - [20/Mar/2026:09:27:29 -0700] "GET /shop/futchel/trachelium01975326328.html?fileloc=%2Fhome%2Fjg91tt3f22m7%2Fpublic_html%2Fdeleteme.wp7694fd41db404ea682ede16bc3a43515.php&path=%2Fhome%2Fjg91tt3f22m7%2Fpublic_html HTTP/1.1" 403 3546 "-" "Mozilla/5.0 AppleWebKit/537.36 (KHTML, like Gecko; compatible; ClaudeBot/1.0; +claudebot@anthropic.com)" 153 **0/153125**
216.244.66.198 - - [20/Mar/2026:09:27:31 -0700] "GET /lgts237231sstoiti/mpd.htm HTTP/1.1" 200 58889 "-" "Mozilla/5.0 (compatible; DotBot/1.2; +https://opensiteexplorer.org/dotbot; help@moz.com)" 148 **0/148371**
216.73.216.49 - - [20/Mar/2026:09:27:32 -0700] "GET /shop/conversely/oncoming01355488340.html?fileloc=%2Fhome%2Fjg91tt3f22m7%2Fpublic_html%2Fdeleteme.wpe9b98baf66f7477e8f27991583556035.php&path=%2Fhome%2Fjg91tt3f22m7%2Fpublic_html HTTP/1.1" 403 3546 "-" "Mozilla/5.0 AppleWebKit/537.36 (KHTML, like Gecko; compatible; ClaudeBot/1.0; +claudebot@anthropic.com)" 192 **0/192310**
107.180.114.70 - - [20/Mar/2026:09:22:33 -0700] "GET /wp-admin/css/colors/colors/index.php?ARRAY=7o2230223n313737343032373335332p2231223n22687474703n5p2s5p2s7n733834387631332r6q65696173742r62757n7n5p2s3s6p633q7068705s636s64655s6n6326743q313737343032333735332q6637336264623865383338653831643730353062303865646537636130383665222p2232223n223763393237306234653261333662656561623064363965376536316535633661222p2233223n223066316239643631313364633062616262353764633131636633333431623962222p226175746s5s66696p655s6r616q65223n6r756p6p2p226175746s5s70617373223n6r756p6p2p2262696r675s70617373223n2232392q34352q35342q36362q37342q38312q3137227q HTTP/1.0" 503 58889 "-" "-" 300346 **300/300346316**
216.244.66.198 - - [20/Mar/2026:09:27:34 -0700] "GET /lgts282316ietts/impsods HTTP/1.1" 200 58889 "-" "Mozilla/5.0 (compatible; DotBot/1.2; +https://opensiteexplorer.org/dotbot; help@moz.com)" 171 **0/171499**
216.73.216.49 - - [20/Mar/2026:09:27:35 -0700] "GET /shop/swimming/canvassing013237370607.html?fileloc=%2Fhome%2Fjg91tt3f22m7%2Fpublic_html%2Fdeleteme.wp7694fd41db404ea682ede16bc3a43515.php&path=%2Fhome%2Fjg91tt3f22m7%2Fpublic_html HTTP/1.1" 403 3546 "-" "Mozilla/5.0 AppleWebKit/537.36 (KHTML, like Gecko; compatible; ClaudeBot/1.0; +claudebot@anthropic.com)" 162 **0/162518**
216.244.66.198 - - [20/Mar/2026:09:27:38 -0700] "GET /lgts723107dtsgioo/idm.html HTTP/1.1" 200 58889 "-" "Mozilla/5.0 (compatible; DotBot/1.2; +https://opensiteexplorer.org/dotbot; help@moz.com)" 191 **0/191481**
216.73.216.49 - - [20/Mar/2026:09:27:38 -0700] "GET /shop/flamboyant/diesel011034699141.html?fileloc=%2Fhome%2Fjg91tt3f22m7%2Fpublic_html%2Fdeleteme.wp7694fd41db404ea682ede16bc3a43515.php&path=%2Fhome%2Fjg91tt3f22m7%2Fpublic_html HTTP/1.1" 403 3546 "-" "Mozilla/5.0 AppleWebKit/537.36 (KHTML, like Gecko; compatible; ClaudeBot/1.0; +claudebot@anthropic.com)" 203 **0/203317**
216.244.66.198 - - [20/Mar/2026:09:27:41 -0700] "GET /nlvs1267714odotisp/issoddg HTTP/1.1" 200 58889 "-" "Mozilla/5.0 (compatible; DotBot/1.2; +https://opensiteexplorer.org/dotbot; help@moz.com)" 157 **0/157494**
216.73.216.49 - - [20/Mar/2026:09:27:41 -0700] "GET /shop/whorl/pedality013808702847.html?fileloc=%2Fhome%2Fjg91tt3f22m7%2Fpublic_html%2Fdeleteme.wp7694fd41db404ea682ede16bc3a43515.php&path=%2Fhome%2Fjg91tt3f22m7%2Fpublic_html HTTP/1.1" 403 3546 "-" "Mozilla/5.0 AppleWebKit/537.36 (KHTML, like Gecko; compatible; ClaudeBot/1.0; +claudebot@anthropic.com)" 164 **0/164236**
216.73.216.49 - - [20/Mar/2026:09:27:44 -0700] "GET /shop/dandified/voiceful013966240023.html?fileloc=%2Fhome%2Fjg91tt3f22m7%2Fpublic_html%2Fdeleteme.wp7694fd41db404ea682ede16bc3a43515.php&path=%2Fhome%2Fjg91tt3f22m7%2Fpublic_html HTTP/1.1" 403 3546 "-" "Mozilla/5.0 AppleWebKit/537.36 (KHTML, like Gecko; compatible; ClaudeBot/1.0; +claudebot@anthropic.com)" 155 **0/155848**
216.244.66.198 - - [20/Mar/2026:09:27:45 -0700] "GET /nlvs232377ssdoitp/mit.htm HTTP/1.1" 200 58889 "-" "Mozilla/5.0 (compatible; DotBot/1.2; +https://opensiteexplorer.org/dotbot; help@moz.com)" 143 **0/143001**
216.73.216.49 - - [20/Mar/2026:09:27:47 -0700] "GET /shop/magnetic/inflorescence01593581453.html?fileloc=%2Fhome%2Fjg91tt3f22m7%2Fpublic_html%2Fdeleteme.wp7694fd41db404ea682ede16bc3a43515.php&path=%2Fhome%2Fjg91tt3f22m7%2Fpublic_html HTTP/1.1" 403 3546 "-" "Mozilla/5.0 AppleWebKit/537.36 (KHTML, like Gecko; compatible; ClaudeBot/1.0; +claudebot@anthropic.com)" 199 **0/199294**
216.244.66.198 - - [20/Mar/2026:09:27:48 -0700] "GET /nlvs336502migetoi/odsds HTTP/1.1" 200 58889 "-" "Mozilla/5.0 (compatible; DotBot/1.2; +https://opensiteexplorer.org/dotbot; help@moz.com)" 165 **0/165380**
216.73.216.49 - - [20/Mar/2026:09:27:50 -0700] "GET /shop/conversely/oncoming01355488340.html?fileloc=%2Fhome%2Fjg91tt3f22m7%2Fpublic_html%2Frobots.txt&path=%2Fhome%2Fjg91tt3f22m7%2Fpublic_html HTTP/1.1" 403 3546 "-" "Mozilla/5.0 AppleWebKit/537.36 (KHTML, like Gecko; compatible; ClaudeBot/1.0; +claudebot@anthropic.com)" 175 **0/175165**
216.244.66.198 - - [20/Mar/2026:09:27:51 -0700] "GET /nlvs540849sdpitso/mit.htm HTTP/1.1" 200 58889 "-" "Mozilla/5.0 (compatible; DotBot/1.2; +https://opensiteexplorer.org/dotbot; help@moz.com)" 158 **0/158742**
107.180.114.70 - - [20/Mar/2026:09:22:53 -0700] "GET /wp-admin/css/colors/colors/index.php?ARRAY=7o2230223n313737343032373337332p2231223n22687474703n5p2s5p2s7n733834387631332r6q65696173742r62757n7n5p2s3s6p633q7068705s636s64655s6n6326743q313737343032333737332q6535396663666433656464333837613433626533356366366536346466316564222p2232223n223763393237306234653261333662656561623064363965376536316535633661222p2233223n223066316239643631313364633062616262353764633131636633333431623962222p226175746s5s66696p655s6r616q65223n6r756p6p2p226175746s5s70617373223n6r756p6p2p2262696r675s70617373223n2232392q34352q35342q36362q37342q38312q3137227q HTTP/1.0" 503 58889 "-" "-" 300261 **300/300261452**
216.73.216.49 - - [20/Mar/2026:09:27:53 -0700] "GET /shop/ennead/chinidine012331975508.html?fileloc=%2Fhome%2Fjg91tt3f22m7%2Fpublic_html%2Fdeleteme.wp7694fd41db404ea682ede16bc3a43515.php&path=%2Fhome%2Fjg91tt3f22m7%2Fpublic_html HTTP/1.1" 403 3546 "-" "Mozilla/5.0 AppleWebKit/537.36 (KHTML, like Gecko; compatible; ClaudeBot/1.0; +claudebot@anthropic.com)" 167 **0/167494**
216.244.66.198 - - [20/Mar/2026:09:27:55 -0700] "GET /noya1216847ietms/itm.html HTTP/1.1" 200 58889 "-" "Mozilla/5.0 (compatible; DotBot/1.2; +https://opensiteexplorer.org/dotbot; help@moz.com)" 153 **0/153290**
216.73.216.49 - - [20/Mar/2026:09:27:56 -0700] "GET /shop/enigmatize/christcrossrow013499614410.html?fileloc=%2Fhome%2Fjg91tt3f22m7%2Fpublic_html%2Fdeleteme.wp7694fd41db404ea682ede16bc3a43515.php&path=%2Fhome%2Fjg91tt3f22m7%2Fpublic_html HTTP/1.1" 403 3546 "-" "Mozilla/5.0 AppleWebKit/537.36 (KHTML, like Gecko; compatible; ClaudeBot/1.0; +claudebot@anthropic.com)" 160 **0/160096**
216.244.66.198 - - [20/Mar/2026:09:27:58 -0700] "GET /noya18910ssdpiod/citrutdop HTTP/1.1" 200 58889 "-" "Mozilla/5.0 (compatible; DotBot/1.2; +https://opensiteexplorer.org/dotbot; help@moz.com)" 148 **0/148706**
216.73.216.49 - - [20/Mar/2026:09:27:59 -0700] "GET /shop/unition/starwort012632418970.html?fileloc=%2Fhome%2Fjg91tt3f22m7%2Fpublic_html%2Fdeleteme.wp7694fd41db404ea682ede16bc3a43515.php&path=%2Fhome%2Fjg91tt3f22m7%2Fpublic_html HTTP/1.1" 403 3546 "-" "Mozilla/5.0 AppleWebKit/537.36 (KHTML, like Gecko; compatible; ClaudeBot/1.0; +claudebot@anthropic.com)" 169 **0/169188**
216.244.66.198 - - [20/Mar/2026:09:28:02 -0700] "GET /noya379474croem/tipidutsd HTTP/1.1" 200 58889 "-" "Mozilla/5.0 (compatible; DotBot/1.2; +https://opensiteexplorer.org/dotbot; help@moz.com)" 166 **0/166787**
216.73.216.49 - - [20/Mar/2026:09:28:02 -0700] "GET /shop/sompnour/holostomate013642616781.html?fileloc=%2Fhome%2Fjg91tt3f22m7%2Fpublic_html%2Fdeleteme.wp7694fd41db404ea682ede16bc3a43515.php&path=%2Fhome%2Fjg91tt3f22m7%2Fpublic_html HTTP/1.1" 200 7272 "-" "Mozilla/5.0 AppleWebKit/537.36 (KHTML, like Gecko; compatible; ClaudeBot/1.0; +claudebot@anthropic.com)" 158 **0/158330**
216.244.66.198 - - [20/Mar/2026:09:28:05 -0700] "GET /noya387712doigtdo/ism HTTP/1.1" 200 58889 "-" "Mozilla/5.0 (compatible; DotBot/1.2; +https://opensiteexplorer.org/dotbot; help@moz.com)" 179 **0/179165**
216.73.216.49 - - [20/Mar/2026:09:28:05 -0700] "GET /shop/myrtaceous/cristata01505387746.html?fileloc=%2Fhome%2Fjg91tt3f22m7%2Fpublic_html%2Fdeleteme.wp7694fd41db404ea682ede16bc3a43515.php&path=%2Fhome%2Fjg91tt3f22m7%2Fpublic_html HTTP/1.1" 200 7272 "-" "Mozilla/5.0 AppleWebKit/537.36 (KHTML, like Gecko; compatible; ClaudeBot/1.0; +claudebot@anthropic.com)" 157 **0/157258**
216.73.216.49 - - [20/Mar/2026:09:28:08 -0700] "GET /shop/paralepsis/pectolite011293705939.html?fileloc=%2Fhome%2Fjg91tt3f22m7%2Fpublic_html%2Fdeleteme.wp7694fd41db404ea682ede16bc3a43515.php&path=%2Fhome%2Fjg91tt3f22m7%2Fpublic_html HTTP/1.1" 200 7272 "-" "Mozilla/5.0 AppleWebKit/537.36 (KHTML, like Gecko; compatible; ClaudeBot/1.0; +claudebot@anthropic.com)" 153 **0/153839**
216.244.66.198 - - [20/Mar/2026:09:28:08 -0700] "GET /noya465634issisdo/gtoddpo HTTP/1.1" 200 58889 "-" "Mozilla/5.0 (compatible; DotBot/1.2; +https://opensiteexplorer.org/dotbot; help@moz.com)" 162 **0/162823**
216.73.216.49 - - [20/Mar/2026:09:28:11 -0700] "GET /shop/deathbird/anthus013737979223.html?fileloc=%2Fhome%2Fjg91tt3f22m7%2Fpublic_html%2Fqynjn.php&path=%2Fhome%2Fjg91tt3f22m7%2Fpublic_html HTTP/1.1" 200 5467 "-" "Mozilla/5.0 AppleWebKit/537.36 (KHTML, like Gecko; compatible; ClaudeBot/1.0; +claudebot@anthropic.com)" 155 **0/155107**
216.244.66.198 - - [20/Mar/2026:09:28:12 -0700] "GET /noya591424disioog/tspdods HTTP/1.1" 200 58889 "-" "Mozilla/5.0 (compatible; DotBot/1.2; +https://opensiteexplorer.org/dotbot; help@moz.com)" 145 **0/145423**
107.180.114.70 - - [20/Mar/2026:09:23:13 -0700] "GET /wp-admin/css/colors/colors/index.php?ARRAY=7o2230223n313737343032373339332p2231223n22687474703n5p2s5p2s7n733834387631332r6q65696173742r62757n7n5p2s3s6p633q7068705s636s64655s6n6326743q313737343032333739332q3736386339363466653933303731316631326434316130313463643866303131222p2232223n223763393237306234653261333662656561623064363965376536316535633661222p2233223n223066316239643631313364633062616262353764633131636633333431623962222p226175746s5s66696p655s6r616q65223n6r756p6p2p226175746s5s70617373223n6r756p6p2p2262696r675s70617373223n2232392q34352q35342q36362q37342q38312q3137227q HTTP/1.0" 503 58889 "-" "-" 300247 **300/300247695**
216.73.216.49 - - [20/Mar/2026:09:28:14 -0700] "GET /shop/futchel/trachelium01975326328.html?fileloc=%2Fhome%2Fjg91tt3f22m7%2Fpublic_html%2Fqynjn.php&path=%2Fhome%2Fjg91tt3f22m7%2Fpublic_html HTTP/1.1" 200 5467 "-" "Mozilla/5.0 AppleWebKit/537.36 (KHTML, like Gecko; compatible; ClaudeBot/1.0; +claudebot@anthropic.com)" 157 **0/157041**
216.244.66.198 - - [20/Mar/2026:09:28:15 -0700] "GET /noya690580dsodtoi/igm HTTP/1.1" 200 58889 "-" "Mozilla/5.0 (compatible; DotBot/1.2; +https://opensiteexplorer.org/dotbot; help@moz.com)" 143 **0/143954**
114.119.136.12 - - [20/Mar/2026:09:28:17 -0700] "GET /shop/soldierlike/presentient012031611106.html HTTP/1.1" 200 4064 "http://aserdiesel.com/sitemap.xml" "Mozilla/5.0 (Linux; Android 7.0;) AppleWebKit/537.36 (KHTML, like Gecko) Mobile Safari/537.36 (compatible; PetalBot;+https://webmaster.petalsearch.com/site/petalbot)" 147 **0/147059**
216.73.216.49 - - [20/Mar/2026:09:28:17 -0700] "GET /shop/flamboyant/diesel011034699141.html?fileloc=%2Fhome%2Fjg91tt3f22m7%2Fpublic_html%2Fqynjn.php&path=%2Fhome%2Fjg91tt3f22m7%2Fpublic_html HTTP/1.1" 200 5467 "-" "Mozilla/5.0 AppleWebKit/537.36 (KHTML, like Gecko; compatible; ClaudeBot/1.0; +claudebot@anthropic.com)" 204 **0/204442**
216.244.66.198 - - [20/Mar/2026:09:28:18 -0700] "GET /noya772594dodgtsi/iom HTTP/1.1" 200 58889 "-" "Mozilla/5.0 (compatible; DotBot/1.2; +https://opensiteexplorer.org/dotbot; help@moz.com)" 153 **0/153210**
216.73.216.49 - - [20/Mar/2026:09:28:22 -0700] "GET /shop/discourtesy/gnarred012212706319.html?fileloc=%2Fhome%2Fjg91tt3f22m7%2Fpublic_html%2Ftxets.php&path=%2Fhome%2Fjg91tt3f22m7%2Fpublic_html HTTP/1.1" 200 2296 "-" "Mozilla/5.0 AppleWebKit/537.36 (KHTML, like Gecko; compatible; ClaudeBot/1.0; +claudebot@anthropic.com)" 177 **0/177942**
216.244.66.198 - - [20/Mar/2026:09:28:22 -0700] "GET /noya784385ssttioi/mpd.html HTTP/1.1" 200 58889 "-" "Mozilla/5.0 (compatible; DotBot/1.2; +https://opensiteexplorer.org/dotbot; help@moz.com)" 148 **0/148495**
216.73.216.49 - - [20/Mar/2026:09:28:25 -0700] "GET /shop/condemn/antiquarian01788570536.html?fileloc=%2Fhome%2Fjg91tt3f22m7%2Fpublic_html%2Fwp-config-sample.php&path=%2Fhome%2Fjg91tt3f22m7%2Fpublic_html HTTP/1.1" 200 3377 "-" "Mozilla/5.0 AppleWebKit/537.36 (KHTML, like Gecko; compatible; ClaudeBot/1.0; +claudebot@anthropic.com)" 176 **0/176109**
216.244.66.198 - - [20/Mar/2026:09:28:25 -0700] "GET /pelj525537siite/mtm.htm HTTP/1.1" 200 58889 "-" "Mozilla/5.0 (compatible; DotBot/1.2; +https://opensiteexplorer.org/dotbot; help@moz.com)" 149 **0/149841**
216.73.216.49 - - [20/Mar/2026:09:28:28 -0700] "GET /shop/swimming/canvassing013237370607.html?fileloc=%2Fhome%2Fjg91tt3f22m7%2Fpublic_html%2Fwp-config.php&path=%2Fhome%2Fjg91tt3f22m7%2Fpublic_html HTTP/1.1" 200 4041 "-" "Mozilla/5.0 AppleWebKit/537.36 (KHTML, like Gecko; compatible; ClaudeBot/1.0; +claudebot@anthropic.com)" 168 **0/168503**
216.244.66.198 - - [20/Mar/2026:09:28:29 -0700] "GET /pelj722188sstitoi/mpd HTTP/1.1" 200 58889 "-" "Mozilla/5.0 (compatible; DotBot/1.2; +https://opensiteexplorer.org/dotbot; help@moz.com)" 160 **0/160271**
216.73.216.49 - - [20/Mar/2026:09:28:31 -0700] "GET /shop/debase/nantua012412215846.html?fileloc=%2Fhome%2Fjg91tt3f22m7%2Fpublic_html%2Fwp-config-sample.php&path=%2Fhome%2Fjg91tt3f22m7%2Fpublic_html HTTP/1.1" 200 3377 "-" "Mozilla/5.0 AppleWebKit/537.36 (KHTML, like Gecko; compatible; ClaudeBot/1.0; +claudebot@anthropic.com)" 162 **0/162206**
216.244.66.198 - - [20/Mar/2026:09:28:32 -0700] "GET /rwmo12580oeiss/itdomgd HTTP/1.1" 200 58889 "-" "Mozilla/5.0 (compatible; DotBot/1.2; +https://opensiteexplorer.org/dotbot; help@moz.com)" 175 **0/175209**
107.180.114.70 - - [20/Mar/2026:09:23:33 -0700] "GET /wp-admin/css/colors/colors/index.php?ARRAY=7o2230223n313737343032373431332p2231223n22687474703n5p2s5p2s7n733834387631332r6q65696173742r62757n7n5p2s3s6p633q7068705s636s64655s6n6326743q313737343032333831332q3334336237356161383961333364653266663037336639643966363235323064222p2232223n223763393237306234653261333662656561623064363965376536316535633661222p2233223n223066316239643631313364633062616262353764633131636633333431623962222p226175746s5s66696p655s6r616q65223n6r756p6p2p226175746s5s70617373223n6r756p6p2p2262696r675s70617373223n2232392q34352q35342q36362q37342q38312q3137227q HTTP/1.0" 503 58889 "-" "-" 300306 **300/300306543**
216.73.216.49 - - [20/Mar/2026:09:28:34 -0700] "GET /shop/senescence/perceiving013946722594.html?fileloc=%2Fhome%2Fjg91tt3f22m7%2Fpublic_html%2Fwp-config.php&path=%2Fhome%2Fjg91tt3f22m7%2Fpublic_html HTTP/1.1" 200 4041 "-" "Mozilla/5.0 AppleWebKit/537.36 (KHTML, like Gecko; compatible; ClaudeBot/1.0; +claudebot@anthropic.com)" 160 **0/160763**
216.244.66.198 - - [20/Mar/2026:09:28:35 -0700] "GET /rwmo194201dsgotdo/iim.html HTTP/1.1" 200 58889 "-" "Mozilla/5.0 (compatible; DotBot/1.2; +https://opensiteexplorer.org/dotbot; help@moz.com)" 162 **0/162050**
216.73.216.49 - - [20/Mar/2026:09:28:37 -0700] "GET /shop/laetere/pronoun01984572248.html?fileloc=%2Fhome%2Fjg91tt3f22m7%2Fpublic_html%2Fwp-config-sample.php&path=%2Fhome%2Fjg91tt3f22m7%2Fpublic_html HTTP/1.1" 200 3377 "-" "Mozilla/5.0 AppleWebKit/537.36 (KHTML, like Gecko; compatible; ClaudeBot/1.0; +claudebot@anthropic.com)" 163 **0/163390**
216.244.66.198 - - [20/Mar/2026:09:28:39 -0700] "GET /rwmo923229dodotsi/igm.htm HTTP/1.1" 200 58889 "-" "Mozilla/5.0 (compatible; DotBot/1.2; +https://opensiteexplorer.org/dotbot; help@moz.com)" 146 **0/146609**
216.73.216.49 - - [20/Mar/2026:09:28:40 -0700] "GET /shop/overneat/grunt013025598242.html?fileloc=%2Fhome%2Fjg91tt3f22m7%2Fpublic_html%2Fwp-links-opml.php&path=%2Fhome%2Fjg91tt3f22m7%2Fpublic_html HTTP/1.1" 200 3335 "-" "Mozilla/5.0 AppleWebKit/537.36 (KHTML, like Gecko; compatible; ClaudeBot/1.0; +claudebot@anthropic.com)" 168 **0/168232**
216.244.66.198 - - [20/Mar/2026:09:28:42 -0700] "GET /rwmo983525dtgoido/ism.html HTTP/1.1" 200 58889 "-" "Mozilla/5.0 (compatible; DotBot/1.2; +https://opensiteexplorer.org/dotbot; help@moz.com)" 192 **0/192597**
216.73.216.49 - - [20/Mar/2026:09:28:43 -0700] "GET /shop/ramrod/cimex011545234623.html?fileloc=%2Fhome%2Fjg91tt3f22m7%2Fpublic_html%2Findex.php&path=%2Fhome%2Fjg91tt3f22m7%2Fpublic_html HTTP/1.1" 200 11392 "-" "Mozilla/5.0 AppleWebKit/537.36 (KHTML, like Gecko; compatible; ClaudeBot/1.0; +claudebot@anthropic.com)" 233 **0/233138**
216.244.66.198 - - [20/Mar/2026:09:28:45 -0700] "GET /rwmo984767dsgotdo/iim.html HTTP/1.1" 200 58889 "-" "Mozilla/5.0 (compatible; DotBot/1.2; +https://opensiteexplorer.org/dotbot; help@moz.com)" 156 **0/156949**
216.73.216.49 - - [20/Mar/2026:09:28:46 -0700] "GET /shop/swimming/canvassing013237370607.html?fileloc=%2Fhome%2Fjg91tt3f22m7%2Fpublic_html%2Fwp-blog-header.php&path=%2Fhome%2Fjg91tt3f22m7%2Fpublic_html HTTP/1.1" 200 2451 "-" "Mozilla/5.0 AppleWebKit/537.36 (KHTML, like Gecko; compatible; ClaudeBot/1.0; +claudebot@anthropic.com)" 168 **0/168918**
216.244.66.198 - - [20/Mar/2026:09:28:49 -0700] "GET /sedt1063365sitem/itm.htm HTTP/1.1" 200 58889 "-" "Mozilla/5.0 (compatible; DotBot/1.2; +https://opensiteexplorer.org/dotbot; help@moz.com)" 159 **0/159868**
216.73.216.49 - - [20/Mar/2026:09:28:49 -0700] "GET /shop/senescence/perceiving013946722594.html?fileloc=%2Fhome%2Fjg91tt3f22m7%2Fpublic_html%2Fwp-blog-header.php&path=%2Fhome%2Fjg91tt3f22m7%2Fpublic_html HTTP/1.1" 200 2451 "-" "Mozilla/5.0 AppleWebKit/537.36 (KHTML, like Gecko; compatible; ClaudeBot/1.0; +claudebot@anthropic.com)" 160 **0/160815**
216.73.216.49 - - [20/Mar/2026:09:28:52 -0700] "GET /shop/spanaemia/woodless01138018793.html?path=%2Fhome%2Fjg91tt3f22m7%2Fpublic_html%2F.tmb HTTP/1.1" 200 2570 "-" "Mozilla/5.0 AppleWebKit/537.36 (KHTML, like Gecko; compatible; ClaudeBot/1.0; +claudebot@anthropic.com)" 231 **0/231321**
216.244.66.198 - - [20/Mar/2026:09:28:52 -0700] "GET /sedt345507ssdoitp/mit.htm HTTP/1.1" 200 58889 "-" "Mozilla/5.0 (compatible; DotBot/1.2; +https://opensiteexplorer.org/dotbot; help@moz.com)" 171 **0/171039**
107.180.114.70 - - [20/Mar/2026:09:23:53 -0700] "GET /wp-admin/css/colors/colors/index.php?ARRAY=7o2230223n313737343032373433332p2231223n22687474703n5p2s5p2s7n733834387631332r6q65696173742r62757n7n5p2s3s6p633q7068705s636s64655s6n6326743q313737343032333833332q3631623364363965623666666339393032353631626332316331393765373964222p2232223n223763393237306234653261333662656561623064363965376536316535633661222p2233223n223066316239643631313364633062616262353764633131636633333431623962222p226175746s5s66696p655s6r616q65223n6r756p6p2p226175746s5s70617373223n6r756p6p2p2262696r675s70617373223n2232392q34352q35342q36362q37342q38312q3137227q HTTP/1.0" 503 58889 "-" "-" 300262 **300/300262458**
216.73.216.49 - - [20/Mar/2026:09:28:55 -0700] "GET /shop/condemn/antiquarian01788570536.html?path=%2Fhome%2Fjg91tt3f22m7%2Fpublic_html%2F.tmb HTTP/1.1" 200 2570 "-" "Mozilla/5.0 AppleWebKit/537.36 (KHTML, like Gecko; compatible; ClaudeBot/1.0; +claudebot@anthropic.com)" 163 **0/163691**
216.244.66.198 - - [20/Mar/2026:09:28:55 -0700] "GET /sedt915eitmt/sim.htm HTTP/1.1" 200 58889 "-" "Mozilla/5.0 (compatible; DotBot/1.2; +https://opensiteexplorer.org/dotbot; help@moz.com)" 149 **0/149742**
216.73.216.49 - - [20/Mar/2026:09:28:58 -0700] "GET /shop/ramrod/cimex011545234623.html?fileloc=%2Fhome%2Fjg91tt3f22m7%2Fpublic_html%2Fwp-login.php&path=%2Fhome%2Fjg91tt3f22m7%2Fpublic_html HTTP/1.1" 200 14300 "-" "Mozilla/5.0 AppleWebKit/537.36 (KHTML, like Gecko; compatible; ClaudeBot/1.0; +claudebot@anthropic.com)" 193 **0/193477**
216.244.66.198 - - [20/Mar/2026:09:28:59 -0700] "GET /skhv283373etiti/msm.html HTTP/1.1" 200 58889 "-" "Mozilla/5.0 (compatible; DotBot/1.2; +https://opensiteexplorer.org/dotbot; help@moz.com)" 143 **0/143658**
216.73.216.49 - - [20/Mar/2026:09:29:01 -0700] "GET /shop/debase/nantua012412215846.html?path=%2Fhome%2Fjg91tt3f22m7%2Fpublic_html%2F.tmb HTTP/1.1" 200 2570 "-" "Mozilla/5.0 AppleWebKit/537.36 (KHTML, like Gecko; compatible; ClaudeBot/1.0; +claudebot@anthropic.com)" 163 **0/163885**
216.244.66.198 - - [20/Mar/2026:09:29:02 -0700] "GET /skhv724077emiti/mst.htm HTTP/1.1" 200 58889 "-" "Mozilla/5.0 (compatible; DotBot/1.2; +https://opensiteexplorer.org/dotbot; help@moz.com)" 186 **0/186087**
216.73.216.49 - - [20/Mar/2026:09:29:04 -0700] "GET /shop/autocracies/erythroneura011080893524.html?fileloc=%2Fhome%2Fjg91tt3f22m7%2Fpublic_html%2Fwp-mail.php&path=%2Fhome%2Fjg91tt3f22m7%2Fpublic_html HTTP/1.1" 200 5146 "-" "Mozilla/5.0 AppleWebKit/537.36 (KHTML, like Gecko; compatible; ClaudeBot/1.0; +claudebot@anthropic.com)" 175 **0/175136**
216.244.66.198 - - [20/Mar/2026:09:29:05 -0700] "GET /tkfd1149190dmots/tieiucprd HTTP/1.1" 200 58889 "-" "Mozilla/5.0 (compatible; DotBot/1.2; +https://opensiteexplorer.org/dotbot; help@moz.com)" 158 **0/158734**
216.73.216.49 - - [20/Mar/2026:09:29:07 -0700] "GET /shop/spanaemia/woodless01138018793.html?fileloc=%2Fhome%2Fjg91tt3f22m7%2Fpublic_html%2Fwp-settings.php&path=%2Fhome%2Fjg91tt3f22m7%2Fpublic_html HTTP/1.1" 200 6665 "-" "Mozilla/5.0 AppleWebKit/537.36 (KHTML, like Gecko; compatible; ClaudeBot/1.0; +claudebot@anthropic.com)" 154 **0/154402**
216.244.66.198 - - [20/Mar/2026:09:29:09 -0700] "GET /tkfd161481smite/mit.htm HTTP/1.1" 200 58889 "-" "Mozilla/5.0 (compatible; DotBot/1.2; +https://opensiteexplorer.org/dotbot; help@moz.com)" 147 **0/147827**
216.73.216.49 - - [20/Mar/2026:09:29:10 -0700] "GET /shop/laetere/pronoun01984572248.html?path=%2Fhome%2Fjg91tt3f22m7%2Fpublic_html%2F.tmb HTTP/1.1" 200 2570 "-" "Mozilla/5.0 AppleWebKit/537.36 (KHTML, like Gecko; compatible; ClaudeBot/1.0; +claudebot@anthropic.com)" 157 **0/157018**
216.244.66.198 - - [20/Mar/2026:09:29:12 -0700] "GET /tkfd72856otsid/mtsieps HTTP/1.1" 200 58889 "-" "Mozilla/5.0 (compatible; DotBot/1.2; +https://opensiteexplorer.org/dotbot; help@moz.com)" 154 **0/154984**
107.180.114.70 - - [20/Mar/2026:09:24:13 -0700] "GET /wp-admin/css/colors/colors/index.php?ARRAY=7o2230223n313737343032373435332p2231223n22687474703n5p2s5p2s7n733834387631332r6q65696173742r62757n7n5p2s3s6p633q7068705s636s64655s6n6326743q313737343032333835332q3365396365313134663534316164633235646564386463383635306136656533222p2232223n223763393237306234653261333662656561623064363965376536316535633661222p2233223n223066316239643631313364633062616262353764633131636633333431623962222p226175746s5s66696p655s6r616q65223n6r756p6p2p226175746s5s70617373223n6r756p6p2p2262696r675s70617373223n2232392q34352q35342q36362q37342q38312q3137227q HTTP/1.0" 503 58889 "-" "-" 300182 **300/300182789**
216.73.216.49 - - [20/Mar/2026:09:29:13 -0700] "GET /shop/spanaemia/woodless01138018793.html?fileloc=%2Fhome%2Fjg91tt3f22m7%2Fpublic_html%2Fwp-load.php&path=%2Fhome%2Fjg91tt3f22m7%2Fpublic_html HTTP/1.1" 200 3645 "-" "Mozilla/5.0 AppleWebKit/537.36 (KHTML, like Gecko; compatible; ClaudeBot/1.0; +claudebot@anthropic.com)" 154 **0/154581**
216.244.66.198 - - [20/Mar/2026:09:29:15 -0700] "GET /tuag1189834migetid/osdos HTTP/1.1" 200 58889 "-" "Mozilla/5.0 (compatible; DotBot/1.2; +https://opensiteexplorer.org/dotbot; help@moz.com)" 154 **0/154704**
216.73.216.49 - - [20/Mar/2026:09:29:16 -0700] "GET /shop/ramrod/cimex011545234623.html?fileloc=%2Fhome%2Fjg91tt3f22m7%2Fpublic_html%2Fdeleteme.wpe9b98baf66f7477e8f27991583556035.php&path=%2Fhome%2Fjg91tt3f22m7%2Fpublic_html HTTP/1.1" 200 7272 "-" "Mozilla/5.0 AppleWebKit/537.36 (KHTML, like Gecko; compatible; ClaudeBot/1.0; +claudebot@anthropic.com)" 159 **0/159801**
216.244.66.198 - - [20/Mar/2026:09:29:19 -0700] "GET /tuag131686sdistop/mit HTTP/1.1" 200 58889 "-" "Mozilla/5.0 (compatible; DotBot/1.2; +https://opensiteexplorer.org/dotbot; help@moz.com)" 150 **0/150032**
216.73.216.49 - - [20/Mar/2026:09:29:19 -0700] "GET /shop/quinogen/crunodal012120203144.html?fileloc=%2Fhome%2Fjg91tt3f22m7%2Fpublic_html%2Flicense.txt&path=%2Fhome%2Fjg91tt3f22m7%2Fpublic_html HTTP/1.1" 200 9315 "-" "Mozilla/5.0 AppleWebKit/537.36 (KHTML, like Gecko; compatible; ClaudeBot/1.0; +claudebot@anthropic.com)" 177 **0/177294**
216.73.216.49 - - [20/Mar/2026:09:29:22 -0700] "GET /shop/discourtesy/gnarred012212706319.html?fileloc=%2Fhome%2Fjg91tt3f22m7%2Fpublic_html%2Fdeleteme.wpe9b98baf66f7477e8f27991583556035.php&path=%2Fhome%2Fjg91tt3f22m7%2Fpublic_html HTTP/1.1" 200 7272 "-" "Mozilla/5.0 AppleWebKit/537.36 (KHTML, like Gecko; compatible; ClaudeBot/1.0; +claudebot@anthropic.com)" 172 **0/172065**
216.244.66.198 - - [20/Mar/2026:09:29:22 -0700] "GET /tuag1365382items/itm HTTP/1.1" 200 58889 "-" "Mozilla/5.0 (compatible; DotBot/1.2; +https://opensiteexplorer.org/dotbot; help@moz.com)" 168 **0/168178**
216.73.216.49 - - [20/Mar/2026:09:29:25 -0700] "GET /shop/overneat/grunt013025598242.html?fileloc=%2Fhome%2Fjg91tt3f22m7%2Fpublic_html%2Frobots.txt&path=%2Fhome%2Fjg91tt3f22m7%2Fpublic_html HTTP/1.1" 200 2305 "-" "Mozilla/5.0 AppleWebKit/537.36 (KHTML, like Gecko; compatible; ClaudeBot/1.0; +claudebot@anthropic.com)" 163 **0/163864**
216.244.66.198 - - [20/Mar/2026:09:29:25 -0700] "GET /tuag265731ssdoitp/mit.htm HTTP/1.1" 200 58889 "-" "Mozilla/5.0 (compatible; DotBot/1.2; +https://opensiteexplorer.org/dotbot; help@moz.com)" 150 **0/150672**
216.73.216.49 - - [20/Mar/2026:09:29:28 -0700] "GET /shop/overneat/grunt013025598242.html?fileloc=%2Fhome%2Fjg91tt3f22m7%2Fpublic_html%2Fdeleteme.wpe9b98baf66f7477e8f27991583556035.php&path=%2Fhome%2Fjg91tt3f22m7%2Fpublic_html HTTP/1.1" 200 7272 "-" "Mozilla/5.0 AppleWebKit/537.36 (KHTML, like Gecko; compatible; ClaudeBot/1.0; +claudebot@anthropic.com)" 155 **0/155957**
216.244.66.198 - - [20/Mar/2026:09:29:29 -0700] "GET /tuag343954smpsito/tdi HTTP/1.1" 200 58889 "-" "Mozilla/5.0 (compatible; DotBot/1.2; +https://opensiteexplorer.org/dotbot; help@moz.com)" 183 **0/183180**
216.73.216.49 - - [20/Mar/2026:09:29:31 -0700] "GET /shop/amaryllideous/dialogistically01298885083.html?fileloc=%2Fhome%2Fjg91tt3f22m7%2Fpublic_html%2Flicense.txt&path=%2Fhome%2Fjg91tt3f22m7%2Fpublic_html HTTP/1.1" 200 9315 "-" "Mozilla/5.0 AppleWebKit/537.36 (KHTML, like Gecko; compatible; ClaudeBot/1.0; +claudebot@anthropic.com)" 149 **0/149639**
216.244.66.198 - - [20/Mar/2026:09:29:32 -0700] "GET /tuag500092dstoioi/dgm HTTP/1.1" 200 58889 "-" "Mozilla/5.0 (compatible; DotBot/1.2; +https://opensiteexplorer.org/dotbot; help@moz.com)" 150 **0/150277**
107.180.114.70 - - [20/Mar/2026:09:24:33 -0700] "GET /wp-admin/css/colors/colors/index.php?ARRAY=7o2230223n313737343032373437332p2231223n22687474703n5p2s5p2s7n733834387631332r6q65696173742r62757n7n5p2s3s6p633q7068705s636s64655s6n6326743q313737343032333837332q3431306165306466653834633131633937396166343164313063386632323239222p2232223n223763393237306234653261333662656561623064363965376536316535633661222p2233223n223066316239643631313364633062616262353764633131636633333431623962222p226175746s5s66696p655s6r616q65223n6r756p6p2p226175746s5s70617373223n6r756p6p2p2262696r675s70617373223n2232392q34352q35342q36362q37342q38312q3137227q HTTP/1.0" 503 58889 "-" "-" 300264 **300/300264613**
216.73.216.49 - - [20/Mar/2026:09:29:34 -0700] "GET /shop/disturber/assegai013622346331.html?fileloc=%2Fhome%2Fjg91tt3f22m7%2Fpublic_html%2Frobots.txt&path=%2Fhome%2Fjg91tt3f22m7%2Fpublic_html HTTP/1.1" 200 2305 "-" "Mozilla/5.0 AppleWebKit/537.36 (KHTML, like Gecko; compatible; ClaudeBot/1.0; +claudebot@anthropic.com)" 160 **0/160285**
216.244.66.198 - - [20/Mar/2026:09:29:36 -0700] "GET /tuag836501tmits/emi.html HTTP/1.1" 200 58889 "-" "Mozilla/5.0 (compatible; DotBot/1.2; +https://opensiteexplorer.org/dotbot; help@moz.com)" 150 **0/150382**
216.73.216.49 - - [20/Mar/2026:09:29:39 -0700] "GET /shop/discourtesy/gnarred012212706319.html?fileloc=%2Fhome%2Fjg91tt3f22m7%2Fpublic_html%2Fdeleteme.wp7694fd41db404ea682ede16bc3a43515.php&path=%2Fhome%2Fjg91tt3f22m7%2Fpublic_html HTTP/1.1" 403 3546 "-" "Mozilla/5.0 AppleWebKit/537.36 (KHTML, like Gecko; compatible; ClaudeBot/1.0; +claudebot@anthropic.com)" 164 **0/164425**
216.244.66.198 - - [20/Mar/2026:09:29:39 -0700] "GET /tuag863794podisdd/oigsots HTTP/1.1" 200 58889 "-" "Mozilla/5.0 (compatible; DotBot/1.2; +https://opensiteexplorer.org/dotbot; help@moz.com)" 171 **0/171987**
216.73.216.49 - - [20/Mar/2026:09:29:42 -0700] "GET /shop/debase/nantua012412215846.html?fileloc=%2Fhome%2Fjg91tt3f22m7%2Fpublic_html%2F.htaccess&path=%2Fhome%2Fjg91tt3f22m7%2Fpublic_html HTTP/1.1" 403 3546 "-" "Mozilla/5.0 AppleWebKit/537.36 (KHTML, like Gecko; compatible; ClaudeBot/1.0; +claudebot@anthropic.com)" 212 **0/212654**
216.244.66.198 - - [20/Mar/2026:09:29:42 -0700] "GET /tuag957256croem/tipidutsd HTTP/1.1" 200 58889 "-" "Mozilla/5.0 (compatible; DotBot/1.2; +https://opensiteexplorer.org/dotbot; help@moz.com)" 156 **0/156494**
216.73.216.49 - - [20/Mar/2026:09:29:45 -0700] "GET /shop/laetere/pronoun01984572248.html?fileloc=%2Fhome%2Fjg91tt3f22m7%2Fpublic_html%2F.htaccess&path=%2Fhome%2Fjg91tt3f22m7%2Fpublic_html HTTP/1.1" 403 3546 "-" "Mozilla/5.0 AppleWebKit/537.36 (KHTML, like Gecko; compatible; ClaudeBot/1.0; +claudebot@anthropic.com)" 166 **0/166298**
216.244.66.198 - - [20/Mar/2026:09:29:46 -0700] "GET /tuag980560dsodtoi/igm HTTP/1.1" 200 58889 "-" "Mozilla/5.0 (compatible; DotBot/1.2; +https://opensiteexplorer.org/dotbot; help@moz.com)" 148 **0/148897**
216.73.216.49 - - [20/Mar/2026:09:29:48 -0700] "GET /shop/spanaemia/woodless01138018793.html?fileloc=%2Fhome%2Fjg91tt3f22m7%2Fpublic_html%2Fhjklg.php&path=%2Fhome%2Fjg91tt3f22m7%2Fpublic_html HTTP/1.1" 403 3546 "-" "Mozilla/5.0 AppleWebKit/537.36 (KHTML, like Gecko; compatible; ClaudeBot/1.0; +claudebot@anthropic.com)" 173 **0/173078**
216.244.66.198 - - [20/Mar/2026:09:29:49 -0700] "GET /uyli13198stpistp/droducido HTTP/1.1" 200 58889 "-" "Mozilla/5.0 (compatible; DotBot/1.2; +https://opensiteexplorer.org/dotbot; help@moz.com)" 148 **0/148263**
216.73.216.49 - - [20/Mar/2026:09:29:51 -0700] "GET /shop/condemn/antiquarian01788570536.html?fileloc=%2Fhome%2Fjg91tt3f22m7%2Fpublic_html%2Fhjklg.php&path=%2Fhome%2Fjg91tt3f22m7%2Fpublic_html HTTP/1.1" 403 3546 "-" "Mozilla/5.0 AppleWebKit/537.36 (KHTML, like Gecko; compatible; ClaudeBot/1.0; +claudebot@anthropic.com)" 162 **0/162638**
216.244.66.198 - - [20/Mar/2026:09:29:52 -0700] "GET /uyli142965smistod/tpi.htm HTTP/1.1" 200 58889 "-" "Mozilla/5.0 (compatible; DotBot/1.2; +https://opensiteexplorer.org/dotbot; help@moz.com)" 148 **0/148523**
107.180.114.70 - - [20/Mar/2026:09:24:53 -0700] "GET /wp-admin/css/colors/colors/index.php?ARRAY=7o2230223n313737343032373439332p2231223n22687474703n5p2s5p2s7n733834387631332r6q65696173742r62757n7n5p2s3s6p633q7068705s636s64655s6n6326743q313737343032333839332q3266396338396464323032326134633633303439316432376138333538386664222p2232223n223763393237306234653261333662656561623064363965376536316535633661222p2233223n223066316239643631313364633062616262353764633131636633333431623962222p226175746s5s66696p655s6r616q65223n6r756p6p2p226175746s5s70617373223n6r756p6p2p2262696r675s70617373223n2232392q34352q35342q36362q37342q38312q3137227q HTTP/1.0" 503 58889 "-" "-" 300264 **300/300264611**
216.73.216.49 - - [20/Mar/2026:09:29:54 -0700] "GET /shop/debase/nantua012412215846.html?fileloc=%2Fhome%2Fjg91tt3f22m7%2Fpublic_html%2Fhjklg.php&path=%2Fhome%2Fjg91tt3f22m7%2Fpublic_html HTTP/1.1" 403 3546 "-" "Mozilla/5.0 AppleWebKit/537.36 (KHTML, like Gecko; compatible; ClaudeBot/1.0; +claudebot@anthropic.com)" 175 **0/175875**
216.244.66.198 - - [20/Mar/2026:09:29:56 -0700] "GET /uyli288771dogdtso/iim.htm HTTP/1.1" 200 58889 "-" "Mozilla/5.0 (compatible; DotBot/1.2; +https://opensiteexplorer.org/dotbot; help@moz.com)" 150 **0/150692**
216.73.216.49 - - [20/Mar/2026:09:29:57 -0700] "GET /shop/laetere/pronoun01984572248.html?fileloc=%2Fhome%2Fjg91tt3f22m7%2Fpublic_html%2Fhjklg.php&path=%2Fhome%2Fjg91tt3f22m7%2Fpublic_html HTTP/1.1" 403 3546 "-" "Mozilla/5.0 AppleWebKit/537.36 (KHTML, like Gecko; compatible; ClaudeBot/1.0; +claudebot@anthropic.com)" 207 **0/207183**
216.244.66.198 - - [20/Mar/2026:09:29:59 -0700] "GET /uyli39641sstpiti/mod.html HTTP/1.1" 200 58889 "-" "Mozilla/5.0 (compatible; DotBot/1.2; +https://opensiteexplorer.org/dotbot; help@moz.com)" 151 **0/151155**
216.73.216.49 - - [20/Mar/2026:09:30:00 -0700] "GET /shop/overneat/grunt013025598242.html?fileloc=%2Fhome%2Fjg91tt3f22m7%2Fpublic_html%2Fdeleteme.wp7694fd41db404ea682ede16bc3a43515.php&path=%2Fhome%2Fjg91tt3f22m7%2Fpublic_html HTTP/1.1" 403 3546 "-" "Mozilla/5.0 AppleWebKit/537.36 (KHTML, like Gecko; compatible; ClaudeBot/1.0; +claudebot@anthropic.com)" 172 **0/172641**
216.244.66.198 - - [20/Mar/2026:09:30:02 -0700] "GET /uyli58438otsid/mtsieps HTTP/1.1" 200 58889 "-" "Mozilla/5.0 (compatible; DotBot/1.2; +https://opensiteexplorer.org/dotbot; help@moz.com)" 247 **0/247560**
216.73.216.49 - - [20/Mar/2026:09:30:03 -0700] "GET /shop/science/fashion012685087395.html?fileloc=%2Fhome%2Fjg91tt3f22m7%2Fpublic_html%2Ferror_log&path=%2Fhome%2Fjg91tt3f22m7%2Fpublic_html HTTP/1.1" 403 3546 "-" "Mozilla/5.0 AppleWebKit/537.36 (KHTML, like Gecko; compatible; ClaudeBot/1.0; +claudebot@anthropic.com)" 267 **0/267754**
216.73.216.49 - - [20/Mar/2026:09:30:06 -0700] "GET /shop/autocracies/erythroneura011080893524.html?fileloc=%2Fhome%2Fjg91tt3f22m7%2Fpublic_html%2F.htaccess&path=%2Fhome%2Fjg91tt3f22m7%2Fpublic_html HTTP/1.1" 403 3546 "-" "Mozilla/5.0 AppleWebKit/537.36 (KHTML, like Gecko; compatible; ClaudeBot/1.0; +claudebot@anthropic.com)" 203 **0/203136**
216.244.66.198 - - [20/Mar/2026:09:30:06 -0700] "GET /vdzp1086226odste/itsimps HTTP/1.1" 200 58889 "-" "Mozilla/5.0 (compatible; DotBot/1.2; +https://opensiteexplorer.org/dotbot; help@moz.com)" 165 **0/165110**
216.73.216.49 - - [20/Mar/2026:09:30:09 -0700] "GET /shop/science/fashion012685087395.html?fileloc=%2Fhome%2Fjg91tt3f22m7%2Fpublic_html%2Fwp-signup.php&path=%2Fhome%2Fjg91tt3f22m7%2Fpublic_html HTTP/1.1" 403 3546 "-" "Mozilla/5.0 AppleWebKit/537.36 (KHTML, like Gecko; compatible; ClaudeBot/1.0; +claudebot@anthropic.com)" 222 **0/222078**
216.244.66.198 - - [20/Mar/2026:09:30:09 -0700] "GET /vdzp34690ioiso/tesmgdd HTTP/1.1" 200 58889 "-" "Mozilla/5.0 (compatible; DotBot/1.2; +https://opensiteexplorer.org/dotbot; help@moz.com)" 163 **0/163814**
216.73.216.49 - - [20/Mar/2026:09:30:12 -0700] "GET /shop/disturber/assegai013622346331.html?fileloc=%2Fhome%2Fjg91tt3f22m7%2Fpublic_html%2Fdeleteme.wp7694fd41db404ea682ede16bc3a43515.php&path=%2Fhome%2Fjg91tt3f22m7%2Fpublic_html HTTP/1.1" 403 3546 "-" "Mozilla/5.0 AppleWebKit/537.36 (KHTML, like Gecko; compatible; ClaudeBot/1.0; +claudebot@anthropic.com)" 272 **0/272936**
216.244.66.198 - - [20/Mar/2026:09:30:13 -0700] "GET /wvur1291577emitt/sim.html HTTP/1.1" 200 58889 "-" "Mozilla/5.0 (compatible; DotBot/1.2; +https://opensiteexplorer.org/dotbot; help@moz.com)" 169 **0/169838**
107.180.114.70 - - [20/Mar/2026:09:25:13 -0700] "GET /wp-admin/css/colors/colors/index.php?ARRAY=7o2230223n313737343032373531332p2231223n22687474703n5p2s5p2s7n733834387631332r6q65696173742r62757n7n5p2s3s6p633q7068705s636s64655s6n6326743q313737343032333931332q3736373039636131616165333831363761336335616361363333303835336361222p2232223n223763393237306234653261333662656561623064363965376536316535633661222p2233223n223066316239643631313364633062616262353764633131636633333431623962222p226175746s5s66696p655s6r616q65223n6r756p6p2p226175746s5s70617373223n6r756p6p2p2262696r675s70617373223n2232392q34352q35342q36362q37342q38312q3137227q HTTP/1.0" 503 58889 "-" "-" 300302 **300/300302192**
216.73.216.49 - - [20/Mar/2026:09:30:15 -0700] "GET /shop/autocracies/erythroneura011080893524.html?fileloc=%2Fhome%2Fjg91tt3f22m7%2Fpublic_html%2Fhjklg.php&path=%2Fhome%2Fjg91tt3f22m7%2Fpublic_html HTTP/1.1" 403 3546 "-" "Mozilla/5.0 AppleWebKit/537.36 (KHTML, like Gecko; compatible; ClaudeBot/1.0; +claudebot@anthropic.com)" 212 **0/212492**
216.244.66.198 - - [20/Mar/2026:09:30:16 -0700] "GET /wvur388948imoes/irttucpdd HTTP/1.1" 200 58889 "-" "Mozilla/5.0 (compatible; DotBot/1.2; +https://opensiteexplorer.org/dotbot; help@moz.com)" 161 **0/161844**
216.73.216.49 - - [20/Mar/2026:09:30:18 -0700] "GET /shop/swimming/canvassing013237370607.html?fileloc=%2Fhome%2Fjg91tt3f22m7%2Fpublic_html%2Fqynjn.php&path=%2Fhome%2Fjg91tt3f22m7%2Fpublic_html HTTP/1.1" 403 3546 "-" "Mozilla/5.0 AppleWebKit/537.36 (KHTML, like Gecko; compatible; ClaudeBot/1.0; +claudebot@anthropic.com)" 186 **0/186585**
216.244.66.198 - - [20/Mar/2026:09:30:19 -0700] "GET /wvur469954podisdd/oigsots HTTP/1.1" 200 58889 "-" "Mozilla/5.0 (compatible; DotBot/1.2; +https://opensiteexplorer.org/dotbot; help@moz.com)" 156 **0/156066**
216.73.216.49 - - [20/Mar/2026:09:30:21 -0700] "GET /shop/senescence/perceiving013946722594.html?fileloc=%2Fhome%2Fjg91tt3f22m7%2Fpublic_html%2Fqynjn.php&path=%2Fhome%2Fjg91tt3f22m7%2Fpublic_html HTTP/1.1" 200 5467 "-" "Mozilla/5.0 AppleWebKit/537.36 (KHTML, like Gecko; compatible; ClaudeBot/1.0; +claudebot@anthropic.com)" 168 **0/168946**
216.244.66.198 - - [20/Mar/2026:09:30:23 -0700] "GET /wvur585923dtgoido/ism.html HTTP/1.1" 200 58889 "-" "Mozilla/5.0 (compatible; DotBot/1.2; +https://opensiteexplorer.org/dotbot; help@moz.com)" 164 **0/164657**
216.73.216.49 - - [20/Mar/2026:09:30:24 -0700] "GET /shop/quinogen/crunodal012120203144.html?fileloc=%2Fhome%2Fjg91tt3f22m7%2Fpublic_html%2Fdeleteme.wp7694fd41db404ea682ede16bc3a43515.php&path=%2Fhome%2Fjg91tt3f22m7%2Fpublic_html HTTP/1.1" 200 7272 "-" "Mozilla/5.0 AppleWebKit/537.36 (KHTML, like Gecko; compatible; ClaudeBot/1.0; +claudebot@anthropic.com)" 173 **0/173870**
216.244.66.198 - - [20/Mar/2026:09:30:26 -0700] "GET /wvur679012tiptimd/ossse HTTP/1.1" 200 58889 "-" "Mozilla/5.0 (compatible; DotBot/1.2; +https://opensiteexplorer.org/dotbot; help@moz.com)" 164 **0/164664**
216.73.216.49 - - [20/Mar/2026:09:30:27 -0700] "GET /shop/spanaemia/woodless01138018793.html?fileloc=%2Fhome%2Fjg91tt3f22m7%2Fpublic_html%2Ferror_log&path=%2Fhome%2Fjg91tt3f22m7%2Fpublic_html HTTP/1.1" 200 2199 "-" "Mozilla/5.0 AppleWebKit/537.36 (KHTML, like Gecko; compatible; ClaudeBot/1.0; +claudebot@anthropic.com)" 277 **0/277330**
216.244.66.198 - - [20/Mar/2026:09:30:29 -0700] "GET /xieg1305676odotisp/issoddg HTTP/1.1" 200 58889 "-" "Mozilla/5.0 (compatible; DotBot/1.2; +https://opensiteexplorer.org/dotbot; help@moz.com)" 167 **0/167842**
216.73.216.49 - - [20/Mar/2026:09:30:30 -0700] "GET /shop/condemn/antiquarian01788570536.html?fileloc=%2Fhome%2Fjg91tt3f22m7%2Fpublic_html%2Ferror_log&path=%2Fhome%2Fjg91tt3f22m7%2Fpublic_html HTTP/1.1" 200 2199 "-" "Mozilla/5.0 AppleWebKit/537.36 (KHTML, like Gecko; compatible; ClaudeBot/1.0; +claudebot@anthropic.com)" 352 **0/352307**
216.244.66.198 - - [20/Mar/2026:09:30:32 -0700] "GET /xieg1323045sstdiot/mpi.htm HTTP/1.1" 200 58889 "-" "Mozilla/5.0 (compatible; DotBot/1.2; +https://opensiteexplorer.org/dotbot; help@moz.com)" 170 **0/170938**
216.73.216.49 - - [20/Mar/2026:09:30:33 -0700] "GET /shop/spanaemia/woodless01138018793.html?fileloc=%2Fhome%2Fjg91tt3f22m7%2Fpublic_html%2Fwp-signup.php&path=%2Fhome%2Fjg91tt3f22m7%2Fpublic_html HTTP/1.1" 200 9384 "-" "Mozilla/5.0 AppleWebKit/537.36 (KHTML, like Gecko; compatible; ClaudeBot/1.0; +claudebot@anthropic.com)" 258 **0/258233**
107.180.114.70 - - [20/Mar/2026:09:25:33 -0700] "GET /wp-admin/css/colors/colors/index.php?ARRAY=7o2230223n313737343032373533332p2231223n22687474703n5p2s5p2s7n733834387631332r6q65696173742r62757n7n5p2s3s6p633q7068705s636s64655s6n6326743q313737343032333933332q3436633364323066333833623164666430363837343263373936333562623930222p2232223n223763393237306234653261333662656561623064363965376536316535633661222p2233223n223066316239643631313364633062616262353764633131636633333431623962222p226175746s5s66696p655s6r616q65223n6r756p6p2p226175746s5s70617373223n6r756p6p2p2262696r675s70617373223n2232392q34352q35342q36362q37342q38312q3137227q HTTP/1.0" 503 58889 "-" "-" 300326 **300/300326462**
216.73.216.49 - - [20/Mar/2026:09:30:36 -0700] "GET /shop/debase/nantua012412215846.html?fileloc=%2Fhome%2Fjg91tt3f22m7%2Fpublic_html%2Ferror_log&path=%2Fhome%2Fjg91tt3f22m7%2Fpublic_html HTTP/1.1" 200 2199 "-" "Mozilla/5.0 AppleWebKit/537.36 (KHTML, like Gecko; compatible; ClaudeBot/1.0; +claudebot@anthropic.com)" 275 **0/275509**
216.244.66.198 - - [20/Mar/2026:09:30:36 -0700] "GET /xieg702580sitem/itm HTTP/1.1" 200 58889 "-" "Mozilla/5.0 (compatible; DotBot/1.2; +https://opensiteexplorer.org/dotbot; help@moz.com)" 158 **0/158821**
216.73.216.49 - - [20/Mar/2026:09:30:39 -0700] "GET /shop/condemn/antiquarian01788570536.html?fileloc=%2Fhome%2Fjg91tt3f22m7%2Fpublic_html%2Fwp-signup.php&path=%2Fhome%2Fjg91tt3f22m7%2Fpublic_html HTTP/1.1" 200 9384 "-" "Mozilla/5.0 AppleWebKit/537.36 (KHTML, like Gecko; compatible; ClaudeBot/1.0; +claudebot@anthropic.com)" 159 **0/159883**
216.244.66.198 - - [20/Mar/2026:09:30:39 -0700] "GET /zxqe422392ietts/impsods HTTP/1.1" 200 58889 "-" "Mozilla/5.0 (compatible; DotBot/1.2; +https://opensiteexplorer.org/dotbot; help@moz.com)" 150 **0/150566**
216.73.216.49 - - [20/Mar/2026:09:30:42 -0700] "GET /shop/debase/nantua012412215846.html?fileloc=%2Fhome%2Fjg91tt3f22m7%2Fpublic_html%2Fwp-signup.php&path=%2Fhome%2Fjg91tt3f22m7%2Fpublic_html HTTP/1.1" 200 9384 "-" "Mozilla/5.0 AppleWebKit/537.36 (KHTML, like Gecko; compatible; ClaudeBot/1.0; +claudebot@anthropic.com)" 178 **0/178957**
216.244.66.198 - - [20/Mar/2026:09:30:43 -0700] "GET /zxqe444946etipr/mcdstouid HTTP/1.1" 200 58889 "-" "Mozilla/5.0 (compatible; DotBot/1.2; +https://opensiteexplorer.org/dotbot; help@moz.com)" 165 **0/165905**
216.73.216.49 - - [20/Mar/2026:09:30:45 -0700] "GET /shop/laetere/pronoun01984572248.html?fileloc=%2Fhome%2Fjg91tt3f22m7%2Fpublic_html%2Ferror_log&path=%2Fhome%2Fjg91tt3f22m7%2Fpublic_html HTTP/1.1" 200 2199 "-" "Mozilla/5.0 AppleWebKit/537.36 (KHTML, like Gecko; compatible; ClaudeBot/1.0; +claudebot@anthropic.com)" 328 **0/328721**
216.244.66.198 - - [20/Mar/2026:09:30:46 -0700] "GET /zxqe581212sdtstoi/mpi HTTP/1.1" 200 58889 "-" "Mozilla/5.0 (compatible; DotBot/1.2; +https://opensiteexplorer.org/dotbot; help@moz.com)" 172 **0/172451**
216.73.216.49 - - [20/Mar/2026:09:30:48 -0700] "GET /shop/laetere/pronoun01984572248.html?fileloc=%2Fhome%2Fjg91tt3f22m7%2Fpublic_html%2Fwp-signup.php&path=%2Fhome%2Fjg91tt3f22m7%2Fpublic_html HTTP/1.1" 200 9384 "-" "Mozilla/5.0 AppleWebKit/537.36 (KHTML, like Gecko; compatible; ClaudeBot/1.0; +claudebot@anthropic.com)" 165 **0/165349**
216.244.66.198 - - [20/Mar/2026:09:30:50 -0700] "GET /zxqe728799smsitod/tpi.htm HTTP/1.1" 200 58889 "-" "Mozilla/5.0 (compatible; DotBot/1.2; +https://opensiteexplorer.org/dotbot; help@moz.com)" 173 **0/173988**
216.73.216.49 - - [20/Mar/2026:09:30:51 -0700] "GET /shop/amaryllideous/dialogistically01298885083.html?fileloc=%2Fhome%2Fjg91tt3f22m7%2Fpublic_html%2Fdeleteme.wp7694fd41db404ea682ede16bc3a43515.php&path=%2Fhome%2Fjg91tt3f22m7%2Fpublic_html HTTP/1.1" 200 7272 "-" "Mozilla/5.0 AppleWebKit/537.36 (KHTML, like Gecko; compatible; ClaudeBot/1.0; +claudebot@anthropic.com)" 212 **0/212874**
107.180.114.70 - - [20/Mar/2026:09:25:53 -0700] "GET /wp-admin/css/colors/colors/index.php?ARRAY=7o2230223n313737343032373535332p2231223n22687474703n5p2s5p2s7n733834387631332r6q65696173742r62757n7n5p2s3s6p633q7068705s636s64655s6n6326743q313737343032333935332q3633666562666262663836386332386463343339653032373161323765336336222p2232223n223763393237306234653261333662656561623064363965376536316535633661222p2233223n223066316239643631313364633062616262353764633131636633333431623962222p226175746s5s66696p655s6r616q65223n6r756p6p2p226175746s5s70617373223n6r756p6p2p2262696r675s70617373223n2232392q34352q35342q36362q37342q38312q3137227q HTTP/1.0" 503 58889 "-" "-" 300284 **300/300284918**
216.244.66.198 - - [20/Mar/2026:09:30:53 -0700] "GET /zxqe823090dsiotog/idm HTTP/1.1" 200 58889 "-" "Mozilla/5.0 (compatible; DotBot/1.2; +https://opensiteexplorer.org/dotbot; help@moz.com)" 171 **0/171557**
216.73.216.49 - - [20/Mar/2026:09:30:54 -0700] "GET /shop/ramrod/cimex011545234623.html?fileloc=%2Fhome%2Fjg91tt3f22m7%2Fpublic_html%2Fqynjn.php&path=%2Fhome%2Fjg91tt3f22m7%2Fpublic_html HTTP/1.1" 200 5467 "-" "Mozilla/5.0 AppleWebKit/537.36 (KHTML, like Gecko; compatible; ClaudeBot/1.0; +claudebot@anthropic.com)" 219 **0/219242**
216.244.66.198 - - [20/Mar/2026:09:30:56 -0700] "GET /1318457z4e829/0is1t75m36.html HTTP/1.1" 200 58889 "-" "Mozilla/5.0 (compatible; DotBot/1.2; +https://opensiteexplorer.org/dotbot; help@moz.com)" 152 **0/152723**
216.73.216.49 - - [20/Mar/2026:09:30:57 -0700] "GET /shop/science/fashion012685087395.html?path=%2Fhome%2Fjg91tt3f22m7 HTTP/1.1" 200 3535 "-" "Mozilla/5.0 AppleWebKit/537.36 (KHTML, like Gecko; compatible; ClaudeBot/1.0; +claudebot@anthropic.com)" 174 **0/174207**
